{"id":10014,"date":"2022-06-28T14:48:26","date_gmt":"2022-06-28T13:48:26","guid":{"rendered":"https:\/\/meeplendice.net\/?page_id=10014"},"modified":"2022-07-18T12:11:03","modified_gmt":"2022-07-18T11:11:03","slug":"pantacle-2","status":"publish","type":"page","link":"https:\/\/meeplendice.net\/?page_id=10014","title":{"rendered":"Pantacle"},"content":{"rendered":"<div id=\"pl-10014\"  class=\"panel-layout\" ><div id=\"pg-10014-0\"  class=\"panel-grid panel-no-style\" ><div id=\"pgc-10014-0-0\"  class=\"panel-grid-cell\" ><div id=\"panel-10014-0-0-0\" class=\"so-panel widget widget_sow-editor panel-first-child panel-last-child\" data-index=\"0\" ><div\n\t\t\t\n\t\t\tclass=\"so-widget-sow-editor so-widget-sow-editor-base\"\n\t\t\t\n\t\t>\n<div class=\"siteorigin-widget-tinymce textwidget\">\n\t<p style=\"text-align: center;\"><strong>Nombre de joueurs :<\/strong><br \/>\n3 - 5<\/p>\n<\/div>\n<\/div><\/div><\/div><div id=\"pgc-10014-0-1\"  class=\"panel-grid-cell\" ><div id=\"panel-10014-0-1-0\" class=\"so-panel widget widget_sow-editor panel-first-child panel-last-child\" data-index=\"1\" ><div\n\t\t\t\n\t\t\tclass=\"so-widget-sow-editor so-widget-sow-editor-base\"\n\t\t\t\n\t\t>\n<div class=\"siteorigin-widget-tinymce textwidget\">\n\t<p style=\"text-align: center;\"><strong>Dur\u00e9e moyenne :<\/strong><br \/>\n45 min<\/p>\n<\/div>\n<\/div><\/div><\/div><div id=\"pgc-10014-0-2\"  class=\"panel-grid-cell\" ><div id=\"panel-10014-0-2-0\" class=\"so-panel widget widget_sow-editor panel-first-child panel-last-child\" data-index=\"2\" ><div\n\t\t\t\n\t\t\tclass=\"so-widget-sow-editor so-widget-sow-editor-base\"\n\t\t\t\n\t\t>\n<div class=\"siteorigin-widget-tinymce textwidget\">\n\t<p style=\"text-align: center;\"><strong>Age :<\/strong><br \/>\n14 ans et plus<\/p>\n<\/div>\n<\/div><\/div><\/div><\/div><div id=\"pg-10014-1\"  class=\"panel-grid panel-no-style\" ><div id=\"pgc-10014-1-0\"  class=\"panel-grid-cell\" ><div id=\"panel-10014-1-0-0\" class=\"so-panel widget widget_sow-editor panel-first-child panel-last-child\" data-index=\"3\" ><div\n\t\t\t\n\t\t\tclass=\"so-widget-sow-editor so-widget-sow-editor-base\"\n\t\t\t\n\t\t>\n<div class=\"siteorigin-widget-tinymce textwidget\">\n\t<p style=\"text-align: center;\"><strong>Auteur(s) :<br \/>\n<\/strong>Yohan Callet<br \/>\nYann Grizonnet<br \/>\nDavid Paput<\/p>\n<\/div>\n<\/div><\/div><\/div><div id=\"pgc-10014-1-1\"  class=\"panel-grid-cell\" ><div id=\"panel-10014-1-1-0\" class=\"so-panel widget widget_sow-editor panel-first-child panel-last-child\" data-index=\"4\" ><div\n\t\t\t\n\t\t\tclass=\"so-widget-sow-editor so-widget-sow-editor-base\"\n\t\t\t\n\t\t>\n<div class=\"siteorigin-widget-tinymce textwidget\">\n\t<p style=\"text-align: center;\"><strong>Illustrations :<\/strong><br \/>\n<span class=\"data-siloing\" title=\"D\u00e9couvrez tous ces jeux\" data-siloing=\"https:\/\/www.philibertnet.com\/fr\/recherche?feature=41&amp;feature_value=F\u00f8rtifem\">F\u00f8rtifem<\/span><\/p>\n<\/div>\n<\/div><\/div><\/div><div id=\"pgc-10014-1-2\"  class=\"panel-grid-cell\" ><div id=\"panel-10014-1-2-0\" class=\"so-panel widget widget_sow-editor panel-first-child panel-last-child\" data-index=\"5\" ><div\n\t\t\t\n\t\t\tclass=\"so-widget-sow-editor so-widget-sow-editor-base\"\n\t\t\t\n\t\t>\n<div class=\"siteorigin-widget-tinymce textwidget\">\n\t<p style=\"text-align: center;\"><strong>\u00c9dition :<\/strong><br \/>\nBragelonne<br \/>\n2021<\/p>\n<\/div>\n<\/div><\/div><\/div><div id=\"pgc-10014-1-3\"  class=\"panel-grid-cell\" ><div id=\"panel-10014-1-3-0\" class=\"so-panel widget widget_sow-editor panel-first-child panel-last-child\" data-index=\"6\" ><div\n\t\t\t\n\t\t\tclass=\"so-widget-sow-editor so-widget-sow-editor-base\"\n\t\t\t\n\t\t>\n<div class=\"siteorigin-widget-tinymce textwidget\">\n\t<p style=\"text-align: center;\"><strong>Version :<\/strong><br \/>\nFran\u00e7aise<\/p>\n<\/div>\n<\/div><\/div><\/div><\/div><div id=\"pg-10014-2\"  class=\"panel-grid panel-no-style\" ><div id=\"pgc-10014-2-0\"  class=\"panel-grid-cell\" ><div id=\"panel-10014-2-0-0\" class=\"so-panel widget widget_sow-editor panel-first-child panel-last-child\" data-index=\"7\" ><div\n\t\t\t\n\t\t\tclass=\"so-widget-sow-editor so-widget-sow-editor-base\"\n\t\t\t\n\t\t>\n<div class=\"siteorigin-widget-tinymce textwidget\">\n\t<hr \/>\n<p><em>\"Les temps sont venus. Les astres sont align\u00e9s. D'anciennes mal\u00e9dictions surgissent du pass\u00e9.\" - Ainsi parla l'Oracle.<\/em><\/p>\n<p><em>Tous les sorciers ont r\u00e9uni leurs adeptes afin de pr\u00e9parer le rituel devant permettre au Pantacle de d\u00e9livrer son secret. Tous sollicitent les gardiens des lieux depuis la nuit des temps. Tous esp\u00e8rent que ces derniers les serviront eux plut\u00f4t que leurs rivaux.<\/em><br \/>\n<em>Saurez-vous plier les gardiens \u00e0 votre volont\u00e9 et \u00eatre le premier \u00e0 contr\u00f4ler le Pantacle ?<\/em><\/p>\n<p>Dans <em>Pantacle<\/em>, vous aller devoir g\u00e9rez vos ressources : renoncez \u00e0 vos pouvoirs ou sacrifiez vos adeptes pour ajouter 1 des 5 \u00e9l\u00e9ment du rituel sur le Pantacle. Sollicitez les gardiens du Pantacle pour parvenir \u00e0 vos fins. Consultez vos adversaires afin de v\u00e9rifier qu\u2019ils ne vous prennent pas de vitesse. Mais surtout, \u00eatre le premier \u00e0 allumer les 5 feux du Pantacle.<\/p>\n<\/div>\n<\/div><\/div><\/div><\/div><div id=\"pg-10014-3\"  class=\"panel-grid panel-no-style\" ><div id=\"pgc-10014-3-0\"  class=\"panel-grid-cell\" ><div id=\"panel-10014-3-0-0\" class=\"so-panel widget widget_sow-editor panel-first-child panel-last-child\" data-index=\"8\" ><div\n\t\t\t\n\t\t\tclass=\"so-widget-sow-editor so-widget-sow-editor-base\"\n\t\t\t\n\t\t>\n<div class=\"siteorigin-widget-tinymce textwidget\">\n\t<hr \/>\n<h3 style=\"text-align: center;\">En vid\u00e9o<\/h3>\n<\/div>\n<\/div><\/div><\/div><\/div><div id=\"pg-10014-4\"  class=\"panel-grid panel-no-style\" ><div id=\"pgc-10014-4-0\"  class=\"panel-grid-cell\" ><div id=\"panel-10014-4-0-0\" class=\"so-panel widget widget_sow-editor panel-first-child panel-last-child\" data-index=\"9\" ><div\n\t\t\t\n\t\t\tclass=\"so-widget-sow-editor so-widget-sow-editor-base\"\n\t\t\t\n\t\t>\n<div class=\"siteorigin-widget-tinymce textwidget\">\n\t<hr \/>\n<h3 style=\"text-align: center;\">Pour aller plus loin<\/h3>\n<\/div>\n<\/div><\/div><\/div><\/div><\/div>","protected":false},"excerpt":{"rendered":"<p>Nombre de joueurs : 3 &#8211; 5 Dur\u00e9e moyenne : 45 min Age : 14 ans et plus Auteur(s) : Yohan Callet Yann Grizonnet David Paput Illustrations : F\u00f8rtifem \u00c9dition : Bragelonne 2021 Version : Fran\u00e7aise<\/p>\n","protected":false},"author":2,"featured_media":9745,"parent":0,"menu_order":0,"comment_status":"closed","ping_status":"closed","template":"","meta":{"footnotes":""},"class_list":["post-10014","page","type-page","status-publish","has-post-thumbnail","hentry"],"acf":[],"rttpg_featured_image_url":{"full":["https:\/\/meeplendice.net\/wp-content\/uploads\/2022\/05\/Pantacle.png",350,350,false],"landscape":["https:\/\/meeplendice.net\/wp-content\/uploads\/2022\/05\/Pantacle.png",350,350,false],"portraits":["https:\/\/meeplendice.net\/wp-content\/uploads\/2022\/05\/Pantacle.png",350,350,false],"thumbnail":["https:\/\/meeplendice.net\/wp-content\/uploads\/2022\/05\/Pantacle-150x150.png",150,150,true],"medium":["https:\/\/meeplendice.net\/wp-content\/uploads\/2022\/05\/Pantacle-300x300.png",300,300,true],"large":["https:\/\/meeplendice.net\/wp-content\/uploads\/2022\/05\/Pantacle.png",350,350,false],"ug_big":["https:\/\/meeplendice.net\/wp-content\/uploads\/2022\/05\/Pantacle.png",350,350,false],"1536x1536":["https:\/\/meeplendice.net\/wp-content\/uploads\/2022\/05\/Pantacle.png",350,350,false],"2048x2048":["https:\/\/meeplendice.net\/wp-content\/uploads\/2022\/05\/Pantacle.png",350,350,false],"ashe-slider-grid-thumbnail":["https:\/\/meeplendice.net\/wp-content\/uploads\/2022\/05\/Pantacle.png",350,350,false],"ashe-full-thumbnail":["https:\/\/meeplendice.net\/wp-content\/uploads\/2022\/05\/Pantacle.png",350,350,false],"ashe-grid-thumbnail":["https:\/\/meeplendice.net\/wp-content\/uploads\/2022\/05\/Pantacle-350x330.png",350,330,true],"ashe-list-thumbnail":["https:\/\/meeplendice.net\/wp-content\/uploads\/2022\/05\/Pantacle-300x300.png",300,300,true],"ashe-single-navigation":["https:\/\/meeplendice.net\/wp-content\/uploads\/2022\/05\/Pantacle-75x75.png",75,75,true],"mailpoet_newsletter_max":["https:\/\/meeplendice.net\/wp-content\/uploads\/2022\/05\/Pantacle.png",350,350,false],"rpwe-thumbnail":["https:\/\/meeplendice.net\/wp-content\/uploads\/2022\/05\/Pantacle-45x45.png",45,45,true],"sow-carousel-default":["https:\/\/meeplendice.net\/wp-content\/uploads\/2022\/05\/Pantacle-272x182.png",272,182,true],"rt_custom":["https:\/\/meeplendice.net\/wp-content\/uploads\/2022\/05\/Pantacle.png",350,350,false]},"rttpg_author":{"display_name":"Karnby","author_link":"https:\/\/meeplendice.net\/?author=2"},"rttpg_comment":0,"rttpg_category":null,"rttpg_excerpt":"Nombre de joueurs : 3 - 5 Dur\u00e9e moyenne : 45 min Age : 14 ans et plus Auteur(s) : Yohan Callet Yann Grizonnet David Paput Illustrations : F\u00f8rtifem \u00c9dition : Bragelonne 2021 Version : Fran\u00e7aise","_links":{"self":[{"href":"https:\/\/meeplendice.net\/index.php?rest_route=\/wp\/v2\/pages\/10014","targetHints":{"allow":["GET"]}}],"collection":[{"href":"https:\/\/meeplendice.net\/index.php?rest_route=\/wp\/v2\/pages"}],"about":[{"href":"https:\/\/meeplendice.net\/index.php?rest_route=\/wp\/v2\/types\/page"}],"author":[{"embeddable":true,"href":"https:\/\/meeplendice.net\/index.php?rest_route=\/wp\/v2\/users\/2"}],"replies":[{"embeddable":true,"href":"https:\/\/meeplendice.net\/index.php?rest_route=%2Fwp%2Fv2%2Fcomments&post=10014"}],"version-history":[{"count":6,"href":"https:\/\/meeplendice.net\/index.php?rest_route=\/wp\/v2\/pages\/10014\/revisions"}],"predecessor-version":[{"id":10105,"href":"https:\/\/meeplendice.net\/index.php?rest_route=\/wp\/v2\/pages\/10014\/revisions\/10105"}],"wp:featuredmedia":[{"embeddable":true,"href":"https:\/\/meeplendice.net\/index.php?rest_route=\/wp\/v2\/media\/9745"}],"wp:attachment":[{"href":"https:\/\/meeplendice.net\/index.php?rest_route=%2Fwp%2Fv2%2Fmedia&parent=10014"}],"curies":[{"name":"wp","href":"https:\/\/api.w.org\/{rel}","templated":true}]}}