{"id":10037,"date":"2022-07-03T19:51:01","date_gmt":"2022-07-03T18:51:01","guid":{"rendered":"https:\/\/meeplendice.net\/?page_id=10037"},"modified":"2022-07-03T19:58:45","modified_gmt":"2022-07-03T18:58:45","slug":"oriflamme-alliance","status":"publish","type":"page","link":"https:\/\/meeplendice.net\/?page_id=10037","title":{"rendered":"Oriflamme &#8211; Alliance"},"content":{"rendered":"<div id=\"pl-10037\"  class=\"panel-layout\" ><div id=\"pg-10037-0\"  class=\"panel-grid panel-no-style\" ><div id=\"pgc-10037-0-0\"  class=\"panel-grid-cell\" ><div id=\"panel-10037-0-0-0\" class=\"so-panel widget widget_sow-editor panel-first-child panel-last-child\" data-index=\"0\" ><div\n\t\t\t\n\t\t\tclass=\"so-widget-sow-editor so-widget-sow-editor-base\"\n\t\t\t\n\t\t>\n<div class=\"siteorigin-widget-tinymce textwidget\">\n\t<p style=\"text-align: center;\"><strong>Nombre de joueurs :<\/strong><br \/>\n3 - 5<\/p>\n<\/div>\n<\/div><\/div><\/div><div id=\"pgc-10037-0-1\"  class=\"panel-grid-cell\" ><div id=\"panel-10037-0-1-0\" class=\"so-panel widget widget_sow-editor panel-first-child panel-last-child\" data-index=\"1\" ><div\n\t\t\t\n\t\t\tclass=\"so-widget-sow-editor so-widget-sow-editor-base\"\n\t\t\t\n\t\t>\n<div class=\"siteorigin-widget-tinymce textwidget\">\n\t<p style=\"text-align: center;\"><strong>Dur\u00e9e moyenne :<\/strong><br \/>\n20 min<\/p>\n<\/div>\n<\/div><\/div><\/div><div id=\"pgc-10037-0-2\"  class=\"panel-grid-cell\" ><div id=\"panel-10037-0-2-0\" class=\"so-panel widget widget_sow-editor panel-first-child panel-last-child\" data-index=\"2\" ><div\n\t\t\t\n\t\t\tclass=\"so-widget-sow-editor so-widget-sow-editor-base\"\n\t\t\t\n\t\t>\n<div class=\"siteorigin-widget-tinymce textwidget\">\n\t<p style=\"text-align: center;\"><strong>Age :<\/strong><br \/>\n10 ans et plus<\/p>\n<\/div>\n<\/div><\/div><\/div><\/div><div id=\"pg-10037-1\"  class=\"panel-grid panel-no-style\" ><div id=\"pgc-10037-1-0\"  class=\"panel-grid-cell\" ><div id=\"panel-10037-1-0-0\" class=\"so-panel widget widget_sow-editor panel-first-child panel-last-child\" data-index=\"3\" ><div\n\t\t\t\n\t\t\tclass=\"so-widget-sow-editor so-widget-sow-editor-base\"\n\t\t\t\n\t\t>\n<div class=\"siteorigin-widget-tinymce textwidget\">\n\t<p style=\"text-align: center;\"><strong>Auteur(s) :<br \/>\n<\/strong>Adrien Hesling<br \/>\nAxel Hesling<\/p>\n<\/div>\n<\/div><\/div><\/div><div id=\"pgc-10037-1-1\"  class=\"panel-grid-cell\" ><div id=\"panel-10037-1-1-0\" class=\"so-panel widget widget_sow-editor panel-first-child panel-last-child\" data-index=\"4\" ><div\n\t\t\t\n\t\t\tclass=\"so-widget-sow-editor so-widget-sow-editor-base\"\n\t\t\t\n\t\t>\n<div class=\"siteorigin-widget-tinymce textwidget\">\n\t<p style=\"text-align: center;\"><strong>Illustrations :<\/strong><br \/>\nTomasz Jedruszek<\/p>\n<\/div>\n<\/div><\/div><\/div><div id=\"pgc-10037-1-2\"  class=\"panel-grid-cell\" ><div id=\"panel-10037-1-2-0\" class=\"so-panel widget widget_sow-editor panel-first-child panel-last-child\" data-index=\"5\" ><div\n\t\t\t\n\t\t\tclass=\"so-widget-sow-editor so-widget-sow-editor-base\"\n\t\t\t\n\t\t>\n<div class=\"siteorigin-widget-tinymce textwidget\">\n\t<p style=\"text-align: center;\"><strong>\u00c9dition :<\/strong><br \/>\nStudio H<br \/>\n2021<\/p>\n<\/div>\n<\/div><\/div><\/div><div id=\"pgc-10037-1-3\"  class=\"panel-grid-cell\" ><div id=\"panel-10037-1-3-0\" class=\"so-panel widget widget_sow-editor panel-first-child panel-last-child\" data-index=\"6\" ><div\n\t\t\t\n\t\t\tclass=\"so-widget-sow-editor so-widget-sow-editor-base\"\n\t\t\t\n\t\t>\n<div class=\"siteorigin-widget-tinymce textwidget\">\n\t<p style=\"text-align: center;\"><strong>Version :<\/strong><br \/>\nFran\u00e7aise<\/p>\n<\/div>\n<\/div><\/div><\/div><\/div><div id=\"pg-10037-2\"  class=\"panel-grid panel-no-style\" ><div id=\"pgc-10037-2-0\"  class=\"panel-grid-cell\" ><div id=\"panel-10037-2-0-0\" class=\"so-panel widget widget_sow-editor panel-first-child panel-last-child\" data-index=\"7\" ><div\n\t\t\t\n\t\t\tclass=\"so-widget-sow-editor so-widget-sow-editor-base\"\n\t\t\t\n\t\t>\n<div class=\"siteorigin-widget-tinymce textwidget\">\n\t<hr \/>\n<p>Profitant d'une fragile tr\u00eave, les familles r\u00e9gnantes consolident leur pouvoir par des alliances politiques subtiles. Sous le masque de la diplomatie, nul ne doute que le feu de l'ambition br\u00fble toujours ni que la violence resurgira \u00e0 la premier trahison...<\/p>\n<p>Alors que les flammes de la guerre menacent de consumer le royaume, plus rien d\u00e9sormais n'arr\u00eatera votre famille dans sa course vers le tr\u00f4ne...<\/p>\n<p>Jouez vos cartes pour pr\u00e9parer vos coups bas<br \/>\nProt\u00e9gez vos int\u00e9r\u00eats ou pr\u00e9parez des actions en cascade.<br \/>\nR\u00e9v\u00e9lez vos agissements au meilleur moment.<br \/>\nEt accumulez assez d'influence pour occupe le tr\u00f4ne !<\/p>\n<\/div>\n<\/div><\/div><\/div><\/div><div id=\"pg-10037-3\"  class=\"panel-grid panel-no-style\" ><div id=\"pgc-10037-3-0\"  class=\"panel-grid-cell\" ><div id=\"panel-10037-3-0-0\" class=\"so-panel widget widget_sow-editor panel-first-child panel-last-child\" data-index=\"8\" ><div\n\t\t\t\n\t\t\tclass=\"so-widget-sow-editor so-widget-sow-editor-base\"\n\t\t\t\n\t\t>\n<div class=\"siteorigin-widget-tinymce textwidget\">\n\t<hr \/>\n<h3 style=\"text-align: center;\">En vid\u00e9o<\/h3>\n<\/div>\n<\/div><\/div><\/div><\/div><div id=\"pg-10037-4\"  class=\"panel-grid panel-no-style\" ><div id=\"pgc-10037-4-0\"  class=\"panel-grid-cell\" ><div id=\"panel-10037-4-0-0\" class=\"so-panel widget widget_sow-editor panel-first-child panel-last-child\" data-index=\"9\" ><div\n\t\t\t\n\t\t\tclass=\"so-widget-sow-editor so-widget-sow-editor-base\"\n\t\t\t\n\t\t>\n<div class=\"siteorigin-widget-tinymce textwidget\">\n\t<hr \/>\n<h3 style=\"text-align: center;\">Pour aller plus loin<\/h3>\n<\/div>\n<\/div><\/div><\/div><\/div><\/div>","protected":false},"excerpt":{"rendered":"<p>Nombre de joueurs : 3 &#8211; 5 Dur\u00e9e moyenne : 20 min Age : 10 ans et plus Auteur(s) : Adrien Hesling Axel Hesling Illustrations : Tomasz Jedruszek \u00c9dition : Studio H 2021 Version : Fran\u00e7aise<\/p>\n","protected":false},"author":2,"featured_media":9753,"parent":0,"menu_order":0,"comment_status":"closed","ping_status":"closed","template":"","meta":{"footnotes":""},"class_list":["post-10037","page","type-page","status-publish","has-post-thumbnail","hentry"],"acf":[],"rttpg_featured_image_url":{"full":["https:\/\/meeplendice.net\/wp-content\/uploads\/2022\/05\/Oriflamme_Alliance.png",350,350,false],"landscape":["https:\/\/meeplendice.net\/wp-content\/uploads\/2022\/05\/Oriflamme_Alliance.png",350,350,false],"portraits":["https:\/\/meeplendice.net\/wp-content\/uploads\/2022\/05\/Oriflamme_Alliance.png",350,350,false],"thumbnail":["https:\/\/meeplendice.net\/wp-content\/uploads\/2022\/05\/Oriflamme_Alliance-150x150.png",150,150,true],"medium":["https:\/\/meeplendice.net\/wp-content\/uploads\/2022\/05\/Oriflamme_Alliance-300x300.png",300,300,true],"large":["https:\/\/meeplendice.net\/wp-content\/uploads\/2022\/05\/Oriflamme_Alliance.png",350,350,false],"ug_big":["https:\/\/meeplendice.net\/wp-content\/uploads\/2022\/05\/Oriflamme_Alliance.png",350,350,false],"1536x1536":["https:\/\/meeplendice.net\/wp-content\/uploads\/2022\/05\/Oriflamme_Alliance.png",350,350,false],"2048x2048":["https:\/\/meeplendice.net\/wp-content\/uploads\/2022\/05\/Oriflamme_Alliance.png",350,350,false],"ashe-slider-grid-thumbnail":["https:\/\/meeplendice.net\/wp-content\/uploads\/2022\/05\/Oriflamme_Alliance.png",350,350,false],"ashe-full-thumbnail":["https:\/\/meeplendice.net\/wp-content\/uploads\/2022\/05\/Oriflamme_Alliance.png",350,350,false],"ashe-grid-thumbnail":["https:\/\/meeplendice.net\/wp-content\/uploads\/2022\/05\/Oriflamme_Alliance-350x330.png",350,330,true],"ashe-list-thumbnail":["https:\/\/meeplendice.net\/wp-content\/uploads\/2022\/05\/Oriflamme_Alliance-300x300.png",300,300,true],"ashe-single-navigation":["https:\/\/meeplendice.net\/wp-content\/uploads\/2022\/05\/Oriflamme_Alliance-75x75.png",75,75,true],"mailpoet_newsletter_max":["https:\/\/meeplendice.net\/wp-content\/uploads\/2022\/05\/Oriflamme_Alliance.png",350,350,false],"rpwe-thumbnail":["https:\/\/meeplendice.net\/wp-content\/uploads\/2022\/05\/Oriflamme_Alliance-45x45.png",45,45,true],"sow-carousel-default":["https:\/\/meeplendice.net\/wp-content\/uploads\/2022\/05\/Oriflamme_Alliance-272x182.png",272,182,true],"rt_custom":["https:\/\/meeplendice.net\/wp-content\/uploads\/2022\/05\/Oriflamme_Alliance.png",350,350,false]},"rttpg_author":{"display_name":"Karnby","author_link":"https:\/\/meeplendice.net\/?author=2"},"rttpg_comment":0,"rttpg_category":null,"rttpg_excerpt":"Nombre de joueurs : 3 - 5 Dur\u00e9e moyenne : 20 min Age : 10 ans et plus Auteur(s) : Adrien Hesling Axel Hesling Illustrations : Tomasz Jedruszek \u00c9dition : Studio H 2021 Version : Fran\u00e7aise","_links":{"self":[{"href":"https:\/\/meeplendice.net\/index.php?rest_route=\/wp\/v2\/pages\/10037","targetHints":{"allow":["GET"]}}],"collection":[{"href":"https:\/\/meeplendice.net\/index.php?rest_route=\/wp\/v2\/pages"}],"about":[{"href":"https:\/\/meeplendice.net\/index.php?rest_route=\/wp\/v2\/types\/page"}],"author":[{"embeddable":true,"href":"https:\/\/meeplendice.net\/index.php?rest_route=\/wp\/v2\/users\/2"}],"replies":[{"embeddable":true,"href":"https:\/\/meeplendice.net\/index.php?rest_route=%2Fwp%2Fv2%2Fcomments&post=10037"}],"version-history":[{"count":7,"href":"https:\/\/meeplendice.net\/index.php?rest_route=\/wp\/v2\/pages\/10037\/revisions"}],"predecessor-version":[{"id":10048,"href":"https:\/\/meeplendice.net\/index.php?rest_route=\/wp\/v2\/pages\/10037\/revisions\/10048"}],"wp:featuredmedia":[{"embeddable":true,"href":"https:\/\/meeplendice.net\/index.php?rest_route=\/wp\/v2\/media\/9753"}],"wp:attachment":[{"href":"https:\/\/meeplendice.net\/index.php?rest_route=%2Fwp%2Fv2%2Fmedia&parent=10037"}],"curies":[{"name":"wp","href":"https:\/\/api.w.org\/{rel}","templated":true}]}}