{"id":10192,"date":"2022-07-29T14:18:22","date_gmt":"2022-07-29T13:18:22","guid":{"rendered":"https:\/\/meeplendice.net\/?page_id=10192"},"modified":"2022-07-29T14:18:22","modified_gmt":"2022-07-29T13:18:22","slug":"affaires-en-suspens","status":"publish","type":"page","link":"https:\/\/meeplendice.net\/?page_id=10192","title":{"rendered":"Affaires en suspens"},"content":{"rendered":"<p><em>\u00ab\u00a0Ce n&rsquo;est que du business. D\u00e8s que j&rsquo;aurai mes cr\u00e9dits, nous redeviendrons amis\u00a0\u00bb &#8211; Hondo Ohnaka<\/em><\/p>\n<p><em>Vous avez d\u00e9sormais votre petite r\u00e9putation dans la Bordure Ext\u00e9rieure, mais il reste des Affaires en Suspens \u00e0 terminer. Les hypervoies des Mondes du Noyau promettent d&rsquo;exceptionnelles opportunit\u00e9s. De nouvelles marchandises pr\u00e9cieuses inondent le march\u00e9.. Votre entreprise devrait pouvoir continuer \u00e0 fructifier, mais surveillez vos arri\u00e8res, les criminels recherch\u00e9s sont plus souvent r\u00e9clam\u00e9s \u00ab\u00a0mort\u00a0\u00bb que \u00ab\u00a0vifs\u00a0\u00bb, et vos rivaux ont probablement des raisons de vouloir se d\u00e9barrasser de vous !<\/em><\/p>\n<p>Cette extension de <em>Star Wars : Bordure Ext\u00e9rieure<\/em> contient de nouveaux \u00e9l\u00e9ments de jeu : personnages, vaisseaux, \u00e9quipement, primes, missions, rencontres, d\u00e9s etc.<br \/>\nVous y trouverez \u00e9galement 2 nouvelles extr\u00e9mit\u00e9s de plateau qui vous permettront de traverser la galaxie en passant par les Mondes du Noyau. Enclenchez vos hyperpropulseurs&#8230; les affaires reprennent !<\/p>\n","protected":false},"excerpt":{"rendered":"<p>\u00ab\u00a0Ce n&rsquo;est que du business. D\u00e8s que j&rsquo;aurai mes cr\u00e9dits, nous redeviendrons amis\u00a0\u00bb &#8211; Hondo Ohnaka Vous avez d\u00e9sormais votre petite r\u00e9putation dans la Bordure Ext\u00e9rieure, mais il reste des Affaires en Suspens \u00e0 terminer. Les hypervoies des Mondes du Noyau promettent d&rsquo;exceptionnelles opportunit\u00e9s. De nouvelles marchandises pr\u00e9cieuses inondent le march\u00e9.. Votre entreprise devrait pouvoir continuer \u00e0 fructifier, mais surveillez vos arri\u00e8res, les criminels recherch\u00e9s sont plus souvent r\u00e9clam\u00e9s \u00ab\u00a0mort\u00a0\u00bb que \u00ab\u00a0vifs\u00a0\u00bb, et vos rivaux ont probablement des raisons de vouloir se d\u00e9barrasser de vous ! Cette extension de Star Wars : Bordure Ext\u00e9rieure contient de nouveaux \u00e9l\u00e9ments de jeu : personnages, vaisseaux, \u00e9quipement, primes, missions, rencontres, d\u00e9s etc. Vous y trouverez \u00e9galement 2 nouvelles extr\u00e9mit\u00e9s de plateau qui vous permettront de traverser la galaxie en passant par les Mondes du Noyau. Enclenchez vos hyperpropulseurs&#8230; les affaires reprennent !<\/p>\n","protected":false},"author":2,"featured_media":10120,"parent":0,"menu_order":0,"comment_status":"closed","ping_status":"closed","template":"","meta":{"footnotes":""},"class_list":["post-10192","page","type-page","status-publish","has-post-thumbnail","hentry"],"acf":[],"rttpg_featured_image_url":{"full":["https:\/\/meeplendice.net\/wp-content\/uploads\/2022\/07\/SWBE_Affaires.png",350,350,false],"landscape":["https:\/\/meeplendice.net\/wp-content\/uploads\/2022\/07\/SWBE_Affaires.png",350,350,false],"portraits":["https:\/\/meeplendice.net\/wp-content\/uploads\/2022\/07\/SWBE_Affaires.png",350,350,false],"thumbnail":["https:\/\/meeplendice.net\/wp-content\/uploads\/2022\/07\/SWBE_Affaires-150x150.png",150,150,true],"medium":["https:\/\/meeplendice.net\/wp-content\/uploads\/2022\/07\/SWBE_Affaires-300x300.png",300,300,true],"large":["https:\/\/meeplendice.net\/wp-content\/uploads\/2022\/07\/SWBE_Affaires.png",350,350,false],"ug_big":["https:\/\/meeplendice.net\/wp-content\/uploads\/2022\/07\/SWBE_Affaires.png",350,350,false],"1536x1536":["https:\/\/meeplendice.net\/wp-content\/uploads\/2022\/07\/SWBE_Affaires.png",350,350,false],"2048x2048":["https:\/\/meeplendice.net\/wp-content\/uploads\/2022\/07\/SWBE_Affaires.png",350,350,false],"ashe-slider-grid-thumbnail":["https:\/\/meeplendice.net\/wp-content\/uploads\/2022\/07\/SWBE_Affaires.png",350,350,false],"ashe-full-thumbnail":["https:\/\/meeplendice.net\/wp-content\/uploads\/2022\/07\/SWBE_Affaires.png",350,350,false],"ashe-grid-thumbnail":["https:\/\/meeplendice.net\/wp-content\/uploads\/2022\/07\/SWBE_Affaires-350x330.png",350,330,true],"ashe-list-thumbnail":["https:\/\/meeplendice.net\/wp-content\/uploads\/2022\/07\/SWBE_Affaires-300x300.png",300,300,true],"ashe-single-navigation":["https:\/\/meeplendice.net\/wp-content\/uploads\/2022\/07\/SWBE_Affaires-75x75.png",75,75,true],"mailpoet_newsletter_max":["https:\/\/meeplendice.net\/wp-content\/uploads\/2022\/07\/SWBE_Affaires.png",350,350,false],"rpwe-thumbnail":["https:\/\/meeplendice.net\/wp-content\/uploads\/2022\/07\/SWBE_Affaires-45x45.png",45,45,true],"sow-carousel-default":["https:\/\/meeplendice.net\/wp-content\/uploads\/2022\/07\/SWBE_Affaires-272x182.png",272,182,true],"rt_custom":["https:\/\/meeplendice.net\/wp-content\/uploads\/2022\/07\/SWBE_Affaires.png",350,350,false]},"rttpg_author":{"display_name":"Karnby","author_link":"https:\/\/meeplendice.net\/?author=2"},"rttpg_comment":0,"rttpg_category":null,"rttpg_excerpt":"\u00ab\u00a0Ce n&rsquo;est que du business. D\u00e8s que j&rsquo;aurai mes cr\u00e9dits, nous redeviendrons amis\u00a0\u00bb &#8211; Hondo Ohnaka Vous avez d\u00e9sormais votre petite r\u00e9putation dans la Bordure Ext\u00e9rieure, mais il reste des Affaires en Suspens \u00e0 terminer. Les hypervoies des Mondes du Noyau promettent d&rsquo;exceptionnelles opportunit\u00e9s. De nouvelles marchandises pr\u00e9cieuses inondent le march\u00e9.. Votre entreprise devrait pouvoir\u2026","_links":{"self":[{"href":"https:\/\/meeplendice.net\/index.php?rest_route=\/wp\/v2\/pages\/10192","targetHints":{"allow":["GET"]}}],"collection":[{"href":"https:\/\/meeplendice.net\/index.php?rest_route=\/wp\/v2\/pages"}],"about":[{"href":"https:\/\/meeplendice.net\/index.php?rest_route=\/wp\/v2\/types\/page"}],"author":[{"embeddable":true,"href":"https:\/\/meeplendice.net\/index.php?rest_route=\/wp\/v2\/users\/2"}],"replies":[{"embeddable":true,"href":"https:\/\/meeplendice.net\/index.php?rest_route=%2Fwp%2Fv2%2Fcomments&post=10192"}],"version-history":[{"count":1,"href":"https:\/\/meeplendice.net\/index.php?rest_route=\/wp\/v2\/pages\/10192\/revisions"}],"predecessor-version":[{"id":10193,"href":"https:\/\/meeplendice.net\/index.php?rest_route=\/wp\/v2\/pages\/10192\/revisions\/10193"}],"wp:featuredmedia":[{"embeddable":true,"href":"https:\/\/meeplendice.net\/index.php?rest_route=\/wp\/v2\/media\/10120"}],"wp:attachment":[{"href":"https:\/\/meeplendice.net\/index.php?rest_route=%2Fwp%2Fv2%2Fmedia&parent=10192"}],"curies":[{"name":"wp","href":"https:\/\/api.w.org\/{rel}","templated":true}]}}