{"id":10214,"date":"2022-07-29T15:14:20","date_gmt":"2022-07-29T14:14:20","guid":{"rendered":"https:\/\/meeplendice.net\/?page_id=10214"},"modified":"2022-07-29T15:14:20","modified_gmt":"2022-07-29T14:14:20","slug":"dragon-mamma","status":"publish","type":"page","link":"https:\/\/meeplendice.net\/?page_id=10214","title":{"rendered":"Dragon Mamma !"},"content":{"rendered":"<p>Dragon Mamma ! est une extension pour le jeu d\u00e9jant\u00e9 de <em>War for Chicken Island<\/em>.<br \/>\nPas encore rassasi\u00e9 ? Un nouveau leader \u00e0 d\u00e9couvrir pour vos prochaines parties.<\/p>\n","protected":false},"excerpt":{"rendered":"<p>Dragon Mamma ! est une extension pour le jeu d\u00e9jant\u00e9 de War for Chicken Island. Pas encore rassasi\u00e9 ? Un nouveau leader \u00e0 d\u00e9couvrir pour vos prochaines parties.<\/p>\n","protected":false},"author":2,"featured_media":10125,"parent":10198,"menu_order":4,"comment_status":"closed","ping_status":"closed","template":"","meta":{"footnotes":""},"class_list":["post-10214","page","type-page","status-publish","has-post-thumbnail","hentry"],"acf":[],"rttpg_featured_image_url":{"full":["https:\/\/meeplendice.net\/wp-content\/uploads\/2022\/07\/Wfci_Dragon_Mamma.png",350,350,false],"landscape":["https:\/\/meeplendice.net\/wp-content\/uploads\/2022\/07\/Wfci_Dragon_Mamma.png",350,350,false],"portraits":["https:\/\/meeplendice.net\/wp-content\/uploads\/2022\/07\/Wfci_Dragon_Mamma.png",350,350,false],"thumbnail":["https:\/\/meeplendice.net\/wp-content\/uploads\/2022\/07\/Wfci_Dragon_Mamma-150x150.png",150,150,true],"medium":["https:\/\/meeplendice.net\/wp-content\/uploads\/2022\/07\/Wfci_Dragon_Mamma-300x300.png",300,300,true],"large":["https:\/\/meeplendice.net\/wp-content\/uploads\/2022\/07\/Wfci_Dragon_Mamma.png",350,350,false],"ug_big":["https:\/\/meeplendice.net\/wp-content\/uploads\/2022\/07\/Wfci_Dragon_Mamma.png",350,350,false],"1536x1536":["https:\/\/meeplendice.net\/wp-content\/uploads\/2022\/07\/Wfci_Dragon_Mamma.png",350,350,false],"2048x2048":["https:\/\/meeplendice.net\/wp-content\/uploads\/2022\/07\/Wfci_Dragon_Mamma.png",350,350,false],"ashe-slider-grid-thumbnail":["https:\/\/meeplendice.net\/wp-content\/uploads\/2022\/07\/Wfci_Dragon_Mamma.png",350,350,false],"ashe-full-thumbnail":["https:\/\/meeplendice.net\/wp-content\/uploads\/2022\/07\/Wfci_Dragon_Mamma.png",350,350,false],"ashe-grid-thumbnail":["https:\/\/meeplendice.net\/wp-content\/uploads\/2022\/07\/Wfci_Dragon_Mamma-350x330.png",350,330,true],"ashe-list-thumbnail":["https:\/\/meeplendice.net\/wp-content\/uploads\/2022\/07\/Wfci_Dragon_Mamma-300x300.png",300,300,true],"ashe-single-navigation":["https:\/\/meeplendice.net\/wp-content\/uploads\/2022\/07\/Wfci_Dragon_Mamma-75x75.png",75,75,true],"mailpoet_newsletter_max":["https:\/\/meeplendice.net\/wp-content\/uploads\/2022\/07\/Wfci_Dragon_Mamma.png",350,350,false],"rpwe-thumbnail":["https:\/\/meeplendice.net\/wp-content\/uploads\/2022\/07\/Wfci_Dragon_Mamma-45x45.png",45,45,true],"sow-carousel-default":["https:\/\/meeplendice.net\/wp-content\/uploads\/2022\/07\/Wfci_Dragon_Mamma-272x182.png",272,182,true],"rt_custom":["https:\/\/meeplendice.net\/wp-content\/uploads\/2022\/07\/Wfci_Dragon_Mamma.png",350,350,false]},"rttpg_author":{"display_name":"Karnby","author_link":"https:\/\/meeplendice.net\/?author=2"},"rttpg_comment":0,"rttpg_category":null,"rttpg_excerpt":"Dragon Mamma ! est une extension pour le jeu d\u00e9jant\u00e9 de War for Chicken Island. Pas encore rassasi\u00e9 ? Un nouveau leader \u00e0 d\u00e9couvrir pour vos prochaines parties.","_links":{"self":[{"href":"https:\/\/meeplendice.net\/index.php?rest_route=\/wp\/v2\/pages\/10214","targetHints":{"allow":["GET"]}}],"collection":[{"href":"https:\/\/meeplendice.net\/index.php?rest_route=\/wp\/v2\/pages"}],"about":[{"href":"https:\/\/meeplendice.net\/index.php?rest_route=\/wp\/v2\/types\/page"}],"author":[{"embeddable":true,"href":"https:\/\/meeplendice.net\/index.php?rest_route=\/wp\/v2\/users\/2"}],"replies":[{"embeddable":true,"href":"https:\/\/meeplendice.net\/index.php?rest_route=%2Fwp%2Fv2%2Fcomments&post=10214"}],"version-history":[{"count":1,"href":"https:\/\/meeplendice.net\/index.php?rest_route=\/wp\/v2\/pages\/10214\/revisions"}],"predecessor-version":[{"id":10215,"href":"https:\/\/meeplendice.net\/index.php?rest_route=\/wp\/v2\/pages\/10214\/revisions\/10215"}],"up":[{"embeddable":true,"href":"https:\/\/meeplendice.net\/index.php?rest_route=\/wp\/v2\/pages\/10198"}],"wp:featuredmedia":[{"embeddable":true,"href":"https:\/\/meeplendice.net\/index.php?rest_route=\/wp\/v2\/media\/10125"}],"wp:attachment":[{"href":"https:\/\/meeplendice.net\/index.php?rest_route=%2Fwp%2Fv2%2Fmedia&parent=10214"}],"curies":[{"name":"wp","href":"https:\/\/api.w.org\/{rel}","templated":true}]}}