{"id":10232,"date":"2022-07-29T15:59:38","date_gmt":"2022-07-29T14:59:38","guid":{"rendered":"https:\/\/meeplendice.net\/?page_id=10232"},"modified":"2022-10-03T10:26:07","modified_gmt":"2022-10-03T09:26:07","slug":"oceanie","status":"publish","type":"page","link":"https:\/\/meeplendice.net\/?page_id=10232","title":{"rendered":"Oc\u00e9anie"},"content":{"rendered":"<p>Cette seconde extension de <em>Wingspan<\/em> nous propose de d\u00e9couvrir les magnifiques oiseaux color\u00e9s d&rsquo;Oc\u00e9anie. Pour y jouer, il vous suffit de m\u00e9langer les cartes Oiseau de cette extension \u00e0 celles du jeu de base, ainsi qu&rsquo;\u00e0 celles d&rsquo;autre extensions si vous le souhaitez.<\/p>\n<p>Cette extension contient \u00e9galement de nouveaux plateaux Joueurs et un type de nourriture compl\u00e9mentaire, le nectar, afin de vous offrir des possibilit\u00e9s strat\u00e9giques in\u00e9dites. Vous y trouverez aussi de nouvelles cartes Bonus et objectifs de fin de manche, ainsi qu&rsquo;une couleur d\u2019\u0153ufs additionnelle.<\/p>\n","protected":false},"excerpt":{"rendered":"<p>Cette seconde extension de Wingspan nous propose de d\u00e9couvrir les magnifiques oiseaux color\u00e9s d&rsquo;Oc\u00e9anie. Pour y jouer, il vous suffit de m\u00e9langer les cartes Oiseau de cette extension \u00e0 celles du jeu de base, ainsi qu&rsquo;\u00e0 celles d&rsquo;autre extensions si vous le souhaitez. Cette extension contient \u00e9galement de nouveaux plateaux Joueurs et un type de nourriture compl\u00e9mentaire, le nectar, afin de vous offrir des possibilit\u00e9s strat\u00e9giques in\u00e9dites. Vous y trouverez aussi de nouvelles cartes Bonus et objectifs de fin de manche, ainsi qu&rsquo;une couleur d\u2019\u0153ufs additionnelle.<\/p>\n","protected":false},"author":2,"featured_media":10119,"parent":10219,"menu_order":2,"comment_status":"closed","ping_status":"closed","template":"","meta":{"footnotes":""},"class_list":["post-10232","page","type-page","status-publish","has-post-thumbnail","hentry"],"acf":[],"rttpg_featured_image_url":{"full":["https:\/\/meeplendice.net\/wp-content\/uploads\/2022\/07\/Wingspan_Oceanie.png",350,350,false],"landscape":["https:\/\/meeplendice.net\/wp-content\/uploads\/2022\/07\/Wingspan_Oceanie.png",350,350,false],"portraits":["https:\/\/meeplendice.net\/wp-content\/uploads\/2022\/07\/Wingspan_Oceanie.png",350,350,false],"thumbnail":["https:\/\/meeplendice.net\/wp-content\/uploads\/2022\/07\/Wingspan_Oceanie-150x150.png",150,150,true],"medium":["https:\/\/meeplendice.net\/wp-content\/uploads\/2022\/07\/Wingspan_Oceanie-300x300.png",300,300,true],"large":["https:\/\/meeplendice.net\/wp-content\/uploads\/2022\/07\/Wingspan_Oceanie.png",350,350,false],"ug_big":["https:\/\/meeplendice.net\/wp-content\/uploads\/2022\/07\/Wingspan_Oceanie.png",350,350,false],"1536x1536":["https:\/\/meeplendice.net\/wp-content\/uploads\/2022\/07\/Wingspan_Oceanie.png",350,350,false],"2048x2048":["https:\/\/meeplendice.net\/wp-content\/uploads\/2022\/07\/Wingspan_Oceanie.png",350,350,false],"ashe-slider-grid-thumbnail":["https:\/\/meeplendice.net\/wp-content\/uploads\/2022\/07\/Wingspan_Oceanie.png",350,350,false],"ashe-full-thumbnail":["https:\/\/meeplendice.net\/wp-content\/uploads\/2022\/07\/Wingspan_Oceanie.png",350,350,false],"ashe-grid-thumbnail":["https:\/\/meeplendice.net\/wp-content\/uploads\/2022\/07\/Wingspan_Oceanie-350x330.png",350,330,true],"ashe-list-thumbnail":["https:\/\/meeplendice.net\/wp-content\/uploads\/2022\/07\/Wingspan_Oceanie-300x300.png",300,300,true],"ashe-single-navigation":["https:\/\/meeplendice.net\/wp-content\/uploads\/2022\/07\/Wingspan_Oceanie-75x75.png",75,75,true],"mailpoet_newsletter_max":["https:\/\/meeplendice.net\/wp-content\/uploads\/2022\/07\/Wingspan_Oceanie.png",350,350,false],"rpwe-thumbnail":["https:\/\/meeplendice.net\/wp-content\/uploads\/2022\/07\/Wingspan_Oceanie-45x45.png",45,45,true],"sow-carousel-default":["https:\/\/meeplendice.net\/wp-content\/uploads\/2022\/07\/Wingspan_Oceanie-272x182.png",272,182,true],"rt_custom":["https:\/\/meeplendice.net\/wp-content\/uploads\/2022\/07\/Wingspan_Oceanie.png",350,350,false]},"rttpg_author":{"display_name":"Karnby","author_link":"https:\/\/meeplendice.net\/?author=2"},"rttpg_comment":0,"rttpg_category":null,"rttpg_excerpt":"Cette seconde extension de Wingspan nous propose de d\u00e9couvrir les magnifiques oiseaux color\u00e9s d&rsquo;Oc\u00e9anie. Pour y jouer, il vous suffit de m\u00e9langer les cartes Oiseau de cette extension \u00e0 celles du jeu de base, ainsi qu&rsquo;\u00e0 celles d&rsquo;autre extensions si vous le souhaitez. Cette extension contient \u00e9galement de nouveaux plateaux Joueurs et un type de\u2026","_links":{"self":[{"href":"https:\/\/meeplendice.net\/index.php?rest_route=\/wp\/v2\/pages\/10232","targetHints":{"allow":["GET"]}}],"collection":[{"href":"https:\/\/meeplendice.net\/index.php?rest_route=\/wp\/v2\/pages"}],"about":[{"href":"https:\/\/meeplendice.net\/index.php?rest_route=\/wp\/v2\/types\/page"}],"author":[{"embeddable":true,"href":"https:\/\/meeplendice.net\/index.php?rest_route=\/wp\/v2\/users\/2"}],"replies":[{"embeddable":true,"href":"https:\/\/meeplendice.net\/index.php?rest_route=%2Fwp%2Fv2%2Fcomments&post=10232"}],"version-history":[{"count":2,"href":"https:\/\/meeplendice.net\/index.php?rest_route=\/wp\/v2\/pages\/10232\/revisions"}],"predecessor-version":[{"id":10300,"href":"https:\/\/meeplendice.net\/index.php?rest_route=\/wp\/v2\/pages\/10232\/revisions\/10300"}],"up":[{"embeddable":true,"href":"https:\/\/meeplendice.net\/index.php?rest_route=\/wp\/v2\/pages\/10219"}],"wp:featuredmedia":[{"embeddable":true,"href":"https:\/\/meeplendice.net\/index.php?rest_route=\/wp\/v2\/media\/10119"}],"wp:attachment":[{"href":"https:\/\/meeplendice.net\/index.php?rest_route=%2Fwp%2Fv2%2Fmedia&parent=10232"}],"curies":[{"name":"wp","href":"https:\/\/api.w.org\/{rel}","templated":true}]}}