{"id":10537,"date":"2023-01-29T21:53:38","date_gmt":"2023-01-29T20:53:38","guid":{"rendered":"https:\/\/meeplendice.net\/?page_id=10537"},"modified":"2023-01-29T22:11:19","modified_gmt":"2023-01-29T21:11:19","slug":"la-chute-du-roi-de-la-montagne","status":"publish","type":"page","link":"https:\/\/meeplendice.net\/?page_id=10537","title":{"rendered":"La Chute du Roi de la Montagne"},"content":{"rendered":"<div id=\"pl-10537\"  class=\"panel-layout\" ><div id=\"pg-10537-0\"  class=\"panel-grid panel-no-style\" ><div id=\"pgc-10537-0-0\"  class=\"panel-grid-cell\" ><div id=\"panel-10537-0-0-0\" class=\"so-panel widget widget_sow-editor panel-first-child panel-last-child\" data-index=\"0\" ><div\n\t\t\t\n\t\t\tclass=\"so-widget-sow-editor so-widget-sow-editor-base\"\n\t\t\t\n\t\t>\n<div class=\"siteorigin-widget-tinymce textwidget\">\n\t<p style=\"text-align: center;\"><strong>Nombre de joueurs :<\/strong><br \/>\n1 - 5<\/p>\n<\/div>\n<\/div><\/div><\/div><div id=\"pgc-10537-0-1\"  class=\"panel-grid-cell\" ><div id=\"panel-10537-0-1-0\" class=\"so-panel widget widget_sow-editor panel-first-child panel-last-child\" data-index=\"1\" ><div\n\t\t\t\n\t\t\tclass=\"so-widget-sow-editor so-widget-sow-editor-base\"\n\t\t\t\n\t\t>\n<div class=\"siteorigin-widget-tinymce textwidget\">\n\t<p style=\"text-align: center;\"><strong>Dur\u00e9e moyenne :<\/strong><br \/>\n120 min<\/p>\n<\/div>\n<\/div><\/div><\/div><div id=\"pgc-10537-0-2\"  class=\"panel-grid-cell\" ><div id=\"panel-10537-0-2-0\" class=\"so-panel widget widget_sow-editor panel-first-child panel-last-child\" data-index=\"2\" ><div\n\t\t\t\n\t\t\tclass=\"so-widget-sow-editor so-widget-sow-editor-base\"\n\t\t\t\n\t\t>\n<div class=\"siteorigin-widget-tinymce textwidget\">\n\t<p style=\"text-align: center;\"><strong>Age :<\/strong><br \/>\n13 ans et plus<\/p>\n<\/div>\n<\/div><\/div><\/div><\/div><div id=\"pg-10537-1\"  class=\"panel-grid panel-no-style\" ><div id=\"pgc-10537-1-0\"  class=\"panel-grid-cell\" ><div id=\"panel-10537-1-0-0\" class=\"so-panel widget widget_sow-editor panel-first-child panel-last-child\" data-index=\"3\" ><div\n\t\t\t\n\t\t\tclass=\"so-widget-sow-editor so-widget-sow-editor-base\"\n\t\t\t\n\t\t>\n<div class=\"siteorigin-widget-tinymce textwidget\">\n\t<p style=\"text-align: center;\"><strong>Auteur(s) :<br \/>\n<\/strong>Adam E. Daulton<\/p>\n<\/div>\n<\/div><\/div><\/div><div id=\"pgc-10537-1-1\"  class=\"panel-grid-cell\" ><div id=\"panel-10537-1-1-0\" class=\"so-panel widget widget_sow-editor panel-first-child panel-last-child\" data-index=\"4\" ><div\n\t\t\t\n\t\t\tclass=\"so-widget-sow-editor so-widget-sow-editor-base\"\n\t\t\t\n\t\t>\n<div class=\"siteorigin-widget-tinymce textwidget\">\n\t<p style=\"text-align: center;\"><strong>Illustrations :<br \/>\n<\/strong>Fahed Alrajil<br \/>\nXavier Cuenca<\/p>\n<\/div>\n<\/div><\/div><\/div><div id=\"pgc-10537-1-2\"  class=\"panel-grid-cell\" ><div id=\"panel-10537-1-2-0\" class=\"so-panel widget widget_sow-editor panel-first-child panel-last-child\" data-index=\"5\" ><div\n\t\t\t\n\t\t\tclass=\"so-widget-sow-editor so-widget-sow-editor-base\"\n\t\t\t\n\t\t>\n<div class=\"siteorigin-widget-tinymce textwidget\">\n\t<p style=\"text-align: center;\"><strong>\u00c9dition :<\/strong><br \/>\nIello<br \/>\n2022<\/p>\n<\/div>\n<\/div><\/div><\/div><div id=\"pgc-10537-1-3\"  class=\"panel-grid-cell\" ><div id=\"panel-10537-1-3-0\" class=\"so-panel widget widget_sow-editor panel-first-child panel-last-child\" data-index=\"6\" ><div\n\t\t\t\n\t\t\tclass=\"so-widget-sow-editor so-widget-sow-editor-base\"\n\t\t\t\n\t\t>\n<div class=\"siteorigin-widget-tinymce textwidget\">\n\t<p style=\"text-align: center;\"><strong>Version :<\/strong><br \/>\nFran\u00e7aise<\/p>\n<\/div>\n<\/div><\/div><\/div><\/div><div id=\"pg-10537-2\"  class=\"panel-grid panel-no-style\" ><div id=\"pgc-10537-2-0\"  class=\"panel-grid-cell\" ><div id=\"panel-10537-2-0-0\" class=\"so-panel widget widget_sow-editor panel-first-child panel-last-child\" data-index=\"7\" ><div\n\t\t\t\n\t\t\tclass=\"so-widget-sow-editor so-widget-sow-editor-base\"\n\t\t\t\n\t\t>\n<div class=\"siteorigin-widget-tinymce textwidget\">\n\t<hr \/>\n<p><em>Il est temps que de vous conter comment nous, les trolls, avons \u00e9t\u00e9 chass\u00e9s de notre foyer il y a de cela des g\u00e9n\u00e9rations, suite aux brutales invasions de hordes de gnomes qui finirent par briser l'unit\u00e9 des sept clans. Pour maintenir la flamme de notre espoir, il a fallu que l'un de nous se dresse pour d\u00e9fendre la montagne contre ces assauts meurtriers, m\u00e8ne nos forces avec honneur dans cette guerre perdue d'avance, et devienne le chef dont notre peuple aurait besoin tout au long de son exil. Cette l\u00e9gende est la v\u00f4tre. Ce h\u00e9ros, c'est vous !.<\/em><\/p>\n<p>Le jeu se d\u00e9roule en trois manches appel\u00e9es vagues. Au d\u00e9but de chaque vague, vous am\u00e9liorez votre ascendance, un ensemble de symboles d\u00e9terminant vos capacit\u00e9s. \u00c0 chacun de vos tours, vous effectuez des actions pour placer vos trolls dans les cavernes (en affrontant vos rivaux et en combattant des gnomes) ainsi que pour ajouter des trolls sur le plateau, manipuler les gnomes et influencer de puissants champions afin qu\u2019ils rejoignent votre faction. \u00c0 la fin de chaque vague, de nouveaux gnomes envahissent plusieurs cavernes, s\u2019enfon\u00e7ant toujours plus profond\u00e9ment dans les entrailles de la montagne. Au cours de la partie, vous gagnerez de l\u2019honneur en terrassant des gnomes, en tombant glorieusement au combat lors des invasions, et en b\u00e9n\u00e9ficiant des aptitudes de certains champions.<\/p>\n<p>\u00c0 la fin des vagues I et II, vous gagnez de l\u2019honneur en contr\u00f4lant des cavernes, et notamment en \u00e9tant pr\u00e9sent dans les diff\u00e9rents domaines li\u00e9s \u00e0 chaque clan. \u00c0 la fin de la vague III, vous gagnez de l\u2019honneur en participant au p\u00e9rim\u00e8tre d\u00e9fensif autour des grandes salles, en pr\u00e9servant de nombreux symboles Anciens dans votre ascendance et en cumulant le plus de votes de chaque clan (votes obtenus gr\u00e2ce aux champions en les impressionnant par votre agressivit\u00e9 sur leur territoire). \u00c0 la fin de la partie, le joueur totalisant le plus d\u2019honneur l\u2019emporte !<\/p>\n<\/div>\n<\/div><\/div><\/div><\/div><div id=\"pg-10537-3\"  class=\"panel-grid panel-no-style\" ><div id=\"pgc-10537-3-0\"  class=\"panel-grid-cell\" ><div id=\"panel-10537-3-0-0\" class=\"so-panel widget widget_sow-editor panel-first-child panel-last-child\" data-index=\"8\" ><div\n\t\t\t\n\t\t\tclass=\"so-widget-sow-editor so-widget-sow-editor-base\"\n\t\t\t\n\t\t>\n<div class=\"siteorigin-widget-tinymce textwidget\">\n\t<hr \/>\n<h3 style=\"text-align: center;\">En vid\u00e9o<\/h3>\n<\/div>\n<\/div><\/div><\/div><\/div><div id=\"pg-10537-4\"  class=\"panel-grid panel-no-style\" ><div id=\"pgc-10537-4-0\"  class=\"panel-grid-cell\" ><div id=\"panel-10537-4-0-0\" class=\"so-panel widget widget_sow-editor panel-first-child panel-last-child\" data-index=\"9\" ><div\n\t\t\t\n\t\t\tclass=\"so-widget-sow-editor so-widget-sow-editor-base\"\n\t\t\t\n\t\t>\n<div class=\"siteorigin-widget-tinymce textwidget\">\n\t<hr \/>\n<h3 style=\"text-align: center;\">Pour aller plus loin...<\/h3>\n<\/div>\n<\/div><\/div><\/div><\/div><\/div>","protected":false},"excerpt":{"rendered":"<p>Nombre de joueurs : 1 &#8211; 5 Dur\u00e9e moyenne : 120 min Age : 13 ans et plus Auteur(s) : Adam E. Daulton Illustrations : Fahed Alrajil Xavier Cuenca \u00c9dition : Iello 2022 Version : Fran\u00e7aise<\/p>\n","protected":false},"author":2,"featured_media":10420,"parent":0,"menu_order":0,"comment_status":"closed","ping_status":"closed","template":"","meta":{"footnotes":""},"class_list":["post-10537","page","type-page","status-publish","has-post-thumbnail","hentry"],"acf":[],"rttpg_featured_image_url":{"full":["https:\/\/meeplendice.net\/wp-content\/uploads\/2023\/01\/Chute_Roi_Montagne.png",350,350,false],"landscape":["https:\/\/meeplendice.net\/wp-content\/uploads\/2023\/01\/Chute_Roi_Montagne.png",350,350,false],"portraits":["https:\/\/meeplendice.net\/wp-content\/uploads\/2023\/01\/Chute_Roi_Montagne.png",350,350,false],"thumbnail":["https:\/\/meeplendice.net\/wp-content\/uploads\/2023\/01\/Chute_Roi_Montagne-150x150.png",150,150,true],"medium":["https:\/\/meeplendice.net\/wp-content\/uploads\/2023\/01\/Chute_Roi_Montagne-300x300.png",300,300,true],"large":["https:\/\/meeplendice.net\/wp-content\/uploads\/2023\/01\/Chute_Roi_Montagne.png",350,350,false],"ug_big":["https:\/\/meeplendice.net\/wp-content\/uploads\/2023\/01\/Chute_Roi_Montagne.png",350,350,false],"1536x1536":["https:\/\/meeplendice.net\/wp-content\/uploads\/2023\/01\/Chute_Roi_Montagne.png",350,350,false],"2048x2048":["https:\/\/meeplendice.net\/wp-content\/uploads\/2023\/01\/Chute_Roi_Montagne.png",350,350,false],"ashe-slider-grid-thumbnail":["https:\/\/meeplendice.net\/wp-content\/uploads\/2023\/01\/Chute_Roi_Montagne.png",350,350,false],"ashe-full-thumbnail":["https:\/\/meeplendice.net\/wp-content\/uploads\/2023\/01\/Chute_Roi_Montagne.png",350,350,false],"ashe-grid-thumbnail":["https:\/\/meeplendice.net\/wp-content\/uploads\/2023\/01\/Chute_Roi_Montagne-350x330.png",350,330,true],"ashe-list-thumbnail":["https:\/\/meeplendice.net\/wp-content\/uploads\/2023\/01\/Chute_Roi_Montagne-300x300.png",300,300,true],"ashe-single-navigation":["https:\/\/meeplendice.net\/wp-content\/uploads\/2023\/01\/Chute_Roi_Montagne-75x75.png",75,75,true],"mailpoet_newsletter_max":["https:\/\/meeplendice.net\/wp-content\/uploads\/2023\/01\/Chute_Roi_Montagne.png",350,350,false],"rpwe-thumbnail":["https:\/\/meeplendice.net\/wp-content\/uploads\/2023\/01\/Chute_Roi_Montagne-45x45.png",45,45,true],"sow-carousel-default":["https:\/\/meeplendice.net\/wp-content\/uploads\/2023\/01\/Chute_Roi_Montagne-272x182.png",272,182,true],"rt_custom":["https:\/\/meeplendice.net\/wp-content\/uploads\/2023\/01\/Chute_Roi_Montagne.png",350,350,false]},"rttpg_author":{"display_name":"Karnby","author_link":"https:\/\/meeplendice.net\/?author=2"},"rttpg_comment":0,"rttpg_category":null,"rttpg_excerpt":"Nombre de joueurs : 1 - 5 Dur\u00e9e moyenne : 120 min Age : 13 ans et plus Auteur(s) : Adam E. Daulton Illustrations : Fahed Alrajil Xavier Cuenca \u00c9dition : Iello 2022 Version : Fran\u00e7aise","_links":{"self":[{"href":"https:\/\/meeplendice.net\/index.php?rest_route=\/wp\/v2\/pages\/10537","targetHints":{"allow":["GET"]}}],"collection":[{"href":"https:\/\/meeplendice.net\/index.php?rest_route=\/wp\/v2\/pages"}],"about":[{"href":"https:\/\/meeplendice.net\/index.php?rest_route=\/wp\/v2\/types\/page"}],"author":[{"embeddable":true,"href":"https:\/\/meeplendice.net\/index.php?rest_route=\/wp\/v2\/users\/2"}],"replies":[{"embeddable":true,"href":"https:\/\/meeplendice.net\/index.php?rest_route=%2Fwp%2Fv2%2Fcomments&post=10537"}],"version-history":[{"count":2,"href":"https:\/\/meeplendice.net\/index.php?rest_route=\/wp\/v2\/pages\/10537\/revisions"}],"predecessor-version":[{"id":10539,"href":"https:\/\/meeplendice.net\/index.php?rest_route=\/wp\/v2\/pages\/10537\/revisions\/10539"}],"wp:featuredmedia":[{"embeddable":true,"href":"https:\/\/meeplendice.net\/index.php?rest_route=\/wp\/v2\/media\/10420"}],"wp:attachment":[{"href":"https:\/\/meeplendice.net\/index.php?rest_route=%2Fwp%2Fv2%2Fmedia&parent=10537"}],"curies":[{"name":"wp","href":"https:\/\/api.w.org\/{rel}","templated":true}]}}