{"id":10925,"date":"2023-06-04T23:28:13","date_gmt":"2023-06-04T22:28:13","guid":{"rendered":"https:\/\/meeplendice.net\/?page_id=10925"},"modified":"2023-06-05T10:23:37","modified_gmt":"2023-06-05T09:23:37","slug":"crise","status":"publish","type":"page","link":"https:\/\/meeplendice.net\/?page_id=10925","title":{"rendered":"Crise"},"content":{"rendered":"<p><em>Exp\u00e9dition Ar\u00e8s: Crise transforme<\/em> l&rsquo;exp\u00e9rience du jeu original <em>Exp\u00e9dition Ar\u00e8s<\/em> en un d\u00e9fi plus relev\u00e9&#8230; mais coop\u00e9ratif. Jouez seul, ou r\u00e9unissez jusqu&rsquo;\u00e0 trois amis, pour tenter de sauver la soci\u00e9t\u00e9 Martienne mise en p\u00e9ril pas l&rsquo;ast\u00e9ro\u00efde gigantesque qui s&rsquo;est \u00e9cras\u00e9 sur la plan\u00e8te et a ravag\u00e9 presque toutes vos infrastructures.<\/p>\n<p>Dans le mode Crise, la plan\u00e8te est d\u00e9j\u00e0 terraform\u00e9e, mais la collision a des cons\u00e9quences dramatiques pour votre habitat si fragile. La temp\u00e9rature baisse, le trou b\u00e9ant dans l&rsquo;atmosph\u00e8re laisse s&rsquo;\u00e9chapper l&rsquo;oxyg\u00e8ne de la plan\u00e8te, les oc\u00e9ans g\u00e8lent, et le temps manque pour \u00e9vacuer toute la population. Vous devez agir vite, en accomplissant des projets pour contrer les crises successives et terraformer \u00e0 nouveau la plan\u00e8te avant que celle-ci ne devienne inhabitable&#8230; pour les milliards de personnes s&rsquo;y \u00e9tant install\u00e9es.<\/p>\n","protected":false},"excerpt":{"rendered":"<p>Exp\u00e9dition Ar\u00e8s: Crise transforme l&rsquo;exp\u00e9rience du jeu original Exp\u00e9dition Ar\u00e8s en un d\u00e9fi plus relev\u00e9&#8230; mais coop\u00e9ratif. Jouez seul, ou r\u00e9unissez jusqu&rsquo;\u00e0 trois amis, pour tenter de sauver la soci\u00e9t\u00e9 Martienne mise en p\u00e9ril pas l&rsquo;ast\u00e9ro\u00efde gigantesque qui s&rsquo;est \u00e9cras\u00e9 sur la plan\u00e8te et a ravag\u00e9 presque toutes vos infrastructures. Dans le mode Crise, la plan\u00e8te est d\u00e9j\u00e0 terraform\u00e9e, mais la collision a des cons\u00e9quences dramatiques pour votre habitat si fragile. La temp\u00e9rature baisse, le trou b\u00e9ant dans l&rsquo;atmosph\u00e8re laisse s&rsquo;\u00e9chapper l&rsquo;oxyg\u00e8ne de la plan\u00e8te, les oc\u00e9ans g\u00e8lent, et le temps manque pour \u00e9vacuer toute la population. Vous devez agir vite, en accomplissant des projets pour contrer les crises successives et terraformer \u00e0 nouveau la plan\u00e8te avant que celle-ci ne devienne inhabitable&#8230; pour les milliards de personnes s&rsquo;y \u00e9tant install\u00e9es.<\/p>\n","protected":false},"author":2,"featured_media":10945,"parent":10005,"menu_order":1,"comment_status":"closed","ping_status":"closed","template":"","meta":{"footnotes":""},"class_list":["post-10925","page","type-page","status-publish","has-post-thumbnail","hentry"],"acf":[],"rttpg_featured_image_url":{"full":["https:\/\/meeplendice.net\/wp-content\/uploads\/2023\/06\/TMAres_Crise.png",350,350,false],"landscape":["https:\/\/meeplendice.net\/wp-content\/uploads\/2023\/06\/TMAres_Crise.png",350,350,false],"portraits":["https:\/\/meeplendice.net\/wp-content\/uploads\/2023\/06\/TMAres_Crise.png",350,350,false],"thumbnail":["https:\/\/meeplendice.net\/wp-content\/uploads\/2023\/06\/TMAres_Crise-150x150.png",150,150,true],"medium":["https:\/\/meeplendice.net\/wp-content\/uploads\/2023\/06\/TMAres_Crise-300x300.png",300,300,true],"large":["https:\/\/meeplendice.net\/wp-content\/uploads\/2023\/06\/TMAres_Crise.png",350,350,false],"ug_big":["https:\/\/meeplendice.net\/wp-content\/uploads\/2023\/06\/TMAres_Crise.png",350,350,false],"1536x1536":["https:\/\/meeplendice.net\/wp-content\/uploads\/2023\/06\/TMAres_Crise.png",350,350,false],"2048x2048":["https:\/\/meeplendice.net\/wp-content\/uploads\/2023\/06\/TMAres_Crise.png",350,350,false],"ashe-slider-grid-thumbnail":["https:\/\/meeplendice.net\/wp-content\/uploads\/2023\/06\/TMAres_Crise.png",350,350,false],"ashe-full-thumbnail":["https:\/\/meeplendice.net\/wp-content\/uploads\/2023\/06\/TMAres_Crise.png",350,350,false],"ashe-grid-thumbnail":["https:\/\/meeplendice.net\/wp-content\/uploads\/2023\/06\/TMAres_Crise-350x330.png",350,330,true],"ashe-list-thumbnail":["https:\/\/meeplendice.net\/wp-content\/uploads\/2023\/06\/TMAres_Crise-300x300.png",300,300,true],"ashe-single-navigation":["https:\/\/meeplendice.net\/wp-content\/uploads\/2023\/06\/TMAres_Crise-75x75.png",75,75,true],"mailpoet_newsletter_max":["https:\/\/meeplendice.net\/wp-content\/uploads\/2023\/06\/TMAres_Crise.png",350,350,false],"rpwe-thumbnail":["https:\/\/meeplendice.net\/wp-content\/uploads\/2023\/06\/TMAres_Crise-45x45.png",45,45,true],"sow-carousel-default":["https:\/\/meeplendice.net\/wp-content\/uploads\/2023\/06\/TMAres_Crise-272x182.png",272,182,true],"rt_custom":["https:\/\/meeplendice.net\/wp-content\/uploads\/2023\/06\/TMAres_Crise.png",350,350,false]},"rttpg_author":{"display_name":"Karnby","author_link":"https:\/\/meeplendice.net\/?author=2"},"rttpg_comment":0,"rttpg_category":null,"rttpg_excerpt":"Exp\u00e9dition Ar\u00e8s: Crise transforme l&rsquo;exp\u00e9rience du jeu original Exp\u00e9dition Ar\u00e8s en un d\u00e9fi plus relev\u00e9&#8230; mais coop\u00e9ratif. Jouez seul, ou r\u00e9unissez jusqu&rsquo;\u00e0 trois amis, pour tenter de sauver la soci\u00e9t\u00e9 Martienne mise en p\u00e9ril pas l&rsquo;ast\u00e9ro\u00efde gigantesque qui s&rsquo;est \u00e9cras\u00e9 sur la plan\u00e8te et a ravag\u00e9 presque toutes vos infrastructures. Dans le mode Crise, la\u2026","_links":{"self":[{"href":"https:\/\/meeplendice.net\/index.php?rest_route=\/wp\/v2\/pages\/10925","targetHints":{"allow":["GET"]}}],"collection":[{"href":"https:\/\/meeplendice.net\/index.php?rest_route=\/wp\/v2\/pages"}],"about":[{"href":"https:\/\/meeplendice.net\/index.php?rest_route=\/wp\/v2\/types\/page"}],"author":[{"embeddable":true,"href":"https:\/\/meeplendice.net\/index.php?rest_route=\/wp\/v2\/users\/2"}],"replies":[{"embeddable":true,"href":"https:\/\/meeplendice.net\/index.php?rest_route=%2Fwp%2Fv2%2Fcomments&post=10925"}],"version-history":[{"count":1,"href":"https:\/\/meeplendice.net\/index.php?rest_route=\/wp\/v2\/pages\/10925\/revisions"}],"predecessor-version":[{"id":10926,"href":"https:\/\/meeplendice.net\/index.php?rest_route=\/wp\/v2\/pages\/10925\/revisions\/10926"}],"up":[{"embeddable":true,"href":"https:\/\/meeplendice.net\/index.php?rest_route=\/wp\/v2\/pages\/10005"}],"wp:featuredmedia":[{"embeddable":true,"href":"https:\/\/meeplendice.net\/index.php?rest_route=\/wp\/v2\/media\/10945"}],"wp:attachment":[{"href":"https:\/\/meeplendice.net\/index.php?rest_route=%2Fwp%2Fv2%2Fmedia&parent=10925"}],"curies":[{"name":"wp","href":"https:\/\/api.w.org\/{rel}","templated":true}]}}