{"id":11285,"date":"2023-10-12T10:19:31","date_gmt":"2023-10-12T09:19:31","guid":{"rendered":"https:\/\/meeplendice.net\/?page_id=11285"},"modified":"2023-10-12T10:22:54","modified_gmt":"2023-10-12T09:22:54","slug":"septima-2","status":"publish","type":"page","link":"https:\/\/meeplendice.net\/?page_id=11285","title":{"rendered":"Septima"},"content":{"rendered":"<div id=\"pl-11285\"  class=\"panel-layout\" ><div id=\"pg-11285-0\"  class=\"panel-grid panel-no-style\" ><div id=\"pgc-11285-0-0\"  class=\"panel-grid-cell\" ><div id=\"panel-11285-0-0-0\" class=\"so-panel widget widget_sow-editor panel-first-child panel-last-child\" data-index=\"0\" ><div\n\t\t\t\n\t\t\tclass=\"so-widget-sow-editor so-widget-sow-editor-base\"\n\t\t\t\n\t\t>\n<div class=\"siteorigin-widget-tinymce textwidget\">\n\t<p style=\"text-align: center;\"><strong>Nombre de joueurs :<\/strong><br \/>\n1 - 4<\/p>\n<\/div>\n<\/div><\/div><\/div><div id=\"pgc-11285-0-1\"  class=\"panel-grid-cell\" ><div id=\"panel-11285-0-1-0\" class=\"so-panel widget widget_sow-editor panel-first-child panel-last-child\" data-index=\"1\" ><div\n\t\t\t\n\t\t\tclass=\"so-widget-sow-editor so-widget-sow-editor-base\"\n\t\t\t\n\t\t>\n<div class=\"siteorigin-widget-tinymce textwidget\">\n\t<p style=\"text-align: center;\"><strong>Dur\u00e9e moyenne :<\/strong><br \/>\n90 min<\/p>\n<\/div>\n<\/div><\/div><\/div><div id=\"pgc-11285-0-2\"  class=\"panel-grid-cell\" ><div id=\"panel-11285-0-2-0\" class=\"so-panel widget widget_sow-editor panel-first-child panel-last-child\" data-index=\"2\" ><div\n\t\t\t\n\t\t\tclass=\"so-widget-sow-editor so-widget-sow-editor-base\"\n\t\t\t\n\t\t>\n<div class=\"siteorigin-widget-tinymce textwidget\">\n\t<p style=\"text-align: center;\"><strong>Age :<\/strong><br \/>\n12 ans et plus<\/p>\n<\/div>\n<\/div><\/div><\/div><\/div><div id=\"pg-11285-1\"  class=\"panel-grid panel-no-style\" ><div id=\"pgc-11285-1-0\"  class=\"panel-grid-cell\" ><div id=\"panel-11285-1-0-0\" class=\"so-panel widget widget_sow-editor panel-first-child panel-last-child\" data-index=\"3\" ><div\n\t\t\t\n\t\t\tclass=\"so-widget-sow-editor so-widget-sow-editor-base\"\n\t\t\t\n\t\t>\n<div class=\"siteorigin-widget-tinymce textwidget\">\n\t<p style=\"text-align: center;\"><strong>Auteur(s) :<br \/>\n<\/strong><span class=\"data-siloing\" title=\"D\u00e9couvrez tous ces jeux\" data-siloing=\"https:\/\/www.philibertnet.com\/fr\/recherche?feature=31&amp;feature_value=Robin Heged\u0171s\">Robin Heged\u0171s<\/span><\/p>\n<\/div>\n<\/div><\/div><\/div><div id=\"pgc-11285-1-1\"  class=\"panel-grid-cell\" ><div id=\"panel-11285-1-1-0\" class=\"so-panel widget widget_sow-editor panel-first-child panel-last-child\" data-index=\"4\" ><div\n\t\t\t\n\t\t\tclass=\"so-widget-sow-editor so-widget-sow-editor-base\"\n\t\t\t\n\t\t>\n<div class=\"siteorigin-widget-tinymce textwidget\">\n\t<p style=\"text-align: center;\"><strong>Illustrations :<\/strong><br \/>\n<span class=\"data-siloing\" title=\"D\u00e9couvrez tous ces jeux\" data-siloing=\"https:\/\/www.philibertnet.com\/fr\/recherche?feature=41&amp;feature_value=Barbara Bern\u00e1t\">Barbara Bern\u00e1t<\/span><br \/>\n<span class=\"data-siloing\" title=\"Voir tous les jeux\" data-siloing=\"https:\/\/www.philibertnet.com\/fr\/recherche?feature=41&amp;feature_value=Vill\u0151 Farkas\">Vill\u0151 Farkas<\/span><\/p>\n<\/div>\n<\/div><\/div><\/div><div id=\"pgc-11285-1-2\"  class=\"panel-grid-cell\" ><div id=\"panel-11285-1-2-0\" class=\"so-panel widget widget_sow-editor panel-first-child panel-last-child\" data-index=\"5\" ><div\n\t\t\t\n\t\t\tclass=\"so-widget-sow-editor so-widget-sow-editor-base\"\n\t\t\t\n\t\t>\n<div class=\"siteorigin-widget-tinymce textwidget\">\n\t<p style=\"text-align: center;\"><strong>\u00c9dition :<\/strong><br \/>\nSuper Meeple<br \/>\n2023<\/p>\n<\/div>\n<\/div><\/div><\/div><div id=\"pgc-11285-1-3\"  class=\"panel-grid-cell\" ><div id=\"panel-11285-1-3-0\" class=\"so-panel widget widget_sow-editor panel-first-child panel-last-child\" data-index=\"6\" ><div\n\t\t\t\n\t\t\tclass=\"so-widget-sow-editor so-widget-sow-editor-base\"\n\t\t\t\n\t\t>\n<div class=\"siteorigin-widget-tinymce textwidget\">\n\t<p style=\"text-align: center;\"><strong>Version :<\/strong><br \/>\nFran\u00e7aise<\/p>\n<\/div>\n<\/div><\/div><\/div><\/div><div id=\"pg-11285-2\"  class=\"panel-grid panel-no-style\" ><div id=\"pgc-11285-2-0\"  class=\"panel-grid-cell\" ><div id=\"panel-11285-2-0-0\" class=\"so-panel widget widget_sow-editor panel-first-child panel-last-child\" data-index=\"7\" ><div\n\t\t\t\n\t\t\tclass=\"so-widget-sow-editor so-widget-sow-editor-base\"\n\t\t\t\n\t\t>\n<div class=\"siteorigin-widget-tinymce textwidget\">\n\t<hr \/>\n<p><em>Plusieurs lunes ont pass\u00e9 depuis que la Septima, doyenne supr\u00eame de toutes les sorci\u00e8res, vous a convoqu\u00e9 au Sabbat pour nommer son h\u00e9riti\u00e8re. Dans les ruelles de Noctenburg et dans les bois alentours, d\u2019autres sorci\u00e8res s\u2019y pr\u00e9parent \u00e9galement. A travers les fen\u00eatres de votre cabane, au c\u0153ur de la for\u00eat, la lueur de la derni\u00e8re lune avant la nuit sacr\u00e9e scintille dans les cristaux dispos\u00e9s devant vous, semblant les animer d\u2019une vie propre. L\u2019heure est venue de vous d\u00e9marquer de vos s\u0153urs afin de devenir la nouvelle Septima.<\/em><\/p>\n<p><em>Septima<\/em> est un jeu de strat\u00e9gie et de sorcellerie comp\u00e9titif \u00e0 forte interaction. En tant que doyenne de votre couvent de sorci\u00e8res, vous devez prouver votre valeur aupr\u00e8s de vos rivales et des villageois afin d\u2019h\u00e9riter du titre de Septima, pr\u00eatresse supr\u00eame de votre ordre. Gagnez de la Sagesse en pratiquant votre art, en collectant des ingr\u00e9dients pour pr\u00e9parer des potions et en soignant la population, ou apprenez des sorts pour vous assurer le soutien de fid\u00e8les au sein du peuple et pr\u00e9server vos prot\u00e9g\u00e9es de la vindicte populaire. Car m\u00eame si elles font parfois office de gu\u00e9risseuses, les sorci\u00e8res ne sont pas toujours bien vues par les villageois\u2026.<\/p>\n<\/div>\n<\/div><\/div><\/div><\/div><div id=\"pg-11285-3\"  class=\"panel-grid panel-no-style\" ><div id=\"pgc-11285-3-0\"  class=\"panel-grid-cell\" ><div id=\"panel-11285-3-0-0\" class=\"so-panel widget widget_sow-editor panel-first-child panel-last-child\" data-index=\"8\" ><div\n\t\t\t\n\t\t\tclass=\"so-widget-sow-editor so-widget-sow-editor-base\"\n\t\t\t\n\t\t>\n<div class=\"siteorigin-widget-tinymce textwidget\">\n\t<hr \/>\n<h3 style=\"text-align: center;\">En vid\u00e9o<\/h3>\n<p><a href=\"https:\/\/www.youtube.com\/watch?v=YP8IqT-6Bx0&amp;ab_channel=RenardLudique\" target=\"_blank\" rel=\"noopener\"><img loading=\"lazy\" decoding=\"async\" class=\"alignnone size-full wp-image-9090\" src=\"https:\/\/meeplendice.net\/wp-content\/uploads\/2022\/01\/Link_CJ_v2.png\" alt=\"\" width=\"200\" height=\"170\" \/><\/a><\/p>\n<\/div>\n<\/div><\/div><\/div><\/div><div id=\"pg-11285-4\"  class=\"panel-grid panel-no-style\" ><div id=\"pgc-11285-4-0\"  class=\"panel-grid-cell\" ><div id=\"panel-11285-4-0-0\" class=\"so-panel widget widget_sow-editor panel-first-child panel-last-child\" data-index=\"9\" ><div\n\t\t\t\n\t\t\tclass=\"so-widget-sow-editor so-widget-sow-editor-base\"\n\t\t\t\n\t\t>\n<div class=\"siteorigin-widget-tinymce textwidget\">\n\t<hr \/>\n<h3 style=\"text-align: center;\">Extension(s)<\/h3>\n<p style=\"text-align: center;\"><style type='text\/css' media='all'>#rt-tpg-container-2483984177 .read-more a{border-radius:px;}#rt-tpg-container-2483984177 .rt-img-holder img.rt-img-responsive,#rt-tpg-container-2483984177 .rt-img-holder,\n\t\t\t\t\t#rt-tpg-container-2483984177 .rt-post-overlay .post-img,\n\t\t\t\t\t#rt-tpg-container-2483984177 .post-sm .post-img,\n\t\t\t\t\t#rt-tpg-container-2483984177 .rt-post-grid .post-img,\n\t\t\t\t\t#rt-tpg-container-2483984177 .post-img img {border-radius:px;}#rt-tpg-container-2483984177 .layout9 .rt-holder h2.entry-title,\n\t\t\t\t\t#rt-tpg-container-2483984177 .layout9 .rt-holder h3.entry-title,\n\t\t\t\t\t#rt-tpg-container-2483984177 .layout9 .rt-holder h4.entry-title,\n\t\t\t\t\t#rt-tpg-container-2483984177 .layout9 .rt-holder h2.entry-title a,\n\t\t\t\t\t#rt-tpg-container-2483984177 .layout9 .rt-holder h3.entry-title a,\n\t\t\t\t\t#rt-tpg-container-2483984177 .layout9 .rt-holder h4.entry-title a,\n\t\t\t\t\t#rt-tpg-container-2483984177 .rt-holder .rt-woo-info h2 a,\n\t\t\t\t\t#rt-tpg-container-2483984177 .rt-holder .rt-woo-info h3 a,\n\t\t\t\t\t#rt-tpg-container-2483984177 .rt-holder .rt-woo-info h4 a,\n\t\t\t\t\t#rt-tpg-container-2483984177 .post-content .post-title,\n\t\t\t\t\t#rt-tpg-container-2483984177 .rt-post-grid .post-title,\n\t\t\t\t\t#rt-tpg-container-2483984177 .rt-post-grid .post-title a,\n\t\t\t\t\t#rt-tpg-container-2483984177 .post-content .post-title a,\n\t\t\t\t\t#rt-tpg-container-2483984177 .rt-holder .rt-woo-info h2,\n\t\t\t\t\t#rt-tpg-container-2483984177 .rt-holder .rt-woo-info h3,\n\t\t\t\t\t#rt-tpg-container-2483984177 .rt-holder .rt-woo-info h4{font-size:16px;line-height:26px;font-weight:normal;text-align:center;}#rt-tpg-container-2483984177 .post-grid-lg-style-1 .post-title,\n\t\t\t\t\t\t#rt-tpg-container-2483984177 .post-grid-lg-style-1 .post-title a,\n\t\t\t\t\t\t#rt-tpg-container-2483984177 .big-layout .post-title,\n\t\t\t\t\t\t#rt-tpg-container-2483984177 .big-layout .post-title a,\n\t\t\t\t\t\t#rt-tpg-container-2483984177 .post-grid-lg-style-1 .post-title,\n\t\t\t\t\t\t#rt-tpg-container-2483984177 .post-grid-lg-style-1 .post-title a {font-size:24px;line-height:34px;}<\/style><div class='rt-container-fluid rt-tpg-container tpg-shortcode-main-wrapper ' id='rt-tpg-container-2483984177'   data-layout='layout9' data-grid-style='masonry' data-desktop-col='3'  data-tab-col='2'  data-mobile-col='1' data-sc-id='11290'><div data-title='Loading ...' class='rt-row rt-content-loader   layout9 tpg-masonry '><div class=\"rt-col-md-4 rt-col-sm-6 rt-col-xs-12 masonry-grid-item rt-grid-item img_zoom_in\" data-id=\"11288\"><div class=\"rt-holder\"><div class='overlay'><a data-id='11288' class=' tpg-single-popup' href='https:\/\/meeplendice.net\/?page_id=11288'><img loading=\"lazy\" decoding=\"async\" width=\"350\" height=\"350\" src=\"https:\/\/meeplendice.net\/wp-content\/uploads\/2023\/10\/Septima_MP.png\" class=\"rt-img-responsive \" alt=\"\" \/><\/a><\/div><div class='post-info'><h3 class=\"entry-title\"><a data-id=\"11288\" class=\" tpg-single-popup\" href=\"https:\/\/meeplendice.net\/?page_id=11288\">M\u00e9tamorphoses &#038; Pr\u00e9sages<\/a><\/h3><div class='post-meta-user '><\/div><\/div><\/div><\/div><\/div><div class='rt-pagination-wrap' data-total-pages='1' data-posts-per-page='3' data-type='pagination_ajax'  ><div class='rt-page-numbers'><\/div><\/div><\/div><\/p>\n<\/div>\n<\/div><\/div><\/div><\/div><div id=\"pg-11285-5\"  class=\"panel-grid panel-no-style\" ><div id=\"pgc-11285-5-0\"  class=\"panel-grid-cell\" ><div id=\"panel-11285-5-0-0\" class=\"so-panel widget widget_sow-editor panel-first-child panel-last-child\" data-index=\"10\" ><div\n\t\t\t\n\t\t\tclass=\"so-widget-sow-editor so-widget-sow-editor-base\"\n\t\t\t\n\t\t>\n<div class=\"siteorigin-widget-tinymce textwidget\">\n\t<hr \/>\n<h3 style=\"text-align: center;\">Pour aller plus loin<\/h3>\n<\/div>\n<\/div><\/div><\/div><\/div><\/div>","protected":false},"excerpt":{"rendered":"<p>Nombre de joueurs : 1 &#8211; 4 Dur\u00e9e moyenne : 90 min Age : 12 ans et plus Auteur(s) : Robin Heged\u0171s Illustrations : Barbara Bern\u00e1t Vill\u0151 Farkas \u00c9dition : Super Meeple 2023 Version : Fran\u00e7aise<\/p>\n","protected":false},"author":2,"featured_media":11283,"parent":0,"menu_order":0,"comment_status":"closed","ping_status":"closed","template":"","meta":{"footnotes":""},"class_list":["post-11285","page","type-page","status-publish","has-post-thumbnail","hentry"],"acf":[],"rttpg_featured_image_url":{"full":["https:\/\/meeplendice.net\/wp-content\/uploads\/2023\/10\/Septima.png",350,350,false],"landscape":["https:\/\/meeplendice.net\/wp-content\/uploads\/2023\/10\/Septima.png",350,350,false],"portraits":["https:\/\/meeplendice.net\/wp-content\/uploads\/2023\/10\/Septima.png",350,350,false],"thumbnail":["https:\/\/meeplendice.net\/wp-content\/uploads\/2023\/10\/Septima-150x150.png",150,150,true],"medium":["https:\/\/meeplendice.net\/wp-content\/uploads\/2023\/10\/Septima-300x300.png",300,300,true],"large":["https:\/\/meeplendice.net\/wp-content\/uploads\/2023\/10\/Septima.png",350,350,false],"ug_big":["https:\/\/meeplendice.net\/wp-content\/uploads\/2023\/10\/Septima.png",350,350,false],"1536x1536":["https:\/\/meeplendice.net\/wp-content\/uploads\/2023\/10\/Septima.png",350,350,false],"2048x2048":["https:\/\/meeplendice.net\/wp-content\/uploads\/2023\/10\/Septima.png",350,350,false],"ashe-slider-grid-thumbnail":["https:\/\/meeplendice.net\/wp-content\/uploads\/2023\/10\/Septima.png",350,350,false],"ashe-full-thumbnail":["https:\/\/meeplendice.net\/wp-content\/uploads\/2023\/10\/Septima.png",350,350,false],"ashe-grid-thumbnail":["https:\/\/meeplendice.net\/wp-content\/uploads\/2023\/10\/Septima-350x330.png",350,330,true],"ashe-list-thumbnail":["https:\/\/meeplendice.net\/wp-content\/uploads\/2023\/10\/Septima-300x300.png",300,300,true],"ashe-single-navigation":["https:\/\/meeplendice.net\/wp-content\/uploads\/2023\/10\/Septima-75x75.png",75,75,true],"mailpoet_newsletter_max":["https:\/\/meeplendice.net\/wp-content\/uploads\/2023\/10\/Septima.png",350,350,false],"rpwe-thumbnail":["https:\/\/meeplendice.net\/wp-content\/uploads\/2023\/10\/Septima-45x45.png",45,45,true],"sow-carousel-default":["https:\/\/meeplendice.net\/wp-content\/uploads\/2023\/10\/Septima-272x182.png",272,182,true],"rt_custom":["https:\/\/meeplendice.net\/wp-content\/uploads\/2023\/10\/Septima.png",350,350,false]},"rttpg_author":{"display_name":"Karnby","author_link":"https:\/\/meeplendice.net\/?author=2"},"rttpg_comment":0,"rttpg_category":null,"rttpg_excerpt":"Nombre de joueurs : 1 - 4 Dur\u00e9e moyenne : 90 min Age : 12 ans et plus Auteur(s) : Robin Heged\u0171s Illustrations : Barbara Bern\u00e1t Vill\u0151 Farkas \u00c9dition : Super Meeple 2023 Version : Fran\u00e7aise","_links":{"self":[{"href":"https:\/\/meeplendice.net\/index.php?rest_route=\/wp\/v2\/pages\/11285","targetHints":{"allow":["GET"]}}],"collection":[{"href":"https:\/\/meeplendice.net\/index.php?rest_route=\/wp\/v2\/pages"}],"about":[{"href":"https:\/\/meeplendice.net\/index.php?rest_route=\/wp\/v2\/types\/page"}],"author":[{"embeddable":true,"href":"https:\/\/meeplendice.net\/index.php?rest_route=\/wp\/v2\/users\/2"}],"replies":[{"embeddable":true,"href":"https:\/\/meeplendice.net\/index.php?rest_route=%2Fwp%2Fv2%2Fcomments&post=11285"}],"version-history":[{"count":3,"href":"https:\/\/meeplendice.net\/index.php?rest_route=\/wp\/v2\/pages\/11285\/revisions"}],"predecessor-version":[{"id":11291,"href":"https:\/\/meeplendice.net\/index.php?rest_route=\/wp\/v2\/pages\/11285\/revisions\/11291"}],"wp:featuredmedia":[{"embeddable":true,"href":"https:\/\/meeplendice.net\/index.php?rest_route=\/wp\/v2\/media\/11283"}],"wp:attachment":[{"href":"https:\/\/meeplendice.net\/index.php?rest_route=%2Fwp%2Fv2%2Fmedia&parent=11285"}],"curies":[{"name":"wp","href":"https:\/\/api.w.org\/{rel}","templated":true}]}}