{"id":11609,"date":"2023-12-05T16:48:02","date_gmt":"2023-12-05T15:48:02","guid":{"rendered":"https:\/\/meeplendice.net\/?page_id=11609"},"modified":"2024-11-24T23:29:27","modified_gmt":"2024-11-24T21:29:27","slug":"faraway-2","status":"publish","type":"page","link":"https:\/\/meeplendice.net\/?page_id=11609","title":{"rendered":"Faraway"},"content":{"rendered":"<div id=\"pl-11609\"  class=\"panel-layout\" ><div id=\"pg-11609-0\"  class=\"panel-grid panel-no-style\" ><div id=\"pgc-11609-0-0\"  class=\"panel-grid-cell\" ><div id=\"panel-11609-0-0-0\" class=\"so-panel widget widget_sow-editor panel-first-child panel-last-child\" data-index=\"0\" ><div\n\t\t\t\n\t\t\tclass=\"so-widget-sow-editor so-widget-sow-editor-base\"\n\t\t\t\n\t\t>\n<div class=\"siteorigin-widget-tinymce textwidget\">\n\t<p style=\"text-align: center;\"><strong>Nombre de joueurs :<\/strong><br \/>\n2 - 6 (7 avec extension)<\/p>\n<\/div>\n<\/div><\/div><\/div><div id=\"pgc-11609-0-1\"  class=\"panel-grid-cell\" ><div id=\"panel-11609-0-1-0\" class=\"so-panel widget widget_sow-editor panel-first-child panel-last-child\" data-index=\"1\" ><div\n\t\t\t\n\t\t\tclass=\"so-widget-sow-editor so-widget-sow-editor-base\"\n\t\t\t\n\t\t>\n<div class=\"siteorigin-widget-tinymce textwidget\">\n\t<p style=\"text-align: center;\"><strong>Dur\u00e9e moyenne :<\/strong><br \/>\n30 min<\/p>\n<\/div>\n<\/div><\/div><\/div><div id=\"pgc-11609-0-2\"  class=\"panel-grid-cell\" ><div id=\"panel-11609-0-2-0\" class=\"so-panel widget widget_sow-editor panel-first-child panel-last-child\" data-index=\"2\" ><div\n\t\t\t\n\t\t\tclass=\"so-widget-sow-editor so-widget-sow-editor-base\"\n\t\t\t\n\t\t>\n<div class=\"siteorigin-widget-tinymce textwidget\">\n\t<p style=\"text-align: center;\"><strong>Age :<\/strong><br \/>\n10 ans et plus<\/p>\n<\/div>\n<\/div><\/div><\/div><\/div><div id=\"pg-11609-1\"  class=\"panel-grid panel-no-style\" ><div id=\"pgc-11609-1-0\"  class=\"panel-grid-cell\" ><div id=\"panel-11609-1-0-0\" class=\"so-panel widget widget_sow-editor panel-first-child panel-last-child\" data-index=\"3\" ><div\n\t\t\t\n\t\t\tclass=\"so-widget-sow-editor so-widget-sow-editor-base\"\n\t\t\t\n\t\t>\n<div class=\"siteorigin-widget-tinymce textwidget\">\n\t<p style=\"text-align: center;\"><strong>Auteur(s) :<br \/>\n<\/strong><span class=\"data-siloing\" title=\"D\u00e9couvrez tous ces jeux\" data-siloing=\"https:\/\/www.philibertnet.com\/fr\/recherche?feature=31&amp;feature_value=Yohan Goh\">Johannes Goupy<br \/>\nCorentin Lebrat<br \/>\n<\/span><\/p>\n<\/div>\n<\/div><\/div><\/div><div id=\"pgc-11609-1-1\"  class=\"panel-grid-cell\" ><div id=\"panel-11609-1-1-0\" class=\"so-panel widget widget_sow-editor panel-first-child panel-last-child\" data-index=\"4\" ><div\n\t\t\t\n\t\t\tclass=\"so-widget-sow-editor so-widget-sow-editor-base\"\n\t\t\t\n\t\t>\n<div class=\"siteorigin-widget-tinymce textwidget\">\n\t<p style=\"text-align: center;\"><strong>Illustrations :<br \/>\n<\/strong>Maxime Morin<\/p>\n<\/div>\n<\/div><\/div><\/div><div id=\"pgc-11609-1-2\"  class=\"panel-grid-cell\" ><div id=\"panel-11609-1-2-0\" class=\"so-panel widget widget_sow-editor panel-first-child panel-last-child\" data-index=\"5\" ><div\n\t\t\t\n\t\t\tclass=\"so-widget-sow-editor so-widget-sow-editor-base\"\n\t\t\t\n\t\t>\n<div class=\"siteorigin-widget-tinymce textwidget\">\n\t<p style=\"text-align: center;\"><strong>\u00c9dition :<\/strong><br \/>\n<span class=\"data-siloing\" data-siloing=\"\n\n                                                            https:\/\/www.philibertnet.com\/fr\/1193_catch-up-games\n\n                            \">Catch Up Games<\/span><br \/>\n2023<\/p>\n<\/div>\n<\/div><\/div><\/div><div id=\"pgc-11609-1-3\"  class=\"panel-grid-cell\" ><div id=\"panel-11609-1-3-0\" class=\"so-panel widget widget_sow-editor panel-first-child panel-last-child\" data-index=\"6\" ><div\n\t\t\t\n\t\t\tclass=\"so-widget-sow-editor so-widget-sow-editor-base\"\n\t\t\t\n\t\t>\n<div class=\"siteorigin-widget-tinymce textwidget\">\n\t<p style=\"text-align: center;\"><strong>Version :<\/strong><br \/>\nFran\u00e7aise<\/p>\n<\/div>\n<\/div><\/div><\/div><\/div><div id=\"pg-11609-2\"  class=\"panel-grid panel-no-style\" ><div id=\"pgc-11609-2-0\"  class=\"panel-grid-cell\" ><div id=\"panel-11609-2-0-0\" class=\"so-panel widget widget_sow-editor panel-first-child panel-last-child\" data-index=\"7\" ><div\n\t\t\t\n\t\t\tclass=\"so-widget-sow-editor so-widget-sow-editor-base\"\n\t\t\t\n\t\t>\n<div class=\"siteorigin-widget-tinymce textwidget\">\n\t<hr \/>\n<p><em>Par-del\u00e0 la mer des Brumes sommeille le myst\u00e9rieux continent d'Alula.<br \/>\nUn havre de paix que la nature a \u00e9rig\u00e9 en parangon d'\u00e9quilibre. L'harmonie et la concorde dessinent les contours d'une \u00eele en perp\u00e9tuelle \u00e9volution. La taille et la disposition de ses territoires s'alt\u00e8rent r\u00e9guli\u00e8rement, rendant d\u00e9su\u00e8te toute tentative de cartographie. L'unique moyen de dompter cette terre est de l'arpenter encore et encore, afin d'en actualiser son atlas.<br \/>\nSillonnez ce monde \u00e0 la g\u00e9ographie mouvante et d\u00e9couvrez les merveilles qu'il rec\u00e8le. Rencontrez ses habitants, r\u00e9pertoriez ses secrets et obtenez plus de renomm\u00e9e que vos adversaires.<\/em><\/p>\n<div><em>Faraway <\/em>est un jeu de cartes con\u00e7u sp\u00e9cialement pour les joueurs initi\u00e9s, mais il a su conqu\u00e9rir le c\u0153ur de tous ceux qui s'y sont aventur\u00e9s ! Pr\u00e9parez-vous \u00e0 exercer vos neurones et \u00e0 relever des d\u00e9fis stimulants qui vous captiveront au point de vouloir y jouer encore et encore.<br \/>\nDans ce jeu captivant, chaque partie est une opportunit\u00e9 de d\u00e9couvrir de nouvelles strat\u00e9gies et d'affronter des d\u00e9fis intellectuels uniques. Les m\u00e9canismes de jeu complexes vous plongeront dans une r\u00e9flexion intense, vous offrant une exp\u00e9rience de jeu profonde et enrichissante.<\/div>\n<\/div>\n<\/div><\/div><\/div><\/div><div id=\"pg-11609-3\"  class=\"panel-grid panel-no-style\" ><div id=\"pgc-11609-3-0\"  class=\"panel-grid-cell\" ><div id=\"panel-11609-3-0-0\" class=\"so-panel widget widget_sow-editor panel-first-child panel-last-child\" data-index=\"8\" ><div\n\t\t\t\n\t\t\tclass=\"so-widget-sow-editor so-widget-sow-editor-base\"\n\t\t\t\n\t\t>\n<div class=\"siteorigin-widget-tinymce textwidget\">\n\t<hr \/>\n<h3 style=\"text-align: center;\">En vid\u00e9o<\/h3>\n<p><a href=\"https:\/\/www.youtube.com\/watch?v=XigauzSwr7w&amp;ab_channel=CatchUpGames\" target=\"_blank\" rel=\"noopener\"><img loading=\"lazy\" decoding=\"async\" class=\"alignnone size-full wp-image-9090\" src=\"https:\/\/meeplendice.net\/wp-content\/uploads\/2022\/01\/Link_CJ_v2.png\" alt=\"\" width=\"200\" height=\"170\" \/><\/a><\/p>\n<\/div>\n<\/div><\/div><\/div><\/div><div id=\"pg-11609-4\"  class=\"panel-grid panel-no-style\" ><div id=\"pgc-11609-4-0\"  class=\"panel-grid-cell\" ><div id=\"panel-11609-4-0-0\" class=\"so-panel widget widget_sow-editor panel-first-child panel-last-child\" data-index=\"9\" ><div\n\t\t\t\n\t\t\tclass=\"so-widget-sow-editor so-widget-sow-editor-base\"\n\t\t\t\n\t\t>\n<div class=\"siteorigin-widget-tinymce textwidget\">\n\t<hr \/>\n<h3 style=\"text-align: center;\">Extension(s)<\/h3>\n<style type='text\/css' media='all'>#rt-tpg-container-1034254979 .read-more a{border-radius:px;}#rt-tpg-container-1034254979 .rt-img-holder img.rt-img-responsive,#rt-tpg-container-1034254979 .rt-img-holder,\n\t\t\t\t\t#rt-tpg-container-1034254979 .rt-post-overlay .post-img,\n\t\t\t\t\t#rt-tpg-container-1034254979 .post-sm .post-img,\n\t\t\t\t\t#rt-tpg-container-1034254979 .rt-post-grid .post-img,\n\t\t\t\t\t#rt-tpg-container-1034254979 .post-img img {border-radius:px;}#rt-tpg-container-1034254979 .layout9 .rt-holder h2.entry-title,\n\t\t\t\t\t#rt-tpg-container-1034254979 .layout9 .rt-holder h3.entry-title,\n\t\t\t\t\t#rt-tpg-container-1034254979 .layout9 .rt-holder h4.entry-title,\n\t\t\t\t\t#rt-tpg-container-1034254979 .layout9 .rt-holder h2.entry-title a,\n\t\t\t\t\t#rt-tpg-container-1034254979 .layout9 .rt-holder h3.entry-title a,\n\t\t\t\t\t#rt-tpg-container-1034254979 .layout9 .rt-holder h4.entry-title a,\n\t\t\t\t\t#rt-tpg-container-1034254979 .rt-holder .rt-woo-info h2 a,\n\t\t\t\t\t#rt-tpg-container-1034254979 .rt-holder .rt-woo-info h3 a,\n\t\t\t\t\t#rt-tpg-container-1034254979 .rt-holder .rt-woo-info h4 a,\n\t\t\t\t\t#rt-tpg-container-1034254979 .post-content .post-title,\n\t\t\t\t\t#rt-tpg-container-1034254979 .rt-post-grid .post-title,\n\t\t\t\t\t#rt-tpg-container-1034254979 .rt-post-grid .post-title a,\n\t\t\t\t\t#rt-tpg-container-1034254979 .post-content .post-title a,\n\t\t\t\t\t#rt-tpg-container-1034254979 .rt-holder .rt-woo-info h2,\n\t\t\t\t\t#rt-tpg-container-1034254979 .rt-holder .rt-woo-info h3,\n\t\t\t\t\t#rt-tpg-container-1034254979 .rt-holder .rt-woo-info h4{font-size:16px;line-height:26px;font-weight:normal;text-align:center;}#rt-tpg-container-1034254979 .post-grid-lg-style-1 .post-title,\n\t\t\t\t\t\t#rt-tpg-container-1034254979 .post-grid-lg-style-1 .post-title a,\n\t\t\t\t\t\t#rt-tpg-container-1034254979 .big-layout .post-title,\n\t\t\t\t\t\t#rt-tpg-container-1034254979 .big-layout .post-title a,\n\t\t\t\t\t\t#rt-tpg-container-1034254979 .post-grid-lg-style-1 .post-title,\n\t\t\t\t\t\t#rt-tpg-container-1034254979 .post-grid-lg-style-1 .post-title a {font-size:24px;line-height:34px;}<\/style><div class='rt-container-fluid rt-tpg-container tpg-shortcode-main-wrapper ' id='rt-tpg-container-1034254979'   data-layout='layout9' data-grid-style='masonry' data-desktop-col='3'  data-tab-col='2'  data-mobile-col='1' data-sc-id='12984'><div data-title='Loading ...' class='rt-row rt-content-loader   layout9 tpg-masonry '><div class=\"rt-col-md-4 rt-col-sm-6 rt-col-xs-12 masonry-grid-item rt-grid-item img_zoom_in\" data-id=\"12983\"><div class=\"rt-holder\"><div class='overlay'><a data-id='12983' class=' tpg-single-popup' href='https:\/\/meeplendice.net\/?page_id=12983'><img loading=\"lazy\" decoding=\"async\" width=\"350\" height=\"350\" src=\"https:\/\/meeplendice.net\/wp-content\/uploads\/2024\/11\/Faraway_Peupledessous.png\" class=\"rt-img-responsive \" alt=\"\" \/><\/a><\/div><div class='post-info'><h3 class=\"entry-title\"><a data-id=\"12983\" class=\" tpg-single-popup\" href=\"https:\/\/meeplendice.net\/?page_id=12983\">Le Peuple du Dessous<\/a><\/h3><div class='post-meta-user '><\/div><\/div><\/div><\/div><div class=\"rt-col-md-4 rt-col-sm-6 rt-col-xs-12 masonry-grid-item rt-grid-item img_zoom_in\" data-id=\"13567\"><div class=\"rt-holder\"><div class='overlay'><a data-id='13567' class=' tpg-single-popup' href='https:\/\/meeplendice.net\/?page_id=13567'><img loading=\"lazy\" decoding=\"async\" width=\"350\" height=\"350\" src=\"https:\/\/meeplendice.net\/wp-content\/uploads\/2025\/12\/Faraway_Souscieletoiles.png\" class=\"rt-img-responsive \" alt=\"\" \/><\/a><\/div><div class='post-info'><h3 class=\"entry-title\"><a data-id=\"13567\" class=\" tpg-single-popup\" href=\"https:\/\/meeplendice.net\/?page_id=13567\">Sous un Ciel d&rsquo;Etoiles<\/a><\/h3><div class='post-meta-user '><\/div><\/div><\/div><\/div><\/div><div class='rt-pagination-wrap' data-total-pages='1' data-posts-per-page='3' data-type='pagination_ajax'  ><div class='rt-page-numbers'><\/div><\/div><\/div>\n<\/div>\n<\/div><\/div><\/div><\/div><div id=\"pg-11609-5\"  class=\"panel-grid panel-no-style\" ><div id=\"pgc-11609-5-0\"  class=\"panel-grid-cell\" ><div id=\"panel-11609-5-0-0\" class=\"so-panel widget widget_sow-editor panel-first-child panel-last-child\" data-index=\"10\" ><div\n\t\t\t\n\t\t\tclass=\"so-widget-sow-editor so-widget-sow-editor-base\"\n\t\t\t\n\t\t>\n<div class=\"siteorigin-widget-tinymce textwidget\">\n\t<hr \/>\n<h3 style=\"text-align: center;\">Pour aller plus loin<\/h3>\n<\/div>\n<\/div><\/div><\/div><\/div><\/div>","protected":false},"excerpt":{"rendered":"<p>Nombre de joueurs : 2 &#8211; 6 (7 avec extension) Dur\u00e9e moyenne : 30 min Age : 10 ans et plus Auteur(s) : Johannes Goupy Corentin Lebrat Illustrations : Maxime Morin \u00c9dition : Catch Up Games 2023 Version : Fran\u00e7aise<\/p>\n","protected":false},"author":2,"featured_media":11584,"parent":0,"menu_order":0,"comment_status":"closed","ping_status":"closed","template":"","meta":{"footnotes":""},"class_list":["post-11609","page","type-page","status-publish","has-post-thumbnail","hentry"],"acf":[],"rttpg_featured_image_url":{"full":["https:\/\/meeplendice.net\/wp-content\/uploads\/2023\/12\/Faraway.png",350,350,false],"landscape":["https:\/\/meeplendice.net\/wp-content\/uploads\/2023\/12\/Faraway.png",350,350,false],"portraits":["https:\/\/meeplendice.net\/wp-content\/uploads\/2023\/12\/Faraway.png",350,350,false],"thumbnail":["https:\/\/meeplendice.net\/wp-content\/uploads\/2023\/12\/Faraway-150x150.png",150,150,true],"medium":["https:\/\/meeplendice.net\/wp-content\/uploads\/2023\/12\/Faraway-300x300.png",300,300,true],"large":["https:\/\/meeplendice.net\/wp-content\/uploads\/2023\/12\/Faraway.png",350,350,false],"ug_big":["https:\/\/meeplendice.net\/wp-content\/uploads\/2023\/12\/Faraway.png",350,350,false],"1536x1536":["https:\/\/meeplendice.net\/wp-content\/uploads\/2023\/12\/Faraway.png",350,350,false],"2048x2048":["https:\/\/meeplendice.net\/wp-content\/uploads\/2023\/12\/Faraway.png",350,350,false],"ashe-slider-grid-thumbnail":["https:\/\/meeplendice.net\/wp-content\/uploads\/2023\/12\/Faraway.png",350,350,false],"ashe-full-thumbnail":["https:\/\/meeplendice.net\/wp-content\/uploads\/2023\/12\/Faraway.png",350,350,false],"ashe-grid-thumbnail":["https:\/\/meeplendice.net\/wp-content\/uploads\/2023\/12\/Faraway-350x330.png",350,330,true],"ashe-list-thumbnail":["https:\/\/meeplendice.net\/wp-content\/uploads\/2023\/12\/Faraway-300x300.png",300,300,true],"ashe-single-navigation":["https:\/\/meeplendice.net\/wp-content\/uploads\/2023\/12\/Faraway-75x75.png",75,75,true],"mailpoet_newsletter_max":["https:\/\/meeplendice.net\/wp-content\/uploads\/2023\/12\/Faraway.png",350,350,false],"rpwe-thumbnail":["https:\/\/meeplendice.net\/wp-content\/uploads\/2023\/12\/Faraway-45x45.png",45,45,true],"sow-carousel-default":["https:\/\/meeplendice.net\/wp-content\/uploads\/2023\/12\/Faraway-272x182.png",272,182,true],"rt_custom":["https:\/\/meeplendice.net\/wp-content\/uploads\/2023\/12\/Faraway.png",350,350,false]},"rttpg_author":{"display_name":"Karnby","author_link":"https:\/\/meeplendice.net\/?author=2"},"rttpg_comment":0,"rttpg_category":null,"rttpg_excerpt":"Nombre de joueurs : 2 - 6 (7 avec extension) Dur\u00e9e moyenne : 30 min Age : 10 ans et plus Auteur(s) : Johannes Goupy Corentin Lebrat Illustrations : Maxime Morin \u00c9dition : Catch Up Games 2023 Version : Fran\u00e7aise","_links":{"self":[{"href":"https:\/\/meeplendice.net\/index.php?rest_route=\/wp\/v2\/pages\/11609","targetHints":{"allow":["GET"]}}],"collection":[{"href":"https:\/\/meeplendice.net\/index.php?rest_route=\/wp\/v2\/pages"}],"about":[{"href":"https:\/\/meeplendice.net\/index.php?rest_route=\/wp\/v2\/types\/page"}],"author":[{"embeddable":true,"href":"https:\/\/meeplendice.net\/index.php?rest_route=\/wp\/v2\/users\/2"}],"replies":[{"embeddable":true,"href":"https:\/\/meeplendice.net\/index.php?rest_route=%2Fwp%2Fv2%2Fcomments&post=11609"}],"version-history":[{"count":5,"href":"https:\/\/meeplendice.net\/index.php?rest_route=\/wp\/v2\/pages\/11609\/revisions"}],"predecessor-version":[{"id":12986,"href":"https:\/\/meeplendice.net\/index.php?rest_route=\/wp\/v2\/pages\/11609\/revisions\/12986"}],"wp:featuredmedia":[{"embeddable":true,"href":"https:\/\/meeplendice.net\/index.php?rest_route=\/wp\/v2\/media\/11584"}],"wp:attachment":[{"href":"https:\/\/meeplendice.net\/index.php?rest_route=%2Fwp%2Fv2%2Fmedia&parent=11609"}],"curies":[{"name":"wp","href":"https:\/\/api.w.org\/{rel}","templated":true}]}}