{"id":11621,"date":"2023-12-05T16:54:02","date_gmt":"2023-12-05T15:54:02","guid":{"rendered":"https:\/\/meeplendice.net\/?page_id=11621"},"modified":"2023-12-23T19:32:30","modified_gmt":"2023-12-23T18:32:30","slug":"clash-of-magic-schools","status":"publish","type":"page","link":"https:\/\/meeplendice.net\/?page_id=11621","title":{"rendered":"Clash of Magic Schools"},"content":{"rendered":"<div id=\"pl-11621\"  class=\"panel-layout\" ><div id=\"pg-11621-0\"  class=\"panel-grid panel-no-style\" ><div id=\"pgc-11621-0-0\"  class=\"panel-grid-cell\" ><div id=\"panel-11621-0-0-0\" class=\"so-panel widget widget_sow-editor panel-first-child panel-last-child\" data-index=\"0\" ><div\n\t\t\t\n\t\t\tclass=\"so-widget-sow-editor so-widget-sow-editor-base\"\n\t\t\t\n\t\t>\n<div class=\"siteorigin-widget-tinymce textwidget\">\n\t<p style=\"text-align: center;\"><strong>Nombre de joueurs :<\/strong><br \/>\n2 - 2<\/p>\n<\/div>\n<\/div><\/div><\/div><div id=\"pgc-11621-0-1\"  class=\"panel-grid-cell\" ><div id=\"panel-11621-0-1-0\" class=\"so-panel widget widget_sow-editor panel-first-child panel-last-child\" data-index=\"1\" ><div\n\t\t\t\n\t\t\tclass=\"so-widget-sow-editor so-widget-sow-editor-base\"\n\t\t\t\n\t\t>\n<div class=\"siteorigin-widget-tinymce textwidget\">\n\t<p style=\"text-align: center;\"><strong>Dur\u00e9e moyenne :<\/strong><br \/>\n45 min<\/p>\n<\/div>\n<\/div><\/div><\/div><div id=\"pgc-11621-0-2\"  class=\"panel-grid-cell\" ><div id=\"panel-11621-0-2-0\" class=\"so-panel widget widget_sow-editor panel-first-child panel-last-child\" data-index=\"2\" ><div\n\t\t\t\n\t\t\tclass=\"so-widget-sow-editor so-widget-sow-editor-base\"\n\t\t\t\n\t\t>\n<div class=\"siteorigin-widget-tinymce textwidget\">\n\t<p style=\"text-align: center;\"><strong>Age :<\/strong><br \/>\n12 ans et plus<\/p>\n<\/div>\n<\/div><\/div><\/div><\/div><div id=\"pg-11621-1\"  class=\"panel-grid panel-no-style\" ><div id=\"pgc-11621-1-0\"  class=\"panel-grid-cell\" ><div id=\"panel-11621-1-0-0\" class=\"so-panel widget widget_sow-editor panel-first-child panel-last-child\" data-index=\"3\" ><div\n\t\t\t\n\t\t\tclass=\"so-widget-sow-editor so-widget-sow-editor-base\"\n\t\t\t\n\t\t>\n<div class=\"siteorigin-widget-tinymce textwidget\">\n\t<p style=\"text-align: center;\"><strong>Auteur(s) :<br \/>\n<\/strong><span class=\"data-siloing\" title=\"D\u00e9couvrez tous ces jeux\" data-siloing=\"https:\/\/www.philibertnet.com\/fr\/recherche?feature=31&amp;feature_value=Uwe Rosenberg\">Uwe Rosenberg<br \/>\n<\/span><span class=\"data-siloing\" title=\"Voir tous les jeux\" data-siloing=\"https:\/\/www.philibertnet.com\/fr\/recherche?feature=31&amp;feature_value=Hagen Dorgathen\">Hagen Dorgathen<\/span><\/p>\n<\/div>\n<\/div><\/div><\/div><div id=\"pgc-11621-1-1\"  class=\"panel-grid-cell\" ><div id=\"panel-11621-1-1-0\" class=\"so-panel widget widget_sow-editor panel-first-child panel-last-child\" data-index=\"4\" ><div\n\t\t\t\n\t\t\tclass=\"so-widget-sow-editor so-widget-sow-editor-base\"\n\t\t\t\n\t\t>\n<div class=\"siteorigin-widget-tinymce textwidget\">\n\t<p style=\"text-align: center;\"><strong>Illustrations :<\/strong><br \/>\n<span class=\"data-siloing\" title=\"D\u00e9couvrez tous ces jeux\" data-siloing=\"https:\/\/www.philibertnet.com\/fr\/recherche?feature=41&amp;feature_value=Na\u00efade\">Na\u00efade<\/span><\/p>\n<\/div>\n<\/div><\/div><\/div><div id=\"pgc-11621-1-2\"  class=\"panel-grid-cell\" ><div id=\"panel-11621-1-2-0\" class=\"so-panel widget widget_sow-editor panel-first-child panel-last-child\" data-index=\"5\" ><div\n\t\t\t\n\t\t\tclass=\"so-widget-sow-editor so-widget-sow-editor-base\"\n\t\t\t\n\t\t>\n<div class=\"siteorigin-widget-tinymce textwidget\">\n\t<p style=\"text-align: center;\"><strong>\u00c9dition :<\/strong><br \/>\nIello<br \/>\n2023<\/p>\n<\/div>\n<\/div><\/div><\/div><div id=\"pgc-11621-1-3\"  class=\"panel-grid-cell\" ><div id=\"panel-11621-1-3-0\" class=\"so-panel widget widget_sow-editor panel-first-child panel-last-child\" data-index=\"6\" ><div\n\t\t\t\n\t\t\tclass=\"so-widget-sow-editor so-widget-sow-editor-base\"\n\t\t\t\n\t\t>\n<div class=\"siteorigin-widget-tinymce textwidget\">\n\t<p style=\"text-align: center;\"><strong>Version :<\/strong><br \/>\nFran\u00e7aise<\/p>\n<\/div>\n<\/div><\/div><\/div><\/div><div id=\"pg-11621-2\"  class=\"panel-grid panel-no-style\" ><div id=\"pgc-11621-2-0\"  class=\"panel-grid-cell\" ><div id=\"panel-11621-2-0-0\" class=\"so-panel widget widget_sow-editor panel-first-child panel-last-child\" data-index=\"7\" ><div\n\t\t\t\n\t\t\tclass=\"so-widget-sow-editor so-widget-sow-editor-base\"\n\t\t\t\n\t\t>\n<div class=\"siteorigin-widget-tinymce textwidget\">\n\t<hr \/>\n<p><em>L'\u00e9cole de Blancgriffon forme depuis des g\u00e9n\u00e9rations les apprentis magiciens \u00e0 la ma\u00eetrise des arcanes de la terre, de l'eau, de l'air et du feu. Tous les trois ans, les plus brillants \u00e9l\u00e8ves de cette \u00e9cole sont envoy\u00e9s au Tournoi des Magiciens pour d\u00e9fendre avec ferveur les couleurs de leur \u00e9tablissement.<br \/>\nDe m\u00e9moire de sorcier, l'\u00e9cole de Dragombre est toujours sortie vainqueur de cette comp\u00e9tition. Mais cette ann\u00e9e pourrait bien s'av\u00e9rer diff\u00e9rente... Qui l'emportera ?<\/em><\/p>\n<p style=\"text-align: right;\"><em>Le C.H.M (Conseil des Hauts Magiciens).<\/em><\/p>\n<p>&nbsp;<\/p>\n<p>Dans ce jeu d'affrontement, chaque joueur incarne le directeur de l'une de ces \u00e9coles de magie, pr\u00eat \u00e0 tout pour que son institution remporte ce tournoi de renom. Usez de strat\u00e9gie pour vous hisser astucieusement jusqu'\u00e0 la victoire, mais m\u00e9fiez-vous de l'\u00e9cole adverse qui cherchera \u00e0 tout prix \u00e0 vous battre, quitte \u00e0 recourir aux sortil\u00e8ges interdit...<\/p>\n<p>Envoyez vos \u00e9l\u00e8ves s'affronter dans les diff\u00e9rentes ar\u00e8nes, faite leur passer les \u00e9preuves... et jetez des sorts pour emp\u00eacher votre adversaire d'avancer vers la victoire.<\/p>\n<\/div>\n<\/div><\/div><\/div><\/div><div id=\"pg-11621-3\"  class=\"panel-grid panel-no-style\" ><div id=\"pgc-11621-3-0\"  class=\"panel-grid-cell\" ><div id=\"panel-11621-3-0-0\" class=\"so-panel widget widget_sow-editor panel-first-child panel-last-child\" data-index=\"8\" ><div\n\t\t\t\n\t\t\tclass=\"so-widget-sow-editor so-widget-sow-editor-base\"\n\t\t\t\n\t\t>\n<div class=\"siteorigin-widget-tinymce textwidget\">\n\t<hr \/>\n<h3 style=\"text-align: center;\">En vid\u00e9o<\/h3>\n<p><a href=\"https:\/\/www.youtube.com\/watch?v=5xKbIJXUkos&amp;ab_channel=IELLO_France\" target=\"_blank\" rel=\"noopener\"><img loading=\"lazy\" decoding=\"async\" class=\"alignnone size-full wp-image-9090\" src=\"https:\/\/meeplendice.net\/wp-content\/uploads\/2022\/01\/Link_CJ_v2.png\" alt=\"\" width=\"200\" height=\"170\" \/><\/a><\/p>\n<\/div>\n<\/div><\/div><\/div><\/div><div id=\"pg-11621-4\"  class=\"panel-grid panel-no-style\" ><div id=\"pgc-11621-4-0\"  class=\"panel-grid-cell\" ><div id=\"panel-11621-4-0-0\" class=\"so-panel widget widget_sow-editor panel-first-child panel-last-child\" data-index=\"9\" ><div\n\t\t\t\n\t\t\tclass=\"so-widget-sow-editor so-widget-sow-editor-base\"\n\t\t\t\n\t\t>\n<div class=\"siteorigin-widget-tinymce textwidget\">\n\t<hr \/>\n<h3 style=\"text-align: center;\">Pour aller plus loin<\/h3>\n<\/div>\n<\/div><\/div><\/div><\/div><\/div>","protected":false},"excerpt":{"rendered":"<p>Nombre de joueurs : 2 &#8211; 2 Dur\u00e9e moyenne : 45 min Age : 12 ans et plus Auteur(s) : Uwe Rosenberg Hagen Dorgathen Illustrations : Na\u00efade \u00c9dition : Iello 2023 Version : Fran\u00e7aise<\/p>\n","protected":false},"author":2,"featured_media":11591,"parent":0,"menu_order":0,"comment_status":"closed","ping_status":"closed","template":"","meta":{"footnotes":""},"class_list":["post-11621","page","type-page","status-publish","has-post-thumbnail","hentry"],"acf":[],"rttpg_featured_image_url":{"full":["https:\/\/meeplendice.net\/wp-content\/uploads\/2023\/12\/Clash_of_Magic_Schools.png",350,350,false],"landscape":["https:\/\/meeplendice.net\/wp-content\/uploads\/2023\/12\/Clash_of_Magic_Schools.png",350,350,false],"portraits":["https:\/\/meeplendice.net\/wp-content\/uploads\/2023\/12\/Clash_of_Magic_Schools.png",350,350,false],"thumbnail":["https:\/\/meeplendice.net\/wp-content\/uploads\/2023\/12\/Clash_of_Magic_Schools-150x150.png",150,150,true],"medium":["https:\/\/meeplendice.net\/wp-content\/uploads\/2023\/12\/Clash_of_Magic_Schools-300x300.png",300,300,true],"large":["https:\/\/meeplendice.net\/wp-content\/uploads\/2023\/12\/Clash_of_Magic_Schools.png",350,350,false],"ug_big":["https:\/\/meeplendice.net\/wp-content\/uploads\/2023\/12\/Clash_of_Magic_Schools.png",350,350,false],"1536x1536":["https:\/\/meeplendice.net\/wp-content\/uploads\/2023\/12\/Clash_of_Magic_Schools.png",350,350,false],"2048x2048":["https:\/\/meeplendice.net\/wp-content\/uploads\/2023\/12\/Clash_of_Magic_Schools.png",350,350,false],"ashe-slider-grid-thumbnail":["https:\/\/meeplendice.net\/wp-content\/uploads\/2023\/12\/Clash_of_Magic_Schools.png",350,350,false],"ashe-full-thumbnail":["https:\/\/meeplendice.net\/wp-content\/uploads\/2023\/12\/Clash_of_Magic_Schools.png",350,350,false],"ashe-grid-thumbnail":["https:\/\/meeplendice.net\/wp-content\/uploads\/2023\/12\/Clash_of_Magic_Schools-350x330.png",350,330,true],"ashe-list-thumbnail":["https:\/\/meeplendice.net\/wp-content\/uploads\/2023\/12\/Clash_of_Magic_Schools-300x300.png",300,300,true],"ashe-single-navigation":["https:\/\/meeplendice.net\/wp-content\/uploads\/2023\/12\/Clash_of_Magic_Schools-75x75.png",75,75,true],"mailpoet_newsletter_max":["https:\/\/meeplendice.net\/wp-content\/uploads\/2023\/12\/Clash_of_Magic_Schools.png",350,350,false],"rpwe-thumbnail":["https:\/\/meeplendice.net\/wp-content\/uploads\/2023\/12\/Clash_of_Magic_Schools-45x45.png",45,45,true],"sow-carousel-default":["https:\/\/meeplendice.net\/wp-content\/uploads\/2023\/12\/Clash_of_Magic_Schools-272x182.png",272,182,true],"rt_custom":["https:\/\/meeplendice.net\/wp-content\/uploads\/2023\/12\/Clash_of_Magic_Schools.png",350,350,false]},"rttpg_author":{"display_name":"Karnby","author_link":"https:\/\/meeplendice.net\/?author=2"},"rttpg_comment":0,"rttpg_category":null,"rttpg_excerpt":"Nombre de joueurs : 2 - 2 Dur\u00e9e moyenne : 45 min Age : 12 ans et plus Auteur(s) : Uwe Rosenberg Hagen Dorgathen Illustrations : Na\u00efade \u00c9dition : Iello 2023 Version : Fran\u00e7aise","_links":{"self":[{"href":"https:\/\/meeplendice.net\/index.php?rest_route=\/wp\/v2\/pages\/11621","targetHints":{"allow":["GET"]}}],"collection":[{"href":"https:\/\/meeplendice.net\/index.php?rest_route=\/wp\/v2\/pages"}],"about":[{"href":"https:\/\/meeplendice.net\/index.php?rest_route=\/wp\/v2\/types\/page"}],"author":[{"embeddable":true,"href":"https:\/\/meeplendice.net\/index.php?rest_route=\/wp\/v2\/users\/2"}],"replies":[{"embeddable":true,"href":"https:\/\/meeplendice.net\/index.php?rest_route=%2Fwp%2Fv2%2Fcomments&post=11621"}],"version-history":[{"count":5,"href":"https:\/\/meeplendice.net\/index.php?rest_route=\/wp\/v2\/pages\/11621\/revisions"}],"predecessor-version":[{"id":11715,"href":"https:\/\/meeplendice.net\/index.php?rest_route=\/wp\/v2\/pages\/11621\/revisions\/11715"}],"wp:featuredmedia":[{"embeddable":true,"href":"https:\/\/meeplendice.net\/index.php?rest_route=\/wp\/v2\/media\/11591"}],"wp:attachment":[{"href":"https:\/\/meeplendice.net\/index.php?rest_route=%2Fwp%2Fv2%2Fmedia&parent=11621"}],"curies":[{"name":"wp","href":"https:\/\/api.w.org\/{rel}","templated":true}]}}