{"id":11639,"date":"2023-12-05T16:58:32","date_gmt":"2023-12-05T15:58:32","guid":{"rendered":"https:\/\/meeplendice.net\/?page_id=11639"},"modified":"2023-12-23T15:11:19","modified_gmt":"2023-12-23T14:11:19","slug":"evil-corp","status":"publish","type":"page","link":"https:\/\/meeplendice.net\/?page_id=11639","title":{"rendered":"Evil Corp"},"content":{"rendered":"<div id=\"pl-11639\"  class=\"panel-layout\" ><div id=\"pg-11639-0\"  class=\"panel-grid panel-no-style\" ><div id=\"pgc-11639-0-0\"  class=\"panel-grid-cell\" ><div id=\"panel-11639-0-0-0\" class=\"so-panel widget widget_sow-editor panel-first-child panel-last-child\" data-index=\"0\" ><div\n\t\t\t\n\t\t\tclass=\"so-widget-sow-editor so-widget-sow-editor-base\"\n\t\t\t\n\t\t>\n<div class=\"siteorigin-widget-tinymce textwidget\">\n\t<p style=\"text-align: center;\"><strong>Nombre de joueurs :<\/strong><br \/>\n2 - 4<\/p>\n<\/div>\n<\/div><\/div><\/div><div id=\"pgc-11639-0-1\"  class=\"panel-grid-cell\" ><div id=\"panel-11639-0-1-0\" class=\"so-panel widget widget_sow-editor panel-first-child panel-last-child\" data-index=\"1\" ><div\n\t\t\t\n\t\t\tclass=\"so-widget-sow-editor so-widget-sow-editor-base\"\n\t\t\t\n\t\t>\n<div class=\"siteorigin-widget-tinymce textwidget\">\n\t<p style=\"text-align: center;\"><strong>Dur\u00e9e moyenne :<\/strong><br \/>\n45 min<\/p>\n<\/div>\n<\/div><\/div><\/div><div id=\"pgc-11639-0-2\"  class=\"panel-grid-cell\" ><div id=\"panel-11639-0-2-0\" class=\"so-panel widget widget_sow-editor panel-first-child panel-last-child\" data-index=\"2\" ><div\n\t\t\t\n\t\t\tclass=\"so-widget-sow-editor so-widget-sow-editor-base\"\n\t\t\t\n\t\t>\n<div class=\"siteorigin-widget-tinymce textwidget\">\n\t<p style=\"text-align: center;\"><strong>Age :<\/strong><br \/>\n12 ans et plus<\/p>\n<\/div>\n<\/div><\/div><\/div><\/div><div id=\"pg-11639-1\"  class=\"panel-grid panel-no-style\" ><div id=\"pgc-11639-1-0\"  class=\"panel-grid-cell\" ><div id=\"panel-11639-1-0-0\" class=\"so-panel widget widget_sow-editor panel-first-child panel-last-child\" data-index=\"3\" ><div\n\t\t\t\n\t\t\tclass=\"so-widget-sow-editor so-widget-sow-editor-base\"\n\t\t\t\n\t\t>\n<div class=\"siteorigin-widget-tinymce textwidget\">\n\t<p style=\"text-align: center;\"><strong>Auteur(s) :<br \/>\n<\/strong><span class=\"data-siloing\" title=\"D\u00e9couvrez tous ces jeux\" data-siloing=\"https:\/\/www.philibertnet.com\/fr\/recherche?feature=31&amp;feature_value=Th\u00e9o Riviere\">J\u00e9r\u00e9my Ducret<\/span><\/p>\n<\/div>\n<\/div><\/div><\/div><div id=\"pgc-11639-1-1\"  class=\"panel-grid-cell\" ><div id=\"panel-11639-1-1-0\" class=\"so-panel widget widget_sow-editor panel-first-child panel-last-child\" data-index=\"4\" ><div\n\t\t\t\n\t\t\tclass=\"so-widget-sow-editor so-widget-sow-editor-base\"\n\t\t\t\n\t\t>\n<div class=\"siteorigin-widget-tinymce textwidget\">\n\t<p style=\"text-align: center;\"><strong>Illustrations :<\/strong><br \/>\n<span class=\"data-siloing\" title=\"D\u00e9couvrez tous ces jeux\" data-siloing=\"https:\/\/www.philibertnet.com\/fr\/recherche?feature=41&amp;feature_value=Olivier Derouetteau\">Olivier Derouetteau<\/span><br \/>\n<span class=\"data-siloing\" title=\"Voir tous les jeux\" data-siloing=\"https:\/\/www.philibertnet.com\/fr\/recherche?feature=41&amp;feature_value=Djib\">Djib<\/span><\/p>\n<\/div>\n<\/div><\/div><\/div><div id=\"pgc-11639-1-2\"  class=\"panel-grid-cell\" ><div id=\"panel-11639-1-2-0\" class=\"so-panel widget widget_sow-editor panel-first-child panel-last-child\" data-index=\"5\" ><div\n\t\t\t\n\t\t\tclass=\"so-widget-sow-editor so-widget-sow-editor-base\"\n\t\t\t\n\t\t>\n<div class=\"siteorigin-widget-tinymce textwidget\">\n\t<p style=\"text-align: center;\"><strong>\u00c9dition :<\/strong><br \/>\n<span class=\"data-siloing\" data-siloing=\"\n\n                                                            https:\/\/www.philibertnet.com\/fr\/1282_la-boite-de-jeu\n\n                            \">La Boite de Jeu<\/span><br \/>\n2023<\/p>\n<\/div>\n<\/div><\/div><\/div><div id=\"pgc-11639-1-3\"  class=\"panel-grid-cell\" ><div id=\"panel-11639-1-3-0\" class=\"so-panel widget widget_sow-editor panel-first-child panel-last-child\" data-index=\"6\" ><div\n\t\t\t\n\t\t\tclass=\"so-widget-sow-editor so-widget-sow-editor-base\"\n\t\t\t\n\t\t>\n<div class=\"siteorigin-widget-tinymce textwidget\">\n\t<p style=\"text-align: center;\"><strong>Version :<\/strong><br \/>\nFran\u00e7aise<\/p>\n<\/div>\n<\/div><\/div><\/div><\/div><div id=\"pg-11639-2\"  class=\"panel-grid panel-no-style\" ><div id=\"pgc-11639-2-0\"  class=\"panel-grid-cell\" ><div id=\"panel-11639-2-0-0\" class=\"so-panel widget widget_sow-editor panel-first-child panel-last-child\" data-index=\"7\" ><div\n\t\t\t\n\t\t\tclass=\"so-widget-sow-editor so-widget-sow-editor-base\"\n\t\t\t\n\t\t>\n<div class=\"siteorigin-widget-tinymce textwidget\">\n\t<hr \/>\n<p><em>\u00c0 la Evil Corp, nous travaillons depuis 666 g\u00e9n\u00e9rations \u00e0 effrayer les villages humains. Et quand il s\u2019agit de faire peur, nous sommes imbattables ! Chaque ann\u00e9e, nous organisons un s\u00e9minaire d\u2019\u00e9quipe o\u00f9 chacun des managers doit recruter une \u00e9quipe de monstres pour affronter ses coll\u00e8gues et d\u00e9montrer qu\u2019il est le meilleur pour terroriser les humains. Aurez-vous l\u2019\u00e9quipe la plus terrifiante de l\u2019ann\u00e9e ?<\/em><\/p>\n<div>Dans <em>Evil Corp<\/em>, le premier joueur (ou la premi\u00e8re \u00e9quipe \u00e0 2 vs 2) \u00e0 contr\u00f4ler 2 villages sera d\u00e9clar\u00e9 vainqueur de la partie<\/div>\n<div>Envoyez vos troupes de monstres effrayer les villageois, plus que votre adversaire, au point que leur village devienne le v\u00f4tre. Pendant votre tour, vous pouvez effectuer une action parmi :<\/div>\n<div>- Envoyer un monstre (une tuile) dans un des 2 villages adjacents<br \/>\n- Recruter une nouvelle tuile Monstre au centre d\u2019emploi des Monstres (parmi les 45 monstres diff\u00e9rents)<br \/>\n- Activer un pouvoir de monstre...<\/div>\n<p><\/p>\n<div>Selon l\u2019endroit o\u00f9 les monstres sont plac\u00e9s, ils vous accorderont des bonus : Avancer sur la piste de la peur en fonction de la force du monstre (pour contr\u00f4ler un village), utiliser la Magie, gagner de l'or....<\/div>\n<p><\/p>\n<div>Lorsque vous n\u2019avez plus d\u2019action disponible, ou lorsque vous le souhaitez, vous pouvez passer votre tour. Cela mettra fin \u00e0 la manche pour vous. Les autres joueurs continueront de jouer jusqu\u2019\u00e0 passer leur tour \u00e9galement : attention \u00e0 ne pas leur laisser trop de marge ! Lorsque tous les joueurs ont pass\u00e9, la manche se termine. Regardez alors si des villages ont \u00e9t\u00e9 conquis.<\/div>\n<\/div>\n<\/div><\/div><\/div><\/div><div id=\"pg-11639-3\"  class=\"panel-grid panel-no-style\" ><div id=\"pgc-11639-3-0\"  class=\"panel-grid-cell\" ><div id=\"panel-11639-3-0-0\" class=\"so-panel widget widget_sow-editor panel-first-child panel-last-child\" data-index=\"8\" ><div\n\t\t\t\n\t\t\tclass=\"so-widget-sow-editor so-widget-sow-editor-base\"\n\t\t\t\n\t\t>\n<div class=\"siteorigin-widget-tinymce textwidget\">\n\t<hr \/>\n<h3 style=\"text-align: center;\">En vid\u00e9o<\/h3>\n<p><a href=\"https:\/\/www.youtube.com\/embed\/8nn1Dh5KTaA\" target=\"_blank\" rel=\"noopener\"><img loading=\"lazy\" decoding=\"async\" class=\"alignnone size-full wp-image-9090\" src=\"https:\/\/meeplendice.net\/wp-content\/uploads\/2022\/01\/Link_CJ_v2.png\" alt=\"\" width=\"200\" height=\"170\" \/><\/a><\/p>\n<\/div>\n<\/div><\/div><\/div><\/div><div id=\"pg-11639-4\"  class=\"panel-grid panel-no-style\" ><div id=\"pgc-11639-4-0\"  class=\"panel-grid-cell\" ><div id=\"panel-11639-4-0-0\" class=\"so-panel widget widget_sow-editor panel-first-child panel-last-child\" data-index=\"9\" ><div\n\t\t\t\n\t\t\tclass=\"so-widget-sow-editor so-widget-sow-editor-base\"\n\t\t\t\n\t\t>\n<div class=\"siteorigin-widget-tinymce textwidget\">\n\t<hr \/>\n<h3 style=\"text-align: center;\">Pour aller plus loin<\/h3>\n<\/div>\n<\/div><\/div><\/div><\/div><\/div>","protected":false},"excerpt":{"rendered":"<p>Nombre de joueurs : 2 &#8211; 4 Dur\u00e9e moyenne : 45 min Age : 12 ans et plus Auteur(s) : J\u00e9r\u00e9my Ducret Illustrations : Olivier Derouetteau Djib \u00c9dition : La Boite de Jeu 2023 Version : Fran\u00e7aise<\/p>\n","protected":false},"author":2,"featured_media":11597,"parent":0,"menu_order":0,"comment_status":"closed","ping_status":"closed","template":"","meta":{"footnotes":""},"class_list":["post-11639","page","type-page","status-publish","has-post-thumbnail","hentry"],"acf":[],"rttpg_featured_image_url":{"full":["https:\/\/meeplendice.net\/wp-content\/uploads\/2023\/12\/Evil_Corp.png",350,350,false],"landscape":["https:\/\/meeplendice.net\/wp-content\/uploads\/2023\/12\/Evil_Corp.png",350,350,false],"portraits":["https:\/\/meeplendice.net\/wp-content\/uploads\/2023\/12\/Evil_Corp.png",350,350,false],"thumbnail":["https:\/\/meeplendice.net\/wp-content\/uploads\/2023\/12\/Evil_Corp-150x150.png",150,150,true],"medium":["https:\/\/meeplendice.net\/wp-content\/uploads\/2023\/12\/Evil_Corp-300x300.png",300,300,true],"large":["https:\/\/meeplendice.net\/wp-content\/uploads\/2023\/12\/Evil_Corp.png",350,350,false],"ug_big":["https:\/\/meeplendice.net\/wp-content\/uploads\/2023\/12\/Evil_Corp.png",350,350,false],"1536x1536":["https:\/\/meeplendice.net\/wp-content\/uploads\/2023\/12\/Evil_Corp.png",350,350,false],"2048x2048":["https:\/\/meeplendice.net\/wp-content\/uploads\/2023\/12\/Evil_Corp.png",350,350,false],"ashe-slider-grid-thumbnail":["https:\/\/meeplendice.net\/wp-content\/uploads\/2023\/12\/Evil_Corp.png",350,350,false],"ashe-full-thumbnail":["https:\/\/meeplendice.net\/wp-content\/uploads\/2023\/12\/Evil_Corp.png",350,350,false],"ashe-grid-thumbnail":["https:\/\/meeplendice.net\/wp-content\/uploads\/2023\/12\/Evil_Corp-350x330.png",350,330,true],"ashe-list-thumbnail":["https:\/\/meeplendice.net\/wp-content\/uploads\/2023\/12\/Evil_Corp-300x300.png",300,300,true],"ashe-single-navigation":["https:\/\/meeplendice.net\/wp-content\/uploads\/2023\/12\/Evil_Corp-75x75.png",75,75,true],"mailpoet_newsletter_max":["https:\/\/meeplendice.net\/wp-content\/uploads\/2023\/12\/Evil_Corp.png",350,350,false],"rpwe-thumbnail":["https:\/\/meeplendice.net\/wp-content\/uploads\/2023\/12\/Evil_Corp-45x45.png",45,45,true],"sow-carousel-default":["https:\/\/meeplendice.net\/wp-content\/uploads\/2023\/12\/Evil_Corp-272x182.png",272,182,true],"rt_custom":["https:\/\/meeplendice.net\/wp-content\/uploads\/2023\/12\/Evil_Corp.png",350,350,false]},"rttpg_author":{"display_name":"Karnby","author_link":"https:\/\/meeplendice.net\/?author=2"},"rttpg_comment":0,"rttpg_category":null,"rttpg_excerpt":"Nombre de joueurs : 2 - 4 Dur\u00e9e moyenne : 45 min Age : 12 ans et plus Auteur(s) : J\u00e9r\u00e9my Ducret Illustrations : Olivier Derouetteau Djib \u00c9dition : La Boite de Jeu 2023 Version : Fran\u00e7aise","_links":{"self":[{"href":"https:\/\/meeplendice.net\/index.php?rest_route=\/wp\/v2\/pages\/11639","targetHints":{"allow":["GET"]}}],"collection":[{"href":"https:\/\/meeplendice.net\/index.php?rest_route=\/wp\/v2\/pages"}],"about":[{"href":"https:\/\/meeplendice.net\/index.php?rest_route=\/wp\/v2\/types\/page"}],"author":[{"embeddable":true,"href":"https:\/\/meeplendice.net\/index.php?rest_route=\/wp\/v2\/users\/2"}],"replies":[{"embeddable":true,"href":"https:\/\/meeplendice.net\/index.php?rest_route=%2Fwp%2Fv2%2Fcomments&post=11639"}],"version-history":[{"count":7,"href":"https:\/\/meeplendice.net\/index.php?rest_route=\/wp\/v2\/pages\/11639\/revisions"}],"predecessor-version":[{"id":11684,"href":"https:\/\/meeplendice.net\/index.php?rest_route=\/wp\/v2\/pages\/11639\/revisions\/11684"}],"wp:featuredmedia":[{"embeddable":true,"href":"https:\/\/meeplendice.net\/index.php?rest_route=\/wp\/v2\/media\/11597"}],"wp:attachment":[{"href":"https:\/\/meeplendice.net\/index.php?rest_route=%2Fwp%2Fv2%2Fmedia&parent=11639"}],"curies":[{"name":"wp","href":"https:\/\/api.w.org\/{rel}","templated":true}]}}