{"id":11938,"date":"2024-03-31T13:59:28","date_gmt":"2024-03-31T12:59:28","guid":{"rendered":"https:\/\/meeplendice.net\/?page_id=11938"},"modified":"2024-03-31T14:08:09","modified_gmt":"2024-03-31T13:08:09","slug":"familiar-tales","status":"publish","type":"page","link":"https:\/\/meeplendice.net\/?page_id=11938","title":{"rendered":"Familiar Tales"},"content":{"rendered":"<div id=\"pl-11938\"  class=\"panel-layout\" ><div id=\"pg-11938-0\"  class=\"panel-grid panel-no-style\" ><div id=\"pgc-11938-0-0\"  class=\"panel-grid-cell\" ><div id=\"panel-11938-0-0-0\" class=\"so-panel widget widget_sow-editor panel-first-child panel-last-child\" data-index=\"0\" ><div\n\t\t\t\n\t\t\tclass=\"so-widget-sow-editor so-widget-sow-editor-base\"\n\t\t\t\n\t\t>\n<div class=\"siteorigin-widget-tinymce textwidget\">\n\t<p style=\"text-align: center;\"><strong>Nombre de joueurs :<\/strong><br \/>\n1 - 4<\/p>\n<\/div>\n<\/div><\/div><\/div><div id=\"pgc-11938-0-1\"  class=\"panel-grid-cell\" ><div id=\"panel-11938-0-1-0\" class=\"so-panel widget widget_sow-editor panel-first-child panel-last-child\" data-index=\"1\" ><div\n\t\t\t\n\t\t\tclass=\"so-widget-sow-editor so-widget-sow-editor-base\"\n\t\t\t\n\t\t>\n<div class=\"siteorigin-widget-tinymce textwidget\">\n\t<p style=\"text-align: center;\"><strong>Dur\u00e9e moyenne :<\/strong><br \/>\n60 min<\/p>\n<\/div>\n<\/div><\/div><\/div><div id=\"pgc-11938-0-2\"  class=\"panel-grid-cell\" ><div id=\"panel-11938-0-2-0\" class=\"so-panel widget widget_sow-editor panel-first-child panel-last-child\" data-index=\"2\" ><div\n\t\t\t\n\t\t\tclass=\"so-widget-sow-editor so-widget-sow-editor-base\"\n\t\t\t\n\t\t>\n<div class=\"siteorigin-widget-tinymce textwidget\">\n\t<p style=\"text-align: center;\"><strong>Age :<\/strong><br \/>\n8 ans et plus<\/p>\n<\/div>\n<\/div><\/div><\/div><\/div><div id=\"pg-11938-1\"  class=\"panel-grid panel-no-style\" ><div id=\"pgc-11938-1-0\"  class=\"panel-grid-cell\" ><div id=\"panel-11938-1-0-0\" class=\"so-panel widget widget_sow-editor panel-first-child panel-last-child\" data-index=\"3\" ><div\n\t\t\t\n\t\t\tclass=\"so-widget-sow-editor so-widget-sow-editor-base\"\n\t\t\t\n\t\t>\n<div class=\"siteorigin-widget-tinymce textwidget\">\n\t<p style=\"text-align: center;\"><strong>Auteur(s) :<br \/>\n<\/strong><span class=\"data-siloing\" title=\"D\u00e9couvrez tous ces jeux\" data-siloing=\"https:\/\/www.philibertnet.com\/fr\/recherche?feature=31&amp;feature_value=Jerry Hawthorne\">Jerry Hawthorne<\/span><\/p>\n<\/div>\n<\/div><\/div><\/div><div id=\"pgc-11938-1-1\"  class=\"panel-grid-cell\" ><div id=\"panel-11938-1-1-0\" class=\"so-panel widget widget_sow-editor panel-first-child panel-last-child\" data-index=\"4\" ><div\n\t\t\t\n\t\t\tclass=\"so-widget-sow-editor so-widget-sow-editor-base\"\n\t\t\t\n\t\t>\n<div class=\"siteorigin-widget-tinymce textwidget\">\n\t<p style=\"text-align: center;\"><strong>Illustrations :<\/strong><br \/>\n<span class=\"data-siloing\" title=\"D\u00e9couvrez tous ces jeux\" data-siloing=\"https:\/\/www.philibertnet.com\/fr\/recherche?feature=41&amp;feature_value=JJ Ariosa\">JJ Ariosa<br \/>\n<\/span><span class=\"data-siloing\" title=\"Voir tous les jeux\" data-siloing=\"https:\/\/www.philibertnet.com\/fr\/recherche?feature=41&amp;feature_value=Tregis\">Tregis<br \/>\n<\/span><span class=\"data-siloing\" title=\"Voir tous les jeux\" data-siloing=\"https:\/\/www.philibertnet.com\/fr\/recherche?feature=41&amp;feature_value=Fajareka Setiawan\">Fajareka Setiawan<br \/>\n<\/span><span class=\"data-siloing\" title=\"Voir tous les jeux\" data-siloing=\"https:\/\/www.philibertnet.com\/fr\/recherche?feature=41&amp;feature_value=Dan Smith\">Dan Smith<br \/>\n<\/span><span class=\"data-siloing\" title=\"Voir tous les jeux\" data-siloing=\"https:\/\/www.philibertnet.com\/fr\/recherche?feature=41&amp;feature_value=Vanessa Morales\">Vanessa Morales<\/span><\/p>\n<\/div>\n<\/div><\/div><\/div><div id=\"pgc-11938-1-2\"  class=\"panel-grid-cell\" ><div id=\"panel-11938-1-2-0\" class=\"so-panel widget widget_sow-editor panel-first-child panel-last-child\" data-index=\"5\" ><div\n\t\t\t\n\t\t\tclass=\"so-widget-sow-editor so-widget-sow-editor-base\"\n\t\t\t\n\t\t>\n<div class=\"siteorigin-widget-tinymce textwidget\">\n\t<p style=\"text-align: center;\"><strong>\u00c9dition :<\/strong><br \/>\n<span class=\"data-siloing\" data-siloing=\" https:\/\/www.philibertnet.com\/fr\/2213_gate-on-games \">Plaid Hat Games<br \/>\n2022<\/span><\/p>\n<\/div>\n<\/div><\/div><\/div><div id=\"pgc-11938-1-3\"  class=\"panel-grid-cell\" ><div id=\"panel-11938-1-3-0\" class=\"so-panel widget widget_sow-editor panel-first-child panel-last-child\" data-index=\"6\" ><div\n\t\t\t\n\t\t\tclass=\"so-widget-sow-editor so-widget-sow-editor-base\"\n\t\t\t\n\t\t>\n<div class=\"siteorigin-widget-tinymce textwidget\">\n\t<p style=\"text-align: center;\"><strong>Version :<\/strong><br \/>\nFran\u00e7aise<\/p>\n<\/div>\n<\/div><\/div><\/div><\/div><div id=\"pg-11938-2\"  class=\"panel-grid panel-no-style\" ><div id=\"pgc-11938-2-0\"  class=\"panel-grid-cell\" ><div id=\"panel-11938-2-0-0\" class=\"so-panel widget widget_sow-editor panel-first-child panel-last-child\" data-index=\"7\" ><div\n\t\t\t\n\t\t\tclass=\"so-widget-sow-editor so-widget-sow-editor-base\"\n\t\t\t\n\t\t>\n<div class=\"siteorigin-widget-tinymce textwidget\">\n\t<hr \/>\n<p><em>Dans le royaume lointain de Principalia, des forces obscures ont remplac\u00e9 la famille royale. Un par un, les membres de la lign\u00e9e ont \u00e9t\u00e9 \u00e9limin\u00e9s, jusqu'\u00e0 ce qu'il ne reste qu'un nourrisson, dernier h\u00e9ritier du tr\u00f4ne. Le royaume \u00e9tant d\u00e9sormais p\u00e9trifi\u00e9 de peur, les braves familiers d'un sorcier sont les seuls capables de prot\u00e9ger l'innocente descendante royale, menac\u00e9e par un usurpateur mal\u00e9fique.<\/em><\/p>\n<p><em>Familiar Tale<\/em> est un jeu narratif palpitant o\u00f9 les joueurs incarnent des familiers d'un sorcier charg\u00e9s de sauver et d'\u00e9lever une princesse exil\u00e9e, pourchass\u00e9e par des forces mal\u00e9fiques qui veulent sa mort. Mais les familiers ne devront pas se contenter d'assurer la survie de l'enfant : chacun de leurs choix affectera l'h\u00e9riti\u00e8re dont ils ont la charge !<\/p>\n<p>Une fois la qu\u00eate des familiers men\u00e9e \u00e0 bien quel genre de reine la princesse deviendra-t-elle ?<\/p>\n<\/div>\n<\/div><\/div><\/div><\/div><div id=\"pg-11938-3\"  class=\"panel-grid panel-no-style\" ><div id=\"pgc-11938-3-0\"  class=\"panel-grid-cell\" ><div id=\"panel-11938-3-0-0\" class=\"so-panel widget widget_sow-editor panel-first-child panel-last-child\" data-index=\"8\" ><div\n\t\t\t\n\t\t\tclass=\"so-widget-sow-editor so-widget-sow-editor-base\"\n\t\t\t\n\t\t>\n<div class=\"siteorigin-widget-tinymce textwidget\">\n\t<hr \/>\n<h3 style=\"text-align: center;\">En vid\u00e9o<\/h3>\n<\/div>\n<\/div><\/div><\/div><\/div><div id=\"pg-11938-4\"  class=\"panel-grid panel-no-style\" ><div id=\"pgc-11938-4-0\"  class=\"panel-grid-cell\" ><div id=\"panel-11938-4-0-0\" class=\"so-panel widget widget_sow-editor panel-first-child panel-last-child\" data-index=\"9\" ><div\n\t\t\t\n\t\t\tclass=\"so-widget-sow-editor so-widget-sow-editor-base\"\n\t\t\t\n\t\t>\n<div class=\"siteorigin-widget-tinymce textwidget\">\n\t<hr \/>\n<h3 style=\"text-align: center;\">Pour aller plus loin<\/h3>\n<\/div>\n<\/div><\/div><\/div><\/div><\/div>","protected":false},"excerpt":{"rendered":"<p>Nombre de joueurs : 1 &#8211; 4 Dur\u00e9e moyenne : 60 min Age : 8 ans et plus Auteur(s) : Jerry Hawthorne Illustrations : JJ Ariosa Tregis Fajareka Setiawan Dan Smith Vanessa Morales \u00c9dition : Plaid Hat Games 2022 Version : Fran\u00e7aise<\/p>\n","protected":false},"author":2,"featured_media":11879,"parent":0,"menu_order":0,"comment_status":"closed","ping_status":"closed","template":"","meta":{"footnotes":""},"class_list":["post-11938","page","type-page","status-publish","has-post-thumbnail","hentry"],"acf":[],"rttpg_featured_image_url":{"full":["https:\/\/meeplendice.net\/wp-content\/uploads\/2024\/03\/Familiar_Tales.png",350,350,false],"landscape":["https:\/\/meeplendice.net\/wp-content\/uploads\/2024\/03\/Familiar_Tales.png",350,350,false],"portraits":["https:\/\/meeplendice.net\/wp-content\/uploads\/2024\/03\/Familiar_Tales.png",350,350,false],"thumbnail":["https:\/\/meeplendice.net\/wp-content\/uploads\/2024\/03\/Familiar_Tales-150x150.png",150,150,true],"medium":["https:\/\/meeplendice.net\/wp-content\/uploads\/2024\/03\/Familiar_Tales-300x300.png",300,300,true],"large":["https:\/\/meeplendice.net\/wp-content\/uploads\/2024\/03\/Familiar_Tales.png",350,350,false],"ug_big":["https:\/\/meeplendice.net\/wp-content\/uploads\/2024\/03\/Familiar_Tales.png",350,350,false],"1536x1536":["https:\/\/meeplendice.net\/wp-content\/uploads\/2024\/03\/Familiar_Tales.png",350,350,false],"2048x2048":["https:\/\/meeplendice.net\/wp-content\/uploads\/2024\/03\/Familiar_Tales.png",350,350,false],"ashe-slider-grid-thumbnail":["https:\/\/meeplendice.net\/wp-content\/uploads\/2024\/03\/Familiar_Tales.png",350,350,false],"ashe-full-thumbnail":["https:\/\/meeplendice.net\/wp-content\/uploads\/2024\/03\/Familiar_Tales.png",350,350,false],"ashe-grid-thumbnail":["https:\/\/meeplendice.net\/wp-content\/uploads\/2024\/03\/Familiar_Tales-350x330.png",350,330,true],"ashe-list-thumbnail":["https:\/\/meeplendice.net\/wp-content\/uploads\/2024\/03\/Familiar_Tales-300x300.png",300,300,true],"ashe-single-navigation":["https:\/\/meeplendice.net\/wp-content\/uploads\/2024\/03\/Familiar_Tales-75x75.png",75,75,true],"mailpoet_newsletter_max":["https:\/\/meeplendice.net\/wp-content\/uploads\/2024\/03\/Familiar_Tales.png",350,350,false],"rpwe-thumbnail":["https:\/\/meeplendice.net\/wp-content\/uploads\/2024\/03\/Familiar_Tales-45x45.png",45,45,true],"sow-carousel-default":["https:\/\/meeplendice.net\/wp-content\/uploads\/2024\/03\/Familiar_Tales-272x182.png",272,182,true],"rt_custom":["https:\/\/meeplendice.net\/wp-content\/uploads\/2024\/03\/Familiar_Tales.png",350,350,false]},"rttpg_author":{"display_name":"Karnby","author_link":"https:\/\/meeplendice.net\/?author=2"},"rttpg_comment":0,"rttpg_category":null,"rttpg_excerpt":"Nombre de joueurs : 1 - 4 Dur\u00e9e moyenne : 60 min Age : 8 ans et plus Auteur(s) : Jerry Hawthorne Illustrations : JJ Ariosa Tregis Fajareka Setiawan Dan Smith Vanessa Morales \u00c9dition : Plaid Hat Games 2022 Version : Fran\u00e7aise","_links":{"self":[{"href":"https:\/\/meeplendice.net\/index.php?rest_route=\/wp\/v2\/pages\/11938","targetHints":{"allow":["GET"]}}],"collection":[{"href":"https:\/\/meeplendice.net\/index.php?rest_route=\/wp\/v2\/pages"}],"about":[{"href":"https:\/\/meeplendice.net\/index.php?rest_route=\/wp\/v2\/types\/page"}],"author":[{"embeddable":true,"href":"https:\/\/meeplendice.net\/index.php?rest_route=\/wp\/v2\/users\/2"}],"replies":[{"embeddable":true,"href":"https:\/\/meeplendice.net\/index.php?rest_route=%2Fwp%2Fv2%2Fcomments&post=11938"}],"version-history":[{"count":3,"href":"https:\/\/meeplendice.net\/index.php?rest_route=\/wp\/v2\/pages\/11938\/revisions"}],"predecessor-version":[{"id":11941,"href":"https:\/\/meeplendice.net\/index.php?rest_route=\/wp\/v2\/pages\/11938\/revisions\/11941"}],"wp:featuredmedia":[{"embeddable":true,"href":"https:\/\/meeplendice.net\/index.php?rest_route=\/wp\/v2\/media\/11879"}],"wp:attachment":[{"href":"https:\/\/meeplendice.net\/index.php?rest_route=%2Fwp%2Fv2%2Fmedia&parent=11938"}],"curies":[{"name":"wp","href":"https:\/\/api.w.org\/{rel}","templated":true}]}}