{"id":11943,"date":"2024-03-31T14:15:04","date_gmt":"2024-03-31T13:15:04","guid":{"rendered":"https:\/\/meeplendice.net\/?page_id=11943"},"modified":"2024-03-31T14:33:05","modified_gmt":"2024-03-31T13:33:05","slug":"vagrantsong-2","status":"publish","type":"page","link":"https:\/\/meeplendice.net\/?page_id=11943","title":{"rendered":"Vagrantsong"},"content":{"rendered":"<div id=\"pl-11943\"  class=\"panel-layout\" ><div id=\"pg-11943-0\"  class=\"panel-grid panel-no-style\" ><div id=\"pgc-11943-0-0\"  class=\"panel-grid-cell\" ><div id=\"panel-11943-0-0-0\" class=\"so-panel widget widget_sow-editor panel-first-child panel-last-child\" data-index=\"0\" ><div\n\t\t\t\n\t\t\tclass=\"so-widget-sow-editor so-widget-sow-editor-base\"\n\t\t\t\n\t\t>\n<div class=\"siteorigin-widget-tinymce textwidget\">\n\t<p style=\"text-align: center;\"><strong>Nombre de joueurs :<\/strong><br \/>\n2 - 4<\/p>\n<\/div>\n<\/div><\/div><\/div><div id=\"pgc-11943-0-1\"  class=\"panel-grid-cell\" ><div id=\"panel-11943-0-1-0\" class=\"so-panel widget widget_sow-editor panel-first-child panel-last-child\" data-index=\"1\" ><div\n\t\t\t\n\t\t\tclass=\"so-widget-sow-editor so-widget-sow-editor-base\"\n\t\t\t\n\t\t>\n<div class=\"siteorigin-widget-tinymce textwidget\">\n\t<p style=\"text-align: center;\"><strong>Dur\u00e9e moyenne :<\/strong><br \/>\n180 min<\/p>\n<\/div>\n<\/div><\/div><\/div><div id=\"pgc-11943-0-2\"  class=\"panel-grid-cell\" ><div id=\"panel-11943-0-2-0\" class=\"so-panel widget widget_sow-editor panel-first-child panel-last-child\" data-index=\"2\" ><div\n\t\t\t\n\t\t\tclass=\"so-widget-sow-editor so-widget-sow-editor-base\"\n\t\t\t\n\t\t>\n<div class=\"siteorigin-widget-tinymce textwidget\">\n\t<p style=\"text-align: center;\"><strong>Age :<\/strong><br \/>\n14 ans et plus<\/p>\n<\/div>\n<\/div><\/div><\/div><\/div><div id=\"pg-11943-1\"  class=\"panel-grid panel-no-style\" ><div id=\"pgc-11943-1-0\"  class=\"panel-grid-cell\" ><div id=\"panel-11943-1-0-0\" class=\"so-panel widget widget_sow-editor panel-first-child panel-last-child\" data-index=\"3\" ><div\n\t\t\t\n\t\t\tclass=\"so-widget-sow-editor so-widget-sow-editor-base\"\n\t\t\t\n\t\t>\n<div class=\"siteorigin-widget-tinymce textwidget\">\n\t<p style=\"text-align: center;\"><strong>Auteur(s) :<br \/>\n<\/strong><span class=\"data-siloing\" title=\"D\u00e9couvrez tous ces jeux\" data-siloing=\"https:\/\/www.philibertnet.com\/fr\/recherche?feature=31&amp;feature_value=Matt Carter\">\u00a0<span class=\"data-siloing\" title=\"Voir tous les jeux\" data-siloing=\"https:\/\/www.philibertnet.com\/fr\/recherche?feature=31&amp;feature_value=Kyle Rowan\">Kyle Rowan<\/span><br \/>\nMatt Carter<\/span><br \/>\nJ<span class=\"data-siloing\" title=\"Voir tous les jeux\" data-siloing=\"https:\/\/www.philibertnet.com\/fr\/recherche?feature=31&amp;feature_value=Justin Gibbs\">ustin Gibbs<\/span><\/p>\n<\/div>\n<\/div><\/div><\/div><div id=\"pgc-11943-1-1\"  class=\"panel-grid-cell\" ><div id=\"panel-11943-1-1-0\" class=\"so-panel widget widget_sow-editor panel-first-child panel-last-child\" data-index=\"4\" ><div\n\t\t\t\n\t\t\tclass=\"so-widget-sow-editor so-widget-sow-editor-base\"\n\t\t\t\n\t\t>\n<div class=\"siteorigin-widget-tinymce textwidget\">\n\t<p style=\"text-align: center;\"><strong>Illustrations :<\/strong><br \/>\n<span class=\"data-siloing\" title=\"D\u00e9couvrez tous ces jeux\" data-siloing=\"https:\/\/www.philibertnet.com\/fr\/recherche?feature=41&amp;feature_value=Nguyen Mai Diem\">Nguyen Mai Diem<\/span><\/p>\n<\/div>\n<\/div><\/div><\/div><div id=\"pgc-11943-1-2\"  class=\"panel-grid-cell\" ><div id=\"panel-11943-1-2-0\" class=\"so-panel widget widget_sow-editor panel-first-child panel-last-child\" data-index=\"5\" ><div\n\t\t\t\n\t\t\tclass=\"so-widget-sow-editor so-widget-sow-editor-base\"\n\t\t\t\n\t\t>\n<div class=\"siteorigin-widget-tinymce textwidget\">\n\t<p style=\"text-align: center;\"><strong>\u00c9dition :<\/strong><br \/>\n<span class=\"data-siloing\" data-siloing=\" https:\/\/www.philibertnet.com\/fr\/2213_gate-on-games \">Lucky Duck Games<br \/>\n2023<\/span><\/p>\n<\/div>\n<\/div><\/div><\/div><div id=\"pgc-11943-1-3\"  class=\"panel-grid-cell\" ><div id=\"panel-11943-1-3-0\" class=\"so-panel widget widget_sow-editor panel-first-child panel-last-child\" data-index=\"6\" ><div\n\t\t\t\n\t\t\tclass=\"so-widget-sow-editor so-widget-sow-editor-base\"\n\t\t\t\n\t\t>\n<div class=\"siteorigin-widget-tinymce textwidget\">\n\t<p style=\"text-align: center;\"><strong>Version :<\/strong><br \/>\nFran\u00e7aise<\/p>\n<\/div>\n<\/div><\/div><\/div><\/div><div id=\"pg-11943-2\"  class=\"panel-grid panel-no-style\" ><div id=\"pgc-11943-2-0\"  class=\"panel-grid-cell\" ><div id=\"panel-11943-2-0-0\" class=\"so-panel widget widget_sow-editor panel-first-child panel-last-child\" data-index=\"7\" ><div\n\t\t\t\n\t\t\tclass=\"so-widget-sow-editor so-widget-sow-editor-base\"\n\t\t\t\n\t\t>\n<div class=\"siteorigin-widget-tinymce textwidget\">\n\t<hr \/>\n<p><em>T'as pas dormi depuis belle lurette,<br \/>\nSoudain, un train siffle derri\u00e8re la cr\u00eate,<br \/>\nD'un bleu spectral, ses phares luisent dans la nuit<br \/>\nGrimpe donc \u00e0 bord, ou commencent les ennuis. <\/em><\/p>\n<p><em>Avide de poursuivre vos r\u00eaves ou d'\u00e9chapper au pass\u00e9, vous sautez \u00e0 bord du Silver Ferryman. Vous apercevez une main amicale : un gant blanc, une peau parchemin\u00e9e... un air de violon terriblement entra\u00eenant... Ca donne envie de rester ici pour toujours.<\/em><\/p>\n<p><em>Vagrantsong<\/em> est un jeu narratif dans lequel vous endosser le r\u00f4le de vagabonds qui se retrouvent prisonniers \u00e0 bord d'un train fant\u00f4me. Vous devrez \u0153uvrer de concert afin d'affronter vos peurs et de r\u00e9soudre les myst\u00e8res dissimul\u00e9s dans votre nouvel environnement.<\/p>\n<p>Vous vous rendrez vite compte que vous n'\u00eates pas tout seuls \u00e0 bord de cette locomotive. Les revenants, des esprits \u00e9gar\u00e9s bloqu\u00e9s entre la vie et la mort, sont coinc\u00e9s comme vous dans le train. Ils ne reculeront devant rien afin de s\u2019assurer que vous les accompagnerez... pour toujours. A la fin de la partie, vous ne serez plus les m\u00eames.<\/p>\n<p>Et maintenant, attrapez vos baluchons, c'est l'heure de sauter \u00e0 bord !<\/p>\n<\/div>\n<\/div><\/div><\/div><\/div><div id=\"pg-11943-3\"  class=\"panel-grid panel-no-style\" ><div id=\"pgc-11943-3-0\"  class=\"panel-grid-cell\" ><div id=\"panel-11943-3-0-0\" class=\"so-panel widget widget_sow-editor panel-first-child panel-last-child\" data-index=\"8\" ><div\n\t\t\t\n\t\t\tclass=\"so-widget-sow-editor so-widget-sow-editor-base\"\n\t\t\t\n\t\t>\n<div class=\"siteorigin-widget-tinymce textwidget\">\n\t<hr \/>\n<h3 style=\"text-align: center;\">En vid\u00e9o<\/h3>\n<p><a href=\"https:\/\/www.youtube.com\/watch?v=aj6pnpinHY4&amp;ab_channel=Jeuxencarton\" target=\"_blank\" rel=\"noopener\"><img loading=\"lazy\" decoding=\"async\" class=\"alignnone size-full wp-image-9090\" src=\"https:\/\/meeplendice.net\/wp-content\/uploads\/2022\/01\/Link_CJ_v2.png\" alt=\"\" width=\"200\" height=\"170\" \/><\/a><\/p>\n<\/div>\n<\/div><\/div><\/div><\/div><div id=\"pg-11943-4\"  class=\"panel-grid panel-no-style\" ><div id=\"pgc-11943-4-0\"  class=\"panel-grid-cell\" ><div id=\"panel-11943-4-0-0\" class=\"so-panel widget widget_sow-editor panel-first-child panel-last-child\" data-index=\"9\" ><div\n\t\t\t\n\t\t\tclass=\"so-widget-sow-editor so-widget-sow-editor-base\"\n\t\t\t\n\t\t>\n<div class=\"siteorigin-widget-tinymce textwidget\">\n\t<hr \/>\n<h3 style=\"text-align: center;\">Pour aller plus loin<\/h3>\n<\/div>\n<\/div><\/div><\/div><\/div><\/div>","protected":false},"excerpt":{"rendered":"<p>Nombre de joueurs : 2 &#8211; 4 Dur\u00e9e moyenne : 180 min Age : 14 ans et plus Auteur(s) : \u00a0Kyle Rowan Matt Carter Justin Gibbs Illustrations : Nguyen Mai Diem \u00c9dition : Lucky Duck Games 2023 Version : Fran\u00e7aise<\/p>\n","protected":false},"author":2,"featured_media":11876,"parent":0,"menu_order":0,"comment_status":"closed","ping_status":"closed","template":"","meta":{"footnotes":""},"class_list":["post-11943","page","type-page","status-publish","has-post-thumbnail","hentry"],"acf":[],"rttpg_featured_image_url":{"full":["https:\/\/meeplendice.net\/wp-content\/uploads\/2024\/03\/Vagrantsong.png",350,350,false],"landscape":["https:\/\/meeplendice.net\/wp-content\/uploads\/2024\/03\/Vagrantsong.png",350,350,false],"portraits":["https:\/\/meeplendice.net\/wp-content\/uploads\/2024\/03\/Vagrantsong.png",350,350,false],"thumbnail":["https:\/\/meeplendice.net\/wp-content\/uploads\/2024\/03\/Vagrantsong-150x150.png",150,150,true],"medium":["https:\/\/meeplendice.net\/wp-content\/uploads\/2024\/03\/Vagrantsong-300x300.png",300,300,true],"large":["https:\/\/meeplendice.net\/wp-content\/uploads\/2024\/03\/Vagrantsong.png",350,350,false],"ug_big":["https:\/\/meeplendice.net\/wp-content\/uploads\/2024\/03\/Vagrantsong.png",350,350,false],"1536x1536":["https:\/\/meeplendice.net\/wp-content\/uploads\/2024\/03\/Vagrantsong.png",350,350,false],"2048x2048":["https:\/\/meeplendice.net\/wp-content\/uploads\/2024\/03\/Vagrantsong.png",350,350,false],"ashe-slider-grid-thumbnail":["https:\/\/meeplendice.net\/wp-content\/uploads\/2024\/03\/Vagrantsong.png",350,350,false],"ashe-full-thumbnail":["https:\/\/meeplendice.net\/wp-content\/uploads\/2024\/03\/Vagrantsong.png",350,350,false],"ashe-grid-thumbnail":["https:\/\/meeplendice.net\/wp-content\/uploads\/2024\/03\/Vagrantsong-350x330.png",350,330,true],"ashe-list-thumbnail":["https:\/\/meeplendice.net\/wp-content\/uploads\/2024\/03\/Vagrantsong-300x300.png",300,300,true],"ashe-single-navigation":["https:\/\/meeplendice.net\/wp-content\/uploads\/2024\/03\/Vagrantsong-75x75.png",75,75,true],"mailpoet_newsletter_max":["https:\/\/meeplendice.net\/wp-content\/uploads\/2024\/03\/Vagrantsong.png",350,350,false],"rpwe-thumbnail":["https:\/\/meeplendice.net\/wp-content\/uploads\/2024\/03\/Vagrantsong-45x45.png",45,45,true],"sow-carousel-default":["https:\/\/meeplendice.net\/wp-content\/uploads\/2024\/03\/Vagrantsong-272x182.png",272,182,true],"rt_custom":["https:\/\/meeplendice.net\/wp-content\/uploads\/2024\/03\/Vagrantsong.png",350,350,false]},"rttpg_author":{"display_name":"Karnby","author_link":"https:\/\/meeplendice.net\/?author=2"},"rttpg_comment":0,"rttpg_category":null,"rttpg_excerpt":"Nombre de joueurs : 2 - 4 Dur\u00e9e moyenne : 180 min Age : 14 ans et plus Auteur(s) : \u00a0Kyle Rowan Matt Carter Justin Gibbs Illustrations : Nguyen Mai Diem \u00c9dition : Lucky Duck Games 2023 Version : Fran\u00e7aise","_links":{"self":[{"href":"https:\/\/meeplendice.net\/index.php?rest_route=\/wp\/v2\/pages\/11943","targetHints":{"allow":["GET"]}}],"collection":[{"href":"https:\/\/meeplendice.net\/index.php?rest_route=\/wp\/v2\/pages"}],"about":[{"href":"https:\/\/meeplendice.net\/index.php?rest_route=\/wp\/v2\/types\/page"}],"author":[{"embeddable":true,"href":"https:\/\/meeplendice.net\/index.php?rest_route=\/wp\/v2\/users\/2"}],"replies":[{"embeddable":true,"href":"https:\/\/meeplendice.net\/index.php?rest_route=%2Fwp%2Fv2%2Fcomments&post=11943"}],"version-history":[{"count":4,"href":"https:\/\/meeplendice.net\/index.php?rest_route=\/wp\/v2\/pages\/11943\/revisions"}],"predecessor-version":[{"id":11947,"href":"https:\/\/meeplendice.net\/index.php?rest_route=\/wp\/v2\/pages\/11943\/revisions\/11947"}],"wp:featuredmedia":[{"embeddable":true,"href":"https:\/\/meeplendice.net\/index.php?rest_route=\/wp\/v2\/media\/11876"}],"wp:attachment":[{"href":"https:\/\/meeplendice.net\/index.php?rest_route=%2Fwp%2Fv2%2Fmedia&parent=11943"}],"curies":[{"name":"wp","href":"https:\/\/api.w.org\/{rel}","templated":true}]}}