{"id":11972,"date":"2024-03-31T18:17:39","date_gmt":"2024-03-31T17:17:39","guid":{"rendered":"https:\/\/meeplendice.net\/?page_id=11972"},"modified":"2024-03-31T20:12:45","modified_gmt":"2024-03-31T19:12:45","slug":"stories","status":"publish","type":"page","link":"https:\/\/meeplendice.net\/?page_id=11972","title":{"rendered":"Stories"},"content":{"rendered":"<p>Les h\u00e9ros se blottissent autour du feu de camp. R\u00e9confort\u00e9s par sa chaleur, ils jettent des regards inquiets \u00e0 l&rsquo;\u00e9trange for\u00eat qui les entoure. Chaque aventurier qui rejoint la C\u00f4te des Gobelins depuis les terres d&rsquo;Aughmoore arrive avec une histoire \u00e0 raconter. Certains sont venus en qu\u00eate de gloire et de c\u00e9l\u00e9brit\u00e9, d&rsquo;autres ne sont l\u00e0 que pour l&rsquo;argent, alors que quelques-uns ont de bien plus sombres motivations.<\/p>\n<p>Mais pour l&rsquo;heure, ces compagnons improbables feront des alli\u00e9s de choix, pr\u00eat \u00e0 faire face ensemble \u00e0 cette t\u00e2che redoutable : entrer dans le donjon, vaincre ses Boss, accomplir quelques qu\u00eates, et sauver le royaume.<\/p>\n","protected":false},"excerpt":{"rendered":"<p>Les h\u00e9ros se blottissent autour du feu de camp. R\u00e9confort\u00e9s par sa chaleur, ils jettent des regards inquiets \u00e0 l&rsquo;\u00e9trange for\u00eat qui les entoure. Chaque aventurier qui rejoint la C\u00f4te des Gobelins depuis les terres d&rsquo;Aughmoore arrive avec une histoire \u00e0 raconter. Certains sont venus en qu\u00eate de gloire et de c\u00e9l\u00e9brit\u00e9, d&rsquo;autres ne sont l\u00e0 que pour l&rsquo;argent, alors que quelques-uns ont de bien plus sombres motivations. Mais pour l&rsquo;heure, ces compagnons improbables feront des alli\u00e9s de choix, pr\u00eat \u00e0 faire face ensemble \u00e0 cette t\u00e2che redoutable : entrer dans le donjon, vaincre ses Boss, accomplir quelques qu\u00eates, et sauver le royaume.<\/p>\n","protected":false},"author":2,"featured_media":12000,"parent":11971,"menu_order":1,"comment_status":"closed","ping_status":"closed","template":"","meta":{"footnotes":""},"class_list":["post-11972","page","type-page","status-publish","has-post-thumbnail","hentry"],"acf":[],"rttpg_featured_image_url":{"full":["https:\/\/meeplendice.net\/wp-content\/uploads\/2024\/03\/TED_Stories.png",350,350,false],"landscape":["https:\/\/meeplendice.net\/wp-content\/uploads\/2024\/03\/TED_Stories.png",350,350,false],"portraits":["https:\/\/meeplendice.net\/wp-content\/uploads\/2024\/03\/TED_Stories.png",350,350,false],"thumbnail":["https:\/\/meeplendice.net\/wp-content\/uploads\/2024\/03\/TED_Stories-150x150.png",150,150,true],"medium":["https:\/\/meeplendice.net\/wp-content\/uploads\/2024\/03\/TED_Stories-300x300.png",300,300,true],"large":["https:\/\/meeplendice.net\/wp-content\/uploads\/2024\/03\/TED_Stories.png",350,350,false],"ug_big":["https:\/\/meeplendice.net\/wp-content\/uploads\/2024\/03\/TED_Stories.png",350,350,false],"1536x1536":["https:\/\/meeplendice.net\/wp-content\/uploads\/2024\/03\/TED_Stories.png",350,350,false],"2048x2048":["https:\/\/meeplendice.net\/wp-content\/uploads\/2024\/03\/TED_Stories.png",350,350,false],"ashe-slider-grid-thumbnail":["https:\/\/meeplendice.net\/wp-content\/uploads\/2024\/03\/TED_Stories.png",350,350,false],"ashe-full-thumbnail":["https:\/\/meeplendice.net\/wp-content\/uploads\/2024\/03\/TED_Stories.png",350,350,false],"ashe-grid-thumbnail":["https:\/\/meeplendice.net\/wp-content\/uploads\/2024\/03\/TED_Stories-350x330.png",350,330,true],"ashe-list-thumbnail":["https:\/\/meeplendice.net\/wp-content\/uploads\/2024\/03\/TED_Stories-300x300.png",300,300,true],"ashe-single-navigation":["https:\/\/meeplendice.net\/wp-content\/uploads\/2024\/03\/TED_Stories-75x75.png",75,75,true],"mailpoet_newsletter_max":["https:\/\/meeplendice.net\/wp-content\/uploads\/2024\/03\/TED_Stories.png",350,350,false],"rpwe-thumbnail":["https:\/\/meeplendice.net\/wp-content\/uploads\/2024\/03\/TED_Stories-45x45.png",45,45,true],"sow-carousel-default":["https:\/\/meeplendice.net\/wp-content\/uploads\/2024\/03\/TED_Stories-272x182.png",272,182,true],"rt_custom":["https:\/\/meeplendice.net\/wp-content\/uploads\/2024\/03\/TED_Stories.png",350,350,false]},"rttpg_author":{"display_name":"Karnby","author_link":"https:\/\/meeplendice.net\/?author=2"},"rttpg_comment":0,"rttpg_category":null,"rttpg_excerpt":"Les h\u00e9ros se blottissent autour du feu de camp. R\u00e9confort\u00e9s par sa chaleur, ils jettent des regards inquiets \u00e0 l&rsquo;\u00e9trange for\u00eat qui les entoure. Chaque aventurier qui rejoint la C\u00f4te des Gobelins depuis les terres d&rsquo;Aughmoore arrive avec une histoire \u00e0 raconter. Certains sont venus en qu\u00eate de gloire et de c\u00e9l\u00e9brit\u00e9, d&rsquo;autres ne sont\u2026","_links":{"self":[{"href":"https:\/\/meeplendice.net\/index.php?rest_route=\/wp\/v2\/pages\/11972","targetHints":{"allow":["GET"]}}],"collection":[{"href":"https:\/\/meeplendice.net\/index.php?rest_route=\/wp\/v2\/pages"}],"about":[{"href":"https:\/\/meeplendice.net\/index.php?rest_route=\/wp\/v2\/types\/page"}],"author":[{"embeddable":true,"href":"https:\/\/meeplendice.net\/index.php?rest_route=\/wp\/v2\/users\/2"}],"replies":[{"embeddable":true,"href":"https:\/\/meeplendice.net\/index.php?rest_route=%2Fwp%2Fv2%2Fcomments&post=11972"}],"version-history":[{"count":3,"href":"https:\/\/meeplendice.net\/index.php?rest_route=\/wp\/v2\/pages\/11972\/revisions"}],"predecessor-version":[{"id":11981,"href":"https:\/\/meeplendice.net\/index.php?rest_route=\/wp\/v2\/pages\/11972\/revisions\/11981"}],"up":[{"embeddable":true,"href":"https:\/\/meeplendice.net\/index.php?rest_route=\/wp\/v2\/pages\/11971"}],"wp:featuredmedia":[{"embeddable":true,"href":"https:\/\/meeplendice.net\/index.php?rest_route=\/wp\/v2\/media\/12000"}],"wp:attachment":[{"href":"https:\/\/meeplendice.net\/index.php?rest_route=%2Fwp%2Fv2%2Fmedia&parent=11972"}],"curies":[{"name":"wp","href":"https:\/\/api.w.org\/{rel}","templated":true}]}}