{"id":12197,"date":"2024-07-12T11:40:00","date_gmt":"2024-07-12T10:40:00","guid":{"rendered":"https:\/\/meeplendice.net\/?page_id=12197"},"modified":"2024-07-12T11:40:00","modified_gmt":"2024-07-12T10:40:00","slug":"medals","status":"publish","type":"page","link":"https:\/\/meeplendice.net\/?page_id=12197","title":{"rendered":"Medals"},"content":{"rendered":"<p>Cette extension propose deux nouvelles Merveilles (le Colis\u00e9e de Rome et la Ziggourat d&rsquo;Ur), de nouveaux jetons Progr\u00e8s et un nouvel \u00e9l\u00e9ment de jeu : les M\u00e9dailles. Ce sont des objectifs \u00e0 atteindre avant vos voisins pour gagner des Points de Victoire suppl\u00e9mentaires.<\/p>\n<p>&nbsp;<\/p>\n<p style=\"text-align: justify;\"><span id=\"result_box\" class=\"\" lang=\"fr\"><span class=\"\">\u00a0<\/span><\/span><\/p>\n","protected":false},"excerpt":{"rendered":"<p>Cette extension propose deux nouvelles Merveilles (le Colis\u00e9e de Rome et la Ziggourat d&rsquo;Ur), de nouveaux jetons Progr\u00e8s et un nouvel \u00e9l\u00e9ment de jeu : les M\u00e9dailles. Ce sont des objectifs \u00e0 atteindre avant vos voisins pour gagner des Points de Victoire suppl\u00e9mentaires. &nbsp; \u00a0<\/p>\n","protected":false},"author":2,"featured_media":11993,"parent":9458,"menu_order":1,"comment_status":"closed","ping_status":"closed","template":"","meta":{"footnotes":""},"class_list":["post-12197","page","type-page","status-publish","has-post-thumbnail","hentry"],"acf":[],"rttpg_featured_image_url":{"full":["https:\/\/meeplendice.net\/wp-content\/uploads\/2024\/03\/7WA_Medals.png",350,350,false],"landscape":["https:\/\/meeplendice.net\/wp-content\/uploads\/2024\/03\/7WA_Medals.png",350,350,false],"portraits":["https:\/\/meeplendice.net\/wp-content\/uploads\/2024\/03\/7WA_Medals.png",350,350,false],"thumbnail":["https:\/\/meeplendice.net\/wp-content\/uploads\/2024\/03\/7WA_Medals-150x150.png",150,150,true],"medium":["https:\/\/meeplendice.net\/wp-content\/uploads\/2024\/03\/7WA_Medals-300x300.png",300,300,true],"large":["https:\/\/meeplendice.net\/wp-content\/uploads\/2024\/03\/7WA_Medals.png",350,350,false],"ug_big":["https:\/\/meeplendice.net\/wp-content\/uploads\/2024\/03\/7WA_Medals.png",350,350,false],"1536x1536":["https:\/\/meeplendice.net\/wp-content\/uploads\/2024\/03\/7WA_Medals.png",350,350,false],"2048x2048":["https:\/\/meeplendice.net\/wp-content\/uploads\/2024\/03\/7WA_Medals.png",350,350,false],"ashe-slider-grid-thumbnail":["https:\/\/meeplendice.net\/wp-content\/uploads\/2024\/03\/7WA_Medals.png",350,350,false],"ashe-full-thumbnail":["https:\/\/meeplendice.net\/wp-content\/uploads\/2024\/03\/7WA_Medals.png",350,350,false],"ashe-grid-thumbnail":["https:\/\/meeplendice.net\/wp-content\/uploads\/2024\/03\/7WA_Medals-350x330.png",350,330,true],"ashe-list-thumbnail":["https:\/\/meeplendice.net\/wp-content\/uploads\/2024\/03\/7WA_Medals-300x300.png",300,300,true],"ashe-single-navigation":["https:\/\/meeplendice.net\/wp-content\/uploads\/2024\/03\/7WA_Medals-75x75.png",75,75,true],"mailpoet_newsletter_max":["https:\/\/meeplendice.net\/wp-content\/uploads\/2024\/03\/7WA_Medals.png",350,350,false],"rpwe-thumbnail":["https:\/\/meeplendice.net\/wp-content\/uploads\/2024\/03\/7WA_Medals-45x45.png",45,45,true],"sow-carousel-default":["https:\/\/meeplendice.net\/wp-content\/uploads\/2024\/03\/7WA_Medals-272x182.png",272,182,true],"rt_custom":["https:\/\/meeplendice.net\/wp-content\/uploads\/2024\/03\/7WA_Medals.png",350,350,false]},"rttpg_author":{"display_name":"Karnby","author_link":"https:\/\/meeplendice.net\/?author=2"},"rttpg_comment":0,"rttpg_category":null,"rttpg_excerpt":"Cette extension propose deux nouvelles Merveilles (le Colis\u00e9e de Rome et la Ziggourat d&rsquo;Ur), de nouveaux jetons Progr\u00e8s et un nouvel \u00e9l\u00e9ment de jeu : les M\u00e9dailles. Ce sont des objectifs \u00e0 atteindre avant vos voisins pour gagner des Points de Victoire suppl\u00e9mentaires. &nbsp; \u00a0","_links":{"self":[{"href":"https:\/\/meeplendice.net\/index.php?rest_route=\/wp\/v2\/pages\/12197","targetHints":{"allow":["GET"]}}],"collection":[{"href":"https:\/\/meeplendice.net\/index.php?rest_route=\/wp\/v2\/pages"}],"about":[{"href":"https:\/\/meeplendice.net\/index.php?rest_route=\/wp\/v2\/types\/page"}],"author":[{"embeddable":true,"href":"https:\/\/meeplendice.net\/index.php?rest_route=\/wp\/v2\/users\/2"}],"replies":[{"embeddable":true,"href":"https:\/\/meeplendice.net\/index.php?rest_route=%2Fwp%2Fv2%2Fcomments&post=12197"}],"version-history":[{"count":1,"href":"https:\/\/meeplendice.net\/index.php?rest_route=\/wp\/v2\/pages\/12197\/revisions"}],"predecessor-version":[{"id":12198,"href":"https:\/\/meeplendice.net\/index.php?rest_route=\/wp\/v2\/pages\/12197\/revisions\/12198"}],"up":[{"embeddable":true,"href":"https:\/\/meeplendice.net\/index.php?rest_route=\/wp\/v2\/pages\/9458"}],"wp:featuredmedia":[{"embeddable":true,"href":"https:\/\/meeplendice.net\/index.php?rest_route=\/wp\/v2\/media\/11993"}],"wp:attachment":[{"href":"https:\/\/meeplendice.net\/index.php?rest_route=%2Fwp%2Fv2%2Fmedia&parent=12197"}],"curies":[{"name":"wp","href":"https:\/\/api.w.org\/{rel}","templated":true}]}}