{"id":12215,"date":"2024-07-13T22:16:28","date_gmt":"2024-07-13T21:16:28","guid":{"rendered":"https:\/\/meeplendice.net\/?page_id=12215"},"modified":"2024-07-13T22:41:12","modified_gmt":"2024-07-13T21:41:12","slug":"manhattan-project-war-machine","status":"publish","type":"page","link":"https:\/\/meeplendice.net\/?page_id=12215","title":{"rendered":"Manhattan Project : War Machine"},"content":{"rendered":"<div id=\"pl-12215\"  class=\"panel-layout\" ><div id=\"pg-12215-0\"  class=\"panel-grid panel-no-style\" ><div id=\"pgc-12215-0-0\"  class=\"panel-grid-cell\" ><div id=\"panel-12215-0-0-0\" class=\"so-panel widget widget_sow-editor panel-first-child panel-last-child\" data-index=\"0\" ><div\n\t\t\t\n\t\t\tclass=\"so-widget-sow-editor so-widget-sow-editor-base\"\n\t\t\t\n\t\t>\n<div class=\"siteorigin-widget-tinymce textwidget\">\n\t<p style=\"text-align: center;\"><strong>Nombre de joueurs :<\/strong><br \/>\n1 - 4<\/p>\n<\/div>\n<\/div><\/div><\/div><div id=\"pgc-12215-0-1\"  class=\"panel-grid-cell\" ><div id=\"panel-12215-0-1-0\" class=\"so-panel widget widget_sow-editor panel-first-child panel-last-child\" data-index=\"1\" ><div\n\t\t\t\n\t\t\tclass=\"so-widget-sow-editor so-widget-sow-editor-base\"\n\t\t\t\n\t\t>\n<div class=\"siteorigin-widget-tinymce textwidget\">\n\t<p style=\"text-align: center;\"><strong>Dur\u00e9e moyenne :<\/strong><br \/>\n120 min<\/p>\n<\/div>\n<\/div><\/div><\/div><div id=\"pgc-12215-0-2\"  class=\"panel-grid-cell\" ><div id=\"panel-12215-0-2-0\" class=\"so-panel widget widget_sow-editor panel-first-child panel-last-child\" data-index=\"2\" ><div\n\t\t\t\n\t\t\tclass=\"so-widget-sow-editor so-widget-sow-editor-base\"\n\t\t\t\n\t\t>\n<div class=\"siteorigin-widget-tinymce textwidget\">\n\t<p style=\"text-align: center;\"><strong>Age :<\/strong><br \/>\n14 ans et plus<\/p>\n<\/div>\n<\/div><\/div><\/div><\/div><div id=\"pg-12215-1\"  class=\"panel-grid panel-no-style\" ><div id=\"pgc-12215-1-0\"  class=\"panel-grid-cell\" ><div id=\"panel-12215-1-0-0\" class=\"so-panel widget widget_sow-editor panel-first-child panel-last-child\" data-index=\"3\" ><div\n\t\t\t\n\t\t\tclass=\"so-widget-sow-editor so-widget-sow-editor-base\"\n\t\t\t\n\t\t>\n<div class=\"siteorigin-widget-tinymce textwidget\">\n\t<p style=\"text-align: center;\"><strong>Auteur(s) :<br \/>\n<\/strong><span class=\"data-siloing\" title=\"D\u00e9couvrez tous ces jeux\" data-siloing=\"https:\/\/www.philibertnet.com\/fr\/recherche?feature=31&amp;feature_value=Reiner Knizia\">Jan M. Gonzalez<br \/>\n<\/span><\/p>\n<\/div>\n<\/div><\/div><\/div><div id=\"pgc-12215-1-1\"  class=\"panel-grid-cell\" ><div id=\"panel-12215-1-1-0\" class=\"so-panel widget widget_sow-editor panel-first-child panel-last-child\" data-index=\"4\" ><div\n\t\t\t\n\t\t\tclass=\"so-widget-sow-editor so-widget-sow-editor-base\"\n\t\t\t\n\t\t>\n<div class=\"siteorigin-widget-tinymce textwidget\">\n\t<p style=\"text-align: center;\"><strong>Illustrations :<\/strong><br \/>\n<span class=\"data-siloing\" title=\"D\u00e9couvrez tous ces jeux\" data-siloing=\"https:\/\/www.philibertnet.com\/fr\/recherche?feature=41&amp;feature_value=Derek Laufman\">Heiko G\u00fcnther<\/span><\/p>\n<\/div>\n<\/div><\/div><\/div><div id=\"pgc-12215-1-2\"  class=\"panel-grid-cell\" ><div id=\"panel-12215-1-2-0\" class=\"so-panel widget widget_sow-editor panel-first-child panel-last-child\" data-index=\"5\" ><div\n\t\t\t\n\t\t\tclass=\"so-widget-sow-editor so-widget-sow-editor-base\"\n\t\t\t\n\t\t>\n<div class=\"siteorigin-widget-tinymce textwidget\">\n\t<p style=\"text-align: center;\"><strong>\u00c9dition :<\/strong><br \/>\n<span class=\"data-siloing\" data-siloing=\" https:\/\/www.philibertnet.com\/fr\/2213_gate-on-games \">Grail Games<br \/>\n2024<\/span><\/p>\n<\/div>\n<\/div><\/div><\/div><div id=\"pgc-12215-1-3\"  class=\"panel-grid-cell\" ><div id=\"panel-12215-1-3-0\" class=\"so-panel widget widget_sow-editor panel-first-child panel-last-child\" data-index=\"6\" ><div\n\t\t\t\n\t\t\tclass=\"so-widget-sow-editor so-widget-sow-editor-base\"\n\t\t\t\n\t\t>\n<div class=\"siteorigin-widget-tinymce textwidget\">\n\t<p style=\"text-align: center;\"><strong>Version :<\/strong><br \/>\nFran\u00e7aise<\/p>\n<\/div>\n<\/div><\/div><\/div><\/div><div id=\"pg-12215-2\"  class=\"panel-grid panel-no-style\" ><div id=\"pgc-12215-2-0\"  class=\"panel-grid-cell\" ><div id=\"panel-12215-2-0-0\" class=\"so-panel widget widget_sow-editor panel-first-child panel-last-child\" data-index=\"7\" ><div\n\t\t\t\n\t\t\tclass=\"so-widget-sow-editor so-widget-sow-editor-base\"\n\t\t\t\n\t\t>\n<div class=\"siteorigin-widget-tinymce textwidget\">\n\t<hr \/>\n<p><em>Notre pays se pr\u00e9pare pour faire face \u00e0 la guerre.<br \/>\nEn tant que leader, c'est \u00e0 vous de faire grandir et de d\u00e9velopper notre nation pour qu'elle devienne la plus grande puissance militaire au monde. D\u00e9ployez une main-d\u2019\u0153uvre qualifi\u00e9e, construisez un moyen de production efficace, et apportez suffisamment de ressources pour garantir notre victoire ! <\/em><\/p>\n<p>Dans le jeu <em><span class=\"style-client-colored-text\">Manhattan Project : War Machine<\/span><\/em>, gagnez des points de victoire en produisant et en stockant des marchandises militaires dans votre entrep\u00f4t, en acqu\u00e9rant des cartes de structure et des d\u00e9s d'action, en r\u00e9alisant l'objectif de votre tuile de r\u00e9alisation, en d\u00e9veloppant l'infrastructure de votre nation et en nettoyant la contamination nucl\u00e9aire dans celle-ci.<\/p>\n<p>Le moyen le plus efficace d'alimenter la machine de guerre est de d\u00e9ployer la bonne combinaison d'ouvrages, de construire des structures qui interagissent bien les unes avec les autres, et de g\u00e9n\u00e9rer et utiliser l'\u00e9nergie de mani\u00e8re efficace.<\/p>\n<p>Le jeu se termine \u00e0 la fin du tour d\u00e9sign\u00e9 en fonction du nombre de joueurs. Additionnez le total des points de victoire sur plusieurs \u00e9l\u00e9ments pour d\u00e9terminer le vainqueur !<\/p>\n<\/div>\n<\/div><\/div><\/div><\/div><div id=\"pg-12215-3\"  class=\"panel-grid panel-no-style\" ><div id=\"pgc-12215-3-0\"  class=\"panel-grid-cell\" ><div id=\"panel-12215-3-0-0\" class=\"so-panel widget widget_sow-editor panel-first-child panel-last-child\" data-index=\"8\" ><div\n\t\t\t\n\t\t\tclass=\"so-widget-sow-editor so-widget-sow-editor-base\"\n\t\t\t\n\t\t>\n<div class=\"siteorigin-widget-tinymce textwidget\">\n\t<hr \/>\n<h3 style=\"text-align: center;\">En vid\u00e9o<\/h3>\n<p><a href=\"https:\/\/www.youtube.com\/watch?v=NJWbq5ePyEc&amp;ab_channel=TUJOUESOUQUOI%21%21%21\" target=\"_blank\" rel=\"noopener\"><img loading=\"lazy\" decoding=\"async\" class=\"alignnone size-full wp-image-9090\" src=\"https:\/\/meeplendice.net\/wp-content\/uploads\/2022\/01\/Link_CJ_v2.png\" alt=\"\" width=\"200\" height=\"170\" \/><\/a><\/p>\n<\/div>\n<\/div><\/div><\/div><\/div><div id=\"pg-12215-4\"  class=\"panel-grid panel-no-style\" ><div id=\"pgc-12215-4-0\"  class=\"panel-grid-cell\" ><div id=\"panel-12215-4-0-0\" class=\"so-panel widget widget_sow-editor panel-first-child panel-last-child\" data-index=\"9\" ><div\n\t\t\t\n\t\t\tclass=\"so-widget-sow-editor so-widget-sow-editor-base\"\n\t\t\t\n\t\t>\n<div class=\"siteorigin-widget-tinymce textwidget\">\n\t<hr \/>\n<h3 style=\"text-align: center;\">Pour aller plus loin<\/h3>\n<\/div>\n<\/div><\/div><\/div><\/div><\/div>","protected":false},"excerpt":{"rendered":"<p>Nombre de joueurs : 1 &#8211; 4 Dur\u00e9e moyenne : 120 min Age : 14 ans et plus Auteur(s) : Jan M. Gonzalez Illustrations : Heiko G\u00fcnther \u00c9dition : Grail Games 2024 Version : Fran\u00e7aise<\/p>\n","protected":false},"author":2,"featured_media":12181,"parent":0,"menu_order":0,"comment_status":"closed","ping_status":"closed","template":"","meta":{"footnotes":""},"class_list":["post-12215","page","type-page","status-publish","has-post-thumbnail","hentry"],"acf":[],"rttpg_featured_image_url":{"full":["https:\/\/meeplendice.net\/wp-content\/uploads\/2024\/07\/TMP_Warmachine.png",350,350,false],"landscape":["https:\/\/meeplendice.net\/wp-content\/uploads\/2024\/07\/TMP_Warmachine.png",350,350,false],"portraits":["https:\/\/meeplendice.net\/wp-content\/uploads\/2024\/07\/TMP_Warmachine.png",350,350,false],"thumbnail":["https:\/\/meeplendice.net\/wp-content\/uploads\/2024\/07\/TMP_Warmachine-150x150.png",150,150,true],"medium":["https:\/\/meeplendice.net\/wp-content\/uploads\/2024\/07\/TMP_Warmachine-300x300.png",300,300,true],"large":["https:\/\/meeplendice.net\/wp-content\/uploads\/2024\/07\/TMP_Warmachine.png",350,350,false],"ug_big":["https:\/\/meeplendice.net\/wp-content\/uploads\/2024\/07\/TMP_Warmachine.png",350,350,false],"1536x1536":["https:\/\/meeplendice.net\/wp-content\/uploads\/2024\/07\/TMP_Warmachine.png",350,350,false],"2048x2048":["https:\/\/meeplendice.net\/wp-content\/uploads\/2024\/07\/TMP_Warmachine.png",350,350,false],"ashe-slider-grid-thumbnail":["https:\/\/meeplendice.net\/wp-content\/uploads\/2024\/07\/TMP_Warmachine.png",350,350,false],"ashe-full-thumbnail":["https:\/\/meeplendice.net\/wp-content\/uploads\/2024\/07\/TMP_Warmachine.png",350,350,false],"ashe-grid-thumbnail":["https:\/\/meeplendice.net\/wp-content\/uploads\/2024\/07\/TMP_Warmachine-350x330.png",350,330,true],"ashe-list-thumbnail":["https:\/\/meeplendice.net\/wp-content\/uploads\/2024\/07\/TMP_Warmachine-300x300.png",300,300,true],"ashe-single-navigation":["https:\/\/meeplendice.net\/wp-content\/uploads\/2024\/07\/TMP_Warmachine-75x75.png",75,75,true],"mailpoet_newsletter_max":["https:\/\/meeplendice.net\/wp-content\/uploads\/2024\/07\/TMP_Warmachine.png",350,350,false],"rpwe-thumbnail":["https:\/\/meeplendice.net\/wp-content\/uploads\/2024\/07\/TMP_Warmachine-45x45.png",45,45,true],"sow-carousel-default":["https:\/\/meeplendice.net\/wp-content\/uploads\/2024\/07\/TMP_Warmachine-272x182.png",272,182,true],"rt_custom":["https:\/\/meeplendice.net\/wp-content\/uploads\/2024\/07\/TMP_Warmachine.png",350,350,false]},"rttpg_author":{"display_name":"Karnby","author_link":"https:\/\/meeplendice.net\/?author=2"},"rttpg_comment":0,"rttpg_category":null,"rttpg_excerpt":"Nombre de joueurs : 1 - 4 Dur\u00e9e moyenne : 120 min Age : 14 ans et plus Auteur(s) : Jan M. Gonzalez Illustrations : Heiko G\u00fcnther \u00c9dition : Grail Games 2024 Version : Fran\u00e7aise","_links":{"self":[{"href":"https:\/\/meeplendice.net\/index.php?rest_route=\/wp\/v2\/pages\/12215","targetHints":{"allow":["GET"]}}],"collection":[{"href":"https:\/\/meeplendice.net\/index.php?rest_route=\/wp\/v2\/pages"}],"about":[{"href":"https:\/\/meeplendice.net\/index.php?rest_route=\/wp\/v2\/types\/page"}],"author":[{"embeddable":true,"href":"https:\/\/meeplendice.net\/index.php?rest_route=\/wp\/v2\/users\/2"}],"replies":[{"embeddable":true,"href":"https:\/\/meeplendice.net\/index.php?rest_route=%2Fwp%2Fv2%2Fcomments&post=12215"}],"version-history":[{"count":4,"href":"https:\/\/meeplendice.net\/index.php?rest_route=\/wp\/v2\/pages\/12215\/revisions"}],"predecessor-version":[{"id":12225,"href":"https:\/\/meeplendice.net\/index.php?rest_route=\/wp\/v2\/pages\/12215\/revisions\/12225"}],"wp:featuredmedia":[{"embeddable":true,"href":"https:\/\/meeplendice.net\/index.php?rest_route=\/wp\/v2\/media\/12181"}],"wp:attachment":[{"href":"https:\/\/meeplendice.net\/index.php?rest_route=%2Fwp%2Fv2%2Fmedia&parent=12215"}],"curies":[{"name":"wp","href":"https:\/\/api.w.org\/{rel}","templated":true}]}}