{"id":12476,"date":"2024-07-26T14:35:41","date_gmt":"2024-07-26T12:35:41","guid":{"rendered":"https:\/\/meeplendice.net\/?page_id=12476"},"modified":"2024-07-26T14:35:41","modified_gmt":"2024-07-26T12:35:41","slug":"le-cycle-de-la-lune-violette-1er-cycle","status":"publish","type":"page","link":"https:\/\/meeplendice.net\/?page_id=12476","title":{"rendered":"Le Cycle De La Lune Violette (1er Cycle)"},"content":{"rendered":"<p>Six nouvelles factions rejoignent la guerre !<\/p>\n<p>Le jour c\u00e8de la place \u00e0 une lune inqui\u00e9tante qui se refuse \u00e0 quitter le ciel d&rsquo;Itharie. Pendant trente jours, elle s&rsquo;installe dans les cieux, \u00e9branlant l&rsquo;esprit de ceux qui veulent gouverner la plan\u00e8te et son peuple. De nouvelles pierres d&rsquo;invocations apparaissent dans les endroits les plus recul\u00e9s du monde, o\u00f9 elles sont rapidement revendiqu\u00e9es par ceux qui veulent remodeler les guerres \u00e0 leur convenance.<i><br \/>\n<\/i>Ces nouvelles factions apporteront elles des esprits plus calmes capables de mettre fin aux hostilit\u00e9s ?<br \/>\nOu ne feront-elles que compliquer l&rsquo;\u00e9quilibre des forces ?<br \/>\nM\u00e9fiez-vous de la lune violette, car dans les ombres de la nuit se cachent de dangereux complots !<\/p>\n<p>Factions : Gobelins des Sables, Vulcanains, Elfes des Ombres, Vagabons, Hauts-Elfes, Orcs des Mar\u00e9cages.<\/p>\n<p>&nbsp;<\/p>\n<p style=\"text-align: justify;\"><span id=\"result_box\" class=\"\" lang=\"fr\"><span class=\"\">\u00a0<\/span><\/span><\/p>\n","protected":false},"excerpt":{"rendered":"<p>Six nouvelles factions rejoignent la guerre ! Le jour c\u00e8de la place \u00e0 une lune inqui\u00e9tante qui se refuse \u00e0 quitter le ciel d&rsquo;Itharie. Pendant trente jours, elle s&rsquo;installe dans les cieux, \u00e9branlant l&rsquo;esprit de ceux qui veulent gouverner la plan\u00e8te et son peuple. De nouvelles pierres d&rsquo;invocations apparaissent dans les endroits les plus recul\u00e9s du monde, o\u00f9 elles sont rapidement revendiqu\u00e9es par ceux qui veulent remodeler les guerres \u00e0 leur convenance. Ces nouvelles factions apporteront elles des esprits plus calmes capables de mettre fin aux hostilit\u00e9s ? Ou ne feront-elles que compliquer l&rsquo;\u00e9quilibre des forces ? M\u00e9fiez-vous de la lune violette, car dans les ombres de la nuit se cachent de dangereux complots ! Factions : Gobelins des Sables, Vulcanains, Elfes des Ombres, Vagabons, Hauts-Elfes, Orcs des Mar\u00e9cages. &nbsp; \u00a0<\/p>\n","protected":false},"author":2,"featured_media":12459,"parent":12437,"menu_order":3,"comment_status":"closed","ping_status":"closed","template":"","meta":{"footnotes":""},"class_list":["post-12476","page","type-page","status-publish","has-post-thumbnail","hentry"],"acf":[],"rttpg_featured_image_url":{"full":["https:\/\/meeplendice.net\/wp-content\/uploads\/2024\/07\/SW_v2_Cycle01.png",350,350,false],"landscape":["https:\/\/meeplendice.net\/wp-content\/uploads\/2024\/07\/SW_v2_Cycle01.png",350,350,false],"portraits":["https:\/\/meeplendice.net\/wp-content\/uploads\/2024\/07\/SW_v2_Cycle01.png",350,350,false],"thumbnail":["https:\/\/meeplendice.net\/wp-content\/uploads\/2024\/07\/SW_v2_Cycle01-150x150.png",150,150,true],"medium":["https:\/\/meeplendice.net\/wp-content\/uploads\/2024\/07\/SW_v2_Cycle01-300x300.png",300,300,true],"large":["https:\/\/meeplendice.net\/wp-content\/uploads\/2024\/07\/SW_v2_Cycle01.png",350,350,false],"ug_big":["https:\/\/meeplendice.net\/wp-content\/uploads\/2024\/07\/SW_v2_Cycle01.png",350,350,false],"1536x1536":["https:\/\/meeplendice.net\/wp-content\/uploads\/2024\/07\/SW_v2_Cycle01.png",350,350,false],"2048x2048":["https:\/\/meeplendice.net\/wp-content\/uploads\/2024\/07\/SW_v2_Cycle01.png",350,350,false],"ashe-slider-grid-thumbnail":["https:\/\/meeplendice.net\/wp-content\/uploads\/2024\/07\/SW_v2_Cycle01.png",350,350,false],"ashe-full-thumbnail":["https:\/\/meeplendice.net\/wp-content\/uploads\/2024\/07\/SW_v2_Cycle01.png",350,350,false],"ashe-grid-thumbnail":["https:\/\/meeplendice.net\/wp-content\/uploads\/2024\/07\/SW_v2_Cycle01-350x330.png",350,330,true],"ashe-list-thumbnail":["https:\/\/meeplendice.net\/wp-content\/uploads\/2024\/07\/SW_v2_Cycle01-300x300.png",300,300,true],"ashe-single-navigation":["https:\/\/meeplendice.net\/wp-content\/uploads\/2024\/07\/SW_v2_Cycle01-75x75.png",75,75,true],"mailpoet_newsletter_max":["https:\/\/meeplendice.net\/wp-content\/uploads\/2024\/07\/SW_v2_Cycle01.png",350,350,false],"rpwe-thumbnail":["https:\/\/meeplendice.net\/wp-content\/uploads\/2024\/07\/SW_v2_Cycle01-45x45.png",45,45,true],"sow-carousel-default":["https:\/\/meeplendice.net\/wp-content\/uploads\/2024\/07\/SW_v2_Cycle01-272x182.png",272,182,true],"rt_custom":["https:\/\/meeplendice.net\/wp-content\/uploads\/2024\/07\/SW_v2_Cycle01.png",350,350,false]},"rttpg_author":{"display_name":"Karnby","author_link":"https:\/\/meeplendice.net\/?author=2"},"rttpg_comment":0,"rttpg_category":null,"rttpg_excerpt":"Six nouvelles factions rejoignent la guerre ! Le jour c\u00e8de la place \u00e0 une lune inqui\u00e9tante qui se refuse \u00e0 quitter le ciel d&rsquo;Itharie. Pendant trente jours, elle s&rsquo;installe dans les cieux, \u00e9branlant l&rsquo;esprit de ceux qui veulent gouverner la plan\u00e8te et son peuple. De nouvelles pierres d&rsquo;invocations apparaissent dans les endroits les plus recul\u00e9s\u2026","_links":{"self":[{"href":"https:\/\/meeplendice.net\/index.php?rest_route=\/wp\/v2\/pages\/12476","targetHints":{"allow":["GET"]}}],"collection":[{"href":"https:\/\/meeplendice.net\/index.php?rest_route=\/wp\/v2\/pages"}],"about":[{"href":"https:\/\/meeplendice.net\/index.php?rest_route=\/wp\/v2\/types\/page"}],"author":[{"embeddable":true,"href":"https:\/\/meeplendice.net\/index.php?rest_route=\/wp\/v2\/users\/2"}],"replies":[{"embeddable":true,"href":"https:\/\/meeplendice.net\/index.php?rest_route=%2Fwp%2Fv2%2Fcomments&post=12476"}],"version-history":[{"count":1,"href":"https:\/\/meeplendice.net\/index.php?rest_route=\/wp\/v2\/pages\/12476\/revisions"}],"predecessor-version":[{"id":12477,"href":"https:\/\/meeplendice.net\/index.php?rest_route=\/wp\/v2\/pages\/12476\/revisions\/12477"}],"up":[{"embeddable":true,"href":"https:\/\/meeplendice.net\/index.php?rest_route=\/wp\/v2\/pages\/12437"}],"wp:featuredmedia":[{"embeddable":true,"href":"https:\/\/meeplendice.net\/index.php?rest_route=\/wp\/v2\/media\/12459"}],"wp:attachment":[{"href":"https:\/\/meeplendice.net\/index.php?rest_route=%2Fwp%2Fv2%2Fmedia&parent=12476"}],"curies":[{"name":"wp","href":"https:\/\/api.w.org\/{rel}","templated":true}]}}