{"id":12485,"date":"2024-07-26T14:45:48","date_gmt":"2024-07-26T12:45:48","guid":{"rendered":"https:\/\/meeplendice.net\/?page_id=12485"},"modified":"2024-07-26T14:45:48","modified_gmt":"2024-07-26T12:45:48","slug":"concilium-aeternum","status":"publish","type":"page","link":"https:\/\/meeplendice.net\/?page_id=12485","title":{"rendered":"Concilium Aeternum"},"content":{"rendered":"<div>L&rsquo;invocatrice du Conseil \u00e9ternel, Praefectus Edia, vous invite \u00e0 \u00e9tudier \u00e0 ses c\u00f4t\u00e9s et \u00e0 passer de l&rsquo;acad\u00e9mie au champ de bataille ! Gr\u00e2ce \u00e0 sa vivacit\u00e9 d&rsquo;esprit et \u00e0 son sens de la recherche, Edia peut rapidement piocher dans votre deck et combiner vos cartes d&rsquo;\u00e9v\u00e9nement de mani\u00e8re \u00e0 donner une bonne le\u00e7on \u00e0 votre ennemi !<\/div>\n<div><\/div>\n<div>Il s&rsquo;agit d&rsquo;un tout nouveau deck de faction pr\u00eat \u00e0 jouer ! Les unit\u00e9s peuvent \u00eatre utilis\u00e9es pour construire le deck ultime de la faction.<\/div>\n<p>&nbsp;<\/p>\n<p style=\"text-align: justify;\"><span id=\"result_box\" class=\"\" lang=\"fr\"><span class=\"\">\u00a0<\/span><\/span><\/p>\n","protected":false},"excerpt":{"rendered":"<p>L&rsquo;invocatrice du Conseil \u00e9ternel, Praefectus Edia, vous invite \u00e0 \u00e9tudier \u00e0 ses c\u00f4t\u00e9s et \u00e0 passer de l&rsquo;acad\u00e9mie au champ de bataille ! Gr\u00e2ce \u00e0 sa vivacit\u00e9 d&rsquo;esprit et \u00e0 son sens de la recherche, Edia peut rapidement piocher dans votre deck et combiner vos cartes d&rsquo;\u00e9v\u00e9nement de mani\u00e8re \u00e0 donner une bonne le\u00e7on \u00e0 votre ennemi ! Il s&rsquo;agit d&rsquo;un tout nouveau deck de faction pr\u00eat \u00e0 jouer ! Les unit\u00e9s peuvent \u00eatre utilis\u00e9es pour construire le deck ultime de la faction. &nbsp; \u00a0<\/p>\n","protected":false},"author":2,"featured_media":12461,"parent":12437,"menu_order":5,"comment_status":"closed","ping_status":"closed","template":"","meta":{"footnotes":""},"class_list":["post-12485","page","type-page","status-publish","has-post-thumbnail","hentry"],"acf":[],"rttpg_featured_image_url":{"full":["https:\/\/meeplendice.net\/wp-content\/uploads\/2024\/07\/SW_v2_Concilium.png",350,350,false],"landscape":["https:\/\/meeplendice.net\/wp-content\/uploads\/2024\/07\/SW_v2_Concilium.png",350,350,false],"portraits":["https:\/\/meeplendice.net\/wp-content\/uploads\/2024\/07\/SW_v2_Concilium.png",350,350,false],"thumbnail":["https:\/\/meeplendice.net\/wp-content\/uploads\/2024\/07\/SW_v2_Concilium-150x150.png",150,150,true],"medium":["https:\/\/meeplendice.net\/wp-content\/uploads\/2024\/07\/SW_v2_Concilium-300x300.png",300,300,true],"large":["https:\/\/meeplendice.net\/wp-content\/uploads\/2024\/07\/SW_v2_Concilium.png",350,350,false],"ug_big":["https:\/\/meeplendice.net\/wp-content\/uploads\/2024\/07\/SW_v2_Concilium.png",350,350,false],"1536x1536":["https:\/\/meeplendice.net\/wp-content\/uploads\/2024\/07\/SW_v2_Concilium.png",350,350,false],"2048x2048":["https:\/\/meeplendice.net\/wp-content\/uploads\/2024\/07\/SW_v2_Concilium.png",350,350,false],"ashe-slider-grid-thumbnail":["https:\/\/meeplendice.net\/wp-content\/uploads\/2024\/07\/SW_v2_Concilium.png",350,350,false],"ashe-full-thumbnail":["https:\/\/meeplendice.net\/wp-content\/uploads\/2024\/07\/SW_v2_Concilium.png",350,350,false],"ashe-grid-thumbnail":["https:\/\/meeplendice.net\/wp-content\/uploads\/2024\/07\/SW_v2_Concilium-350x330.png",350,330,true],"ashe-list-thumbnail":["https:\/\/meeplendice.net\/wp-content\/uploads\/2024\/07\/SW_v2_Concilium-300x300.png",300,300,true],"ashe-single-navigation":["https:\/\/meeplendice.net\/wp-content\/uploads\/2024\/07\/SW_v2_Concilium-75x75.png",75,75,true],"mailpoet_newsletter_max":["https:\/\/meeplendice.net\/wp-content\/uploads\/2024\/07\/SW_v2_Concilium.png",350,350,false],"rpwe-thumbnail":["https:\/\/meeplendice.net\/wp-content\/uploads\/2024\/07\/SW_v2_Concilium-45x45.png",45,45,true],"sow-carousel-default":["https:\/\/meeplendice.net\/wp-content\/uploads\/2024\/07\/SW_v2_Concilium-272x182.png",272,182,true],"rt_custom":["https:\/\/meeplendice.net\/wp-content\/uploads\/2024\/07\/SW_v2_Concilium.png",350,350,false]},"rttpg_author":{"display_name":"Karnby","author_link":"https:\/\/meeplendice.net\/?author=2"},"rttpg_comment":0,"rttpg_category":null,"rttpg_excerpt":"L&rsquo;invocatrice du Conseil \u00e9ternel, Praefectus Edia, vous invite \u00e0 \u00e9tudier \u00e0 ses c\u00f4t\u00e9s et \u00e0 passer de l&rsquo;acad\u00e9mie au champ de bataille ! Gr\u00e2ce \u00e0 sa vivacit\u00e9 d&rsquo;esprit et \u00e0 son sens de la recherche, Edia peut rapidement piocher dans votre deck et combiner vos cartes d&rsquo;\u00e9v\u00e9nement de mani\u00e8re \u00e0 donner une bonne le\u00e7on \u00e0\u2026","_links":{"self":[{"href":"https:\/\/meeplendice.net\/index.php?rest_route=\/wp\/v2\/pages\/12485","targetHints":{"allow":["GET"]}}],"collection":[{"href":"https:\/\/meeplendice.net\/index.php?rest_route=\/wp\/v2\/pages"}],"about":[{"href":"https:\/\/meeplendice.net\/index.php?rest_route=\/wp\/v2\/types\/page"}],"author":[{"embeddable":true,"href":"https:\/\/meeplendice.net\/index.php?rest_route=\/wp\/v2\/users\/2"}],"replies":[{"embeddable":true,"href":"https:\/\/meeplendice.net\/index.php?rest_route=%2Fwp%2Fv2%2Fcomments&post=12485"}],"version-history":[{"count":1,"href":"https:\/\/meeplendice.net\/index.php?rest_route=\/wp\/v2\/pages\/12485\/revisions"}],"predecessor-version":[{"id":12486,"href":"https:\/\/meeplendice.net\/index.php?rest_route=\/wp\/v2\/pages\/12485\/revisions\/12486"}],"up":[{"embeddable":true,"href":"https:\/\/meeplendice.net\/index.php?rest_route=\/wp\/v2\/pages\/12437"}],"wp:featuredmedia":[{"embeddable":true,"href":"https:\/\/meeplendice.net\/index.php?rest_route=\/wp\/v2\/media\/12461"}],"wp:attachment":[{"href":"https:\/\/meeplendice.net\/index.php?rest_route=%2Fwp%2Fv2%2Fmedia&parent=12485"}],"curies":[{"name":"wp","href":"https:\/\/api.w.org\/{rel}","templated":true}]}}