{"id":12669,"date":"2024-10-01T22:59:05","date_gmt":"2024-10-01T20:59:05","guid":{"rendered":"https:\/\/meeplendice.net\/?page_id=12669"},"modified":"2024-10-01T23:28:46","modified_gmt":"2024-10-01T21:28:46","slug":"dune-imperium-resurrection","status":"publish","type":"page","link":"https:\/\/meeplendice.net\/?page_id=12669","title":{"rendered":"Dune : Imperium &#8211; Insurrection"},"content":{"rendered":"<div id=\"pl-12669\"  class=\"panel-layout\" ><div id=\"pg-12669-0\"  class=\"panel-grid panel-no-style\" ><div id=\"pgc-12669-0-0\"  class=\"panel-grid-cell\" ><div id=\"panel-12669-0-0-0\" class=\"so-panel widget widget_sow-editor panel-first-child panel-last-child\" data-index=\"0\" ><div\n\t\t\t\n\t\t\tclass=\"so-widget-sow-editor so-widget-sow-editor-base\"\n\t\t\t\n\t\t>\n<div class=\"siteorigin-widget-tinymce textwidget\">\n\t<p style=\"text-align: center;\"><strong>Nombre de joueurs :<\/strong><br \/>\n1 - 4 (6)<\/p>\n<\/div>\n<\/div><\/div><\/div><div id=\"pgc-12669-0-1\"  class=\"panel-grid-cell\" ><div id=\"panel-12669-0-1-0\" class=\"so-panel widget widget_sow-editor panel-first-child panel-last-child\" data-index=\"1\" ><div\n\t\t\t\n\t\t\tclass=\"so-widget-sow-editor so-widget-sow-editor-base\"\n\t\t\t\n\t\t>\n<div class=\"siteorigin-widget-tinymce textwidget\">\n\t<p style=\"text-align: center;\"><strong>Dur\u00e9e moyenne :<\/strong><br \/>\n120 min (180 min)<\/p>\n<\/div>\n<\/div><\/div><\/div><div id=\"pgc-12669-0-2\"  class=\"panel-grid-cell\" ><div id=\"panel-12669-0-2-0\" class=\"so-panel widget widget_sow-editor panel-first-child panel-last-child\" data-index=\"2\" ><div\n\t\t\t\n\t\t\tclass=\"so-widget-sow-editor so-widget-sow-editor-base\"\n\t\t\t\n\t\t>\n<div class=\"siteorigin-widget-tinymce textwidget\">\n\t<p style=\"text-align: center;\"><strong>Age :<\/strong><br \/>\n13 ans et plus<\/p>\n<\/div>\n<\/div><\/div><\/div><\/div><div id=\"pg-12669-1\"  class=\"panel-grid panel-no-style\" ><div id=\"pgc-12669-1-0\"  class=\"panel-grid-cell\" ><div id=\"panel-12669-1-0-0\" class=\"so-panel widget widget_sow-editor panel-first-child panel-last-child\" data-index=\"3\" ><div\n\t\t\t\n\t\t\tclass=\"so-widget-sow-editor so-widget-sow-editor-base\"\n\t\t\t\n\t\t>\n<div class=\"siteorigin-widget-tinymce textwidget\">\n\t<p style=\"text-align: center;\"><strong>Auteur(s) :<br \/>\n<\/strong>Paul Dennen<\/p>\n<\/div>\n<\/div><\/div><\/div><div id=\"pgc-12669-1-1\"  class=\"panel-grid-cell\" ><div id=\"panel-12669-1-1-0\" class=\"so-panel widget widget_sow-editor panel-first-child panel-last-child\" data-index=\"4\" ><div\n\t\t\t\n\t\t\tclass=\"so-widget-sow-editor so-widget-sow-editor-base\"\n\t\t\t\n\t\t>\n<div class=\"siteorigin-widget-tinymce textwidget\">\n\t<p style=\"text-align: center;\"><strong>Illustrations :<\/strong><br \/>\nClay Brooks<br \/>\nRaul Ramos<br \/>\nNate Storm<br \/>\nDerek Herring<\/p>\n<\/div>\n<\/div><\/div><\/div><div id=\"pgc-12669-1-2\"  class=\"panel-grid-cell\" ><div id=\"panel-12669-1-2-0\" class=\"so-panel widget widget_sow-editor panel-first-child panel-last-child\" data-index=\"5\" ><div\n\t\t\t\n\t\t\tclass=\"so-widget-sow-editor so-widget-sow-editor-base\"\n\t\t\t\n\t\t>\n<div class=\"siteorigin-widget-tinymce textwidget\">\n\t<p style=\"text-align: center;\"><strong>\u00c9dition :<\/strong><br \/>\nLucky Duck Games<br \/>\n2023<\/p>\n<\/div>\n<\/div><\/div><\/div><div id=\"pgc-12669-1-3\"  class=\"panel-grid-cell\" ><div id=\"panel-12669-1-3-0\" class=\"so-panel widget widget_sow-editor panel-first-child panel-last-child\" data-index=\"6\" ><div\n\t\t\t\n\t\t\tclass=\"so-widget-sow-editor so-widget-sow-editor-base\"\n\t\t\t\n\t\t>\n<div class=\"siteorigin-widget-tinymce textwidget\">\n\t<p style=\"text-align: center;\"><strong>Version :<\/strong><br \/>\nFran\u00e7aise<\/p>\n<\/div>\n<\/div><\/div><\/div><\/div><div id=\"pg-12669-2\"  class=\"panel-grid panel-no-style\" ><div id=\"pgc-12669-2-0\"  class=\"panel-grid-cell\" ><div id=\"panel-12669-2-0-0\" class=\"so-panel widget widget_sow-editor panel-first-child panel-last-child\" data-index=\"7\" ><div\n\t\t\t\n\t\t\tclass=\"so-widget-sow-editor so-widget-sow-editor-base\"\n\t\t\t\n\t\t>\n<div class=\"siteorigin-widget-tinymce textwidget\">\n\t<hr \/>\n<p><em>Arrakis. Dune. La Plan\u00e8te des Sables. Terre de la plus pr\u00e9cieuse ressource de l'univers : le M\u00e9lange.<br \/>\nApr\u00e8s avoir trahi et an\u00e9anti la Maison Atr\u00e9ides, l'Empereur Shaddam Corrino IV a rendu le contr\u00f4le de la plan\u00e8te Arrakis \u00e0 la Maison Harkonnen.<\/em><\/p>\n<p><em>Mais un myst\u00e9rieux guerrier, du nom de Muad'Dib, est mont\u00e9 au pouvoir au sein des Fremen, mena\u00e7ant les dessins de l'Empereur et de ses alli\u00e9s. Le conflit atteint un point de rupture sur Arrakis et \u00e9veille l'attention d'autres factions. Les sanglantes rivalit\u00e9s d'autrefois entre les Grandes Maisons ont \u00e9volu\u00e9 en un conflit plus important. Des contrebandiers de bas \u00e9tage \u00e0 l'Empereur lui-m\u00eame, en passant par les s\u0153urs Bene Gesserit, nombreux sont ceux qui s'appr\u00eatent \u00e0 jouer un r\u00f4le critique pour d\u00e9termin\u00e9 le futur de l'Imperium. <\/em><em>Une v\u00e9rit\u00e9 demeure : <\/em><\/p>\n<p><em>Qui contr\u00f4le l\u2019\u00c9pice, contr\u00f4le l'Univers...<\/em><\/p>\n<p><em>Dune : Imperium - Insurrection<\/em> est une suite ind\u00e9pendante qui reprend le m\u00e9lange de deckbuilding et de placement d'ouvriers inaugur\u00e9 par Dune : Imperium.<br \/>\nContinuez \u00e0 trouver l'\u00e9quilibre entre puissance militaire et intrigue politique en maniant de nouveau outils dans notre qu\u00eate de victoire. Consolidez vos plans gr\u00e2ce aux Espions. Accroissez vos ressources avec des contrats vitaux. ou apprenez les techniques Fremen pour rejoindre la bataille \u00e0 dos de puissant vers des sables !<\/p>\n<p>Un nouveau mode \u00e0 6 joueurs vient \u00e9galement opposer 2 \u00e9quipes dans le plus grand affrontement jamais vu !<\/p>\n<p>Les d\u00e9cisions vous appartiennent. L'Imperium attend !<\/p>\n<\/div>\n<\/div><\/div><\/div><\/div><div id=\"pg-12669-3\"  class=\"panel-grid panel-no-style\" ><div id=\"pgc-12669-3-0\"  class=\"panel-grid-cell\" ><div id=\"panel-12669-3-0-0\" class=\"so-panel widget widget_sow-editor panel-first-child panel-last-child\" data-index=\"8\" ><div\n\t\t\t\n\t\t\tclass=\"so-widget-sow-editor so-widget-sow-editor-base\"\n\t\t\t\n\t\t>\n<div class=\"siteorigin-widget-tinymce textwidget\">\n\t<hr \/>\n<h3 style=\"text-align: center;\">En vid\u00e9o<\/h3>\n<\/div>\n<\/div><\/div><\/div><\/div><div id=\"pg-12669-4\"  class=\"panel-grid panel-no-style\" ><div id=\"pgc-12669-4-0\"  class=\"panel-grid-cell\" ><div id=\"panel-12669-4-0-0\" class=\"so-panel widget widget_sow-editor panel-first-child panel-last-child\" data-index=\"9\" ><div\n\t\t\t\n\t\t\tclass=\"so-widget-sow-editor so-widget-sow-editor-base\"\n\t\t\t\n\t\t>\n<div class=\"siteorigin-widget-tinymce textwidget\">\n\t<hr \/>\n<h3 style=\"text-align: center;\">Pour aller plus loin<\/h3>\n<\/div>\n<\/div><\/div><\/div><\/div><\/div>","protected":false},"excerpt":{"rendered":"<p>Nombre de joueurs : 1 &#8211; 4 (6) Dur\u00e9e moyenne : 120 min (180 min) Age : 13 ans et plus Auteur(s) : Paul Dennen Illustrations : Clay Brooks Raul Ramos Nate Storm Derek Herring \u00c9dition : Lucky Duck Games 2023 Version : Fran\u00e7aise<\/p>\n","protected":false},"author":2,"featured_media":12639,"parent":0,"menu_order":0,"comment_status":"closed","ping_status":"closed","template":"","meta":{"footnotes":""},"class_list":["post-12669","page","type-page","status-publish","has-post-thumbnail","hentry"],"acf":[],"rttpg_featured_image_url":{"full":["https:\/\/meeplendice.net\/wp-content\/uploads\/2024\/09\/Dune_Imperium_Insurrection.png",350,350,false],"landscape":["https:\/\/meeplendice.net\/wp-content\/uploads\/2024\/09\/Dune_Imperium_Insurrection.png",350,350,false],"portraits":["https:\/\/meeplendice.net\/wp-content\/uploads\/2024\/09\/Dune_Imperium_Insurrection.png",350,350,false],"thumbnail":["https:\/\/meeplendice.net\/wp-content\/uploads\/2024\/09\/Dune_Imperium_Insurrection-150x150.png",150,150,true],"medium":["https:\/\/meeplendice.net\/wp-content\/uploads\/2024\/09\/Dune_Imperium_Insurrection-300x300.png",300,300,true],"large":["https:\/\/meeplendice.net\/wp-content\/uploads\/2024\/09\/Dune_Imperium_Insurrection.png",350,350,false],"ug_big":["https:\/\/meeplendice.net\/wp-content\/uploads\/2024\/09\/Dune_Imperium_Insurrection.png",350,350,false],"1536x1536":["https:\/\/meeplendice.net\/wp-content\/uploads\/2024\/09\/Dune_Imperium_Insurrection.png",350,350,false],"2048x2048":["https:\/\/meeplendice.net\/wp-content\/uploads\/2024\/09\/Dune_Imperium_Insurrection.png",350,350,false],"ashe-slider-grid-thumbnail":["https:\/\/meeplendice.net\/wp-content\/uploads\/2024\/09\/Dune_Imperium_Insurrection.png",350,350,false],"ashe-full-thumbnail":["https:\/\/meeplendice.net\/wp-content\/uploads\/2024\/09\/Dune_Imperium_Insurrection.png",350,350,false],"ashe-grid-thumbnail":["https:\/\/meeplendice.net\/wp-content\/uploads\/2024\/09\/Dune_Imperium_Insurrection-350x330.png",350,330,true],"ashe-list-thumbnail":["https:\/\/meeplendice.net\/wp-content\/uploads\/2024\/09\/Dune_Imperium_Insurrection-300x300.png",300,300,true],"ashe-single-navigation":["https:\/\/meeplendice.net\/wp-content\/uploads\/2024\/09\/Dune_Imperium_Insurrection-75x75.png",75,75,true],"mailpoet_newsletter_max":["https:\/\/meeplendice.net\/wp-content\/uploads\/2024\/09\/Dune_Imperium_Insurrection.png",350,350,false],"rpwe-thumbnail":["https:\/\/meeplendice.net\/wp-content\/uploads\/2024\/09\/Dune_Imperium_Insurrection-45x45.png",45,45,true],"sow-carousel-default":["https:\/\/meeplendice.net\/wp-content\/uploads\/2024\/09\/Dune_Imperium_Insurrection-272x182.png",272,182,true],"rt_custom":["https:\/\/meeplendice.net\/wp-content\/uploads\/2024\/09\/Dune_Imperium_Insurrection.png",350,350,false]},"rttpg_author":{"display_name":"Karnby","author_link":"https:\/\/meeplendice.net\/?author=2"},"rttpg_comment":0,"rttpg_category":null,"rttpg_excerpt":"Nombre de joueurs : 1 - 4 (6) Dur\u00e9e moyenne : 120 min (180 min) Age : 13 ans et plus Auteur(s) : Paul Dennen Illustrations : Clay Brooks Raul Ramos Nate Storm Derek Herring \u00c9dition : Lucky Duck Games 2023 Version : Fran\u00e7aise","_links":{"self":[{"href":"https:\/\/meeplendice.net\/index.php?rest_route=\/wp\/v2\/pages\/12669","targetHints":{"allow":["GET"]}}],"collection":[{"href":"https:\/\/meeplendice.net\/index.php?rest_route=\/wp\/v2\/pages"}],"about":[{"href":"https:\/\/meeplendice.net\/index.php?rest_route=\/wp\/v2\/types\/page"}],"author":[{"embeddable":true,"href":"https:\/\/meeplendice.net\/index.php?rest_route=\/wp\/v2\/users\/2"}],"replies":[{"embeddable":true,"href":"https:\/\/meeplendice.net\/index.php?rest_route=%2Fwp%2Fv2%2Fcomments&post=12669"}],"version-history":[{"count":5,"href":"https:\/\/meeplendice.net\/index.php?rest_route=\/wp\/v2\/pages\/12669\/revisions"}],"predecessor-version":[{"id":12678,"href":"https:\/\/meeplendice.net\/index.php?rest_route=\/wp\/v2\/pages\/12669\/revisions\/12678"}],"wp:featuredmedia":[{"embeddable":true,"href":"https:\/\/meeplendice.net\/index.php?rest_route=\/wp\/v2\/media\/12639"}],"wp:attachment":[{"href":"https:\/\/meeplendice.net\/index.php?rest_route=%2Fwp%2Fv2%2Fmedia&parent=12669"}],"curies":[{"name":"wp","href":"https:\/\/api.w.org\/{rel}","templated":true}]}}