{"id":12685,"date":"2024-10-02T00:50:39","date_gmt":"2024-10-01T22:50:39","guid":{"rendered":"https:\/\/meeplendice.net\/?page_id=12685"},"modified":"2024-10-02T00:50:39","modified_gmt":"2024-10-01T22:50:39","slug":"rivages-2","status":"publish","type":"page","link":"https:\/\/meeplendice.net\/?page_id=12685","title":{"rendered":"Rivages"},"content":{"rendered":"<div id=\"pl-12685\"  class=\"panel-layout\" ><div id=\"pg-12685-0\"  class=\"panel-grid panel-no-style\" ><div id=\"pgc-12685-0-0\"  class=\"panel-grid-cell\" ><div id=\"panel-12685-0-0-0\" class=\"so-panel widget widget_sow-editor panel-first-child panel-last-child\" data-index=\"0\" ><div\n\t\t\t\n\t\t\tclass=\"so-widget-sow-editor so-widget-sow-editor-base\"\n\t\t\t\n\t\t>\n<div class=\"siteorigin-widget-tinymce textwidget\">\n\t<p style=\"text-align: center;\"><strong>Nombre de joueurs :<\/strong><br \/>\n1 - 5<\/p>\n<\/div>\n<\/div><\/div><\/div><div id=\"pgc-12685-0-1\"  class=\"panel-grid-cell\" ><div id=\"panel-12685-0-1-0\" class=\"so-panel widget widget_sow-editor panel-first-child panel-last-child\" data-index=\"1\" ><div\n\t\t\t\n\t\t\tclass=\"so-widget-sow-editor so-widget-sow-editor-base\"\n\t\t\t\n\t\t>\n<div class=\"siteorigin-widget-tinymce textwidget\">\n\t<p style=\"text-align: center;\"><strong>Dur\u00e9e moyenne :<\/strong><br \/>\n30 min<\/p>\n<\/div>\n<\/div><\/div><\/div><div id=\"pgc-12685-0-2\"  class=\"panel-grid-cell\" ><div id=\"panel-12685-0-2-0\" class=\"so-panel widget widget_sow-editor panel-first-child panel-last-child\" data-index=\"2\" ><div\n\t\t\t\n\t\t\tclass=\"so-widget-sow-editor so-widget-sow-editor-base\"\n\t\t\t\n\t\t>\n<div class=\"siteorigin-widget-tinymce textwidget\">\n\t<p style=\"text-align: center;\"><strong>Age :<\/strong><br \/>\n8 ans et plus<\/p>\n<\/div>\n<\/div><\/div><\/div><\/div><div id=\"pg-12685-1\"  class=\"panel-grid panel-no-style\" ><div id=\"pgc-12685-1-0\"  class=\"panel-grid-cell\" ><div id=\"panel-12685-1-0-0\" class=\"so-panel widget widget_sow-editor panel-first-child panel-last-child\" data-index=\"3\" ><div\n\t\t\t\n\t\t\tclass=\"so-widget-sow-editor so-widget-sow-editor-base\"\n\t\t\t\n\t\t>\n<div class=\"siteorigin-widget-tinymce textwidget\">\n\t<p style=\"text-align: center;\"><strong>Auteur(s) :<br \/>\n<\/strong><span class=\"data-siloing\" title=\"D\u00e9couvrez tous ces jeux\" data-siloing=\"https:\/\/www.philibertnet.com\/fr\/recherche?feature=31&amp;feature_value=Th\u00e9o Riviere\">Joachim Th\u00f4me<br \/>\n<\/span><\/p>\n<\/div>\n<\/div><\/div><\/div><div id=\"pgc-12685-1-1\"  class=\"panel-grid-cell\" ><div id=\"panel-12685-1-1-0\" class=\"so-panel widget widget_sow-editor panel-first-child panel-last-child\" data-index=\"4\" ><div\n\t\t\t\n\t\t\tclass=\"so-widget-sow-editor so-widget-sow-editor-base\"\n\t\t\t\n\t\t>\n<div class=\"siteorigin-widget-tinymce textwidget\">\n\t<p style=\"text-align: center;\"><strong>Illustrations :<\/strong><br \/>\n<span class=\"data-siloing\" title=\"D\u00e9couvrez tous ces jeux\" data-siloing=\"https:\/\/www.philibertnet.com\/fr\/recherche?feature=41&amp;feature_value=Jiahui Eva Gao\">Na\u00efade<\/span><\/p>\n<\/div>\n<\/div><\/div><\/div><div id=\"pgc-12685-1-2\"  class=\"panel-grid-cell\" ><div id=\"panel-12685-1-2-0\" class=\"so-panel widget widget_sow-editor panel-first-child panel-last-child\" data-index=\"5\" ><div\n\t\t\t\n\t\t\tclass=\"so-widget-sow-editor so-widget-sow-editor-base\"\n\t\t\t\n\t\t>\n<div class=\"siteorigin-widget-tinymce textwidget\">\n\t<p style=\"text-align: center;\"><strong>\u00c9dition :<\/strong><br \/>\n<span class=\"data-siloing\" data-siloing=\"                                    https:\/\/www.philibertnet.com\/fr\/1193_catch-up-games\n                                \">Catch Up Games<\/span><br \/>\n2024<\/p>\n<\/div>\n<\/div><\/div><\/div><div id=\"pgc-12685-1-3\"  class=\"panel-grid-cell\" ><div id=\"panel-12685-1-3-0\" class=\"so-panel widget widget_sow-editor panel-first-child panel-last-child\" data-index=\"6\" ><div\n\t\t\t\n\t\t\tclass=\"so-widget-sow-editor so-widget-sow-editor-base\"\n\t\t\t\n\t\t>\n<div class=\"siteorigin-widget-tinymce textwidget\">\n\t<p style=\"text-align: center;\"><strong>Version :<\/strong><br \/>\nFran\u00e7aise<\/p>\n<\/div>\n<\/div><\/div><\/div><\/div><div id=\"pg-12685-2\"  class=\"panel-grid panel-no-style\" ><div id=\"pgc-12685-2-0\"  class=\"panel-grid-cell\" ><div id=\"panel-12685-2-0-0\" class=\"so-panel widget widget_sow-editor panel-first-child panel-last-child\" data-index=\"7\" ><div\n\t\t\t\n\t\t\tclass=\"so-widget-sow-editor so-widget-sow-editor-base\"\n\t\t\t\n\t\t>\n<div class=\"siteorigin-widget-tinymce textwidget\">\n\t<hr \/>\n<p><em>Plusieurs si\u00e8cles apr\u00e8s avoir perdu le contact avec l'archipel de Myr, nous venons de red\u00e9couvrir une voie navigable menant \u00e0 ces \u00eeles mythiques ! Autrefois peupl\u00e9es par les Anciens, d\u00e9tenteurs de connaissances et de technologies inestimables, elles semblent d\u00e9sormais \u00e0 l'abandon.<\/em><\/p>\n<p><em>Partez \u00e0 l'aventure \u00e0 travers ces nombreuses \u00eeles et mettez au jour leurs savoirs oubli\u00e9s.<\/em><\/p>\n<p><em><span class=\"style-client-colored-text\">Rivages<\/span> <\/em>est un jeu d\u2019exploration dynamique dans lequel vous explorez les diff\u00e9rentes r\u00e9gions des \u00eeles, retrouvez les vestiges des Anciens et compl\u00e9tez votre arbre de la sagesse pour acqu\u00e9rir de la connaissance, symbolis\u00e9e par les parchemins. En fin de partie, le joueur poss\u00e9dant le plus de parchemins sera d\u00e9clar\u00e9 vainqueur.<\/p>\n<p>Bas\u00e9 sur une m\u00e9canique de Flip'n'write, <em><span class=\"style-client-colored-text\">Rivages<\/span> <\/em>renouvelle le jeu \u00e0 cocher en l\u2019associant \u00e0 un simple mais ing\u00e9nieux syst\u00e8me de s\u00e9lection de cartes. A chaque tour, vos choix dessinent votre route, d\u00e9terminant aussi les prochains coups de vos adversaires.<\/p>\n<\/div>\n<\/div><\/div><\/div><\/div><div id=\"pg-12685-3\"  class=\"panel-grid panel-no-style\" ><div id=\"pgc-12685-3-0\"  class=\"panel-grid-cell\" ><div id=\"panel-12685-3-0-0\" class=\"so-panel widget widget_sow-editor panel-first-child panel-last-child\" data-index=\"8\" ><div\n\t\t\t\n\t\t\tclass=\"so-widget-sow-editor so-widget-sow-editor-base\"\n\t\t\t\n\t\t>\n<div class=\"siteorigin-widget-tinymce textwidget\">\n\t<hr \/>\n<h3 style=\"text-align: center;\">En vid\u00e9o<\/h3>\n<p><a href=\"https:\/\/www.youtube.com\/watch?v=2mx75p3hBRs&amp;ab_channel=CatchUpGames\" target=\"_blank\" rel=\"noopener\"><img loading=\"lazy\" decoding=\"async\" class=\"alignnone size-full wp-image-9090\" src=\"https:\/\/meeplendice.net\/wp-content\/uploads\/2022\/01\/Link_CJ_v2.png\" alt=\"\" width=\"200\" height=\"170\" \/><\/a><\/p>\n<\/div>\n<\/div><\/div><\/div><\/div><div id=\"pg-12685-4\"  class=\"panel-grid panel-no-style\" ><div id=\"pgc-12685-4-0\"  class=\"panel-grid-cell\" ><div id=\"panel-12685-4-0-0\" class=\"so-panel widget widget_sow-editor panel-first-child panel-last-child\" data-index=\"9\" ><div\n\t\t\t\n\t\t\tclass=\"so-widget-sow-editor so-widget-sow-editor-base\"\n\t\t\t\n\t\t>\n<div class=\"siteorigin-widget-tinymce textwidget\">\n\t<hr \/>\n<h3 style=\"text-align: center;\">Pour aller plus loin<\/h3>\n<\/div>\n<\/div><\/div><\/div><\/div><\/div>","protected":false},"excerpt":{"rendered":"<p>Nombre de joueurs : 1 &#8211; 5 Dur\u00e9e moyenne : 30 min Age : 8 ans et plus Auteur(s) : Joachim Th\u00f4me Illustrations : Na\u00efade \u00c9dition : Catch Up Games 2024 Version : Fran\u00e7aise<\/p>\n","protected":false},"author":2,"featured_media":12638,"parent":0,"menu_order":0,"comment_status":"closed","ping_status":"closed","template":"","meta":{"footnotes":""},"class_list":["post-12685","page","type-page","status-publish","has-post-thumbnail","hentry"],"acf":[],"rttpg_featured_image_url":{"full":["https:\/\/meeplendice.net\/wp-content\/uploads\/2024\/09\/Rivages.png",350,350,false],"landscape":["https:\/\/meeplendice.net\/wp-content\/uploads\/2024\/09\/Rivages.png",350,350,false],"portraits":["https:\/\/meeplendice.net\/wp-content\/uploads\/2024\/09\/Rivages.png",350,350,false],"thumbnail":["https:\/\/meeplendice.net\/wp-content\/uploads\/2024\/09\/Rivages-150x150.png",150,150,true],"medium":["https:\/\/meeplendice.net\/wp-content\/uploads\/2024\/09\/Rivages-300x300.png",300,300,true],"large":["https:\/\/meeplendice.net\/wp-content\/uploads\/2024\/09\/Rivages.png",350,350,false],"ug_big":["https:\/\/meeplendice.net\/wp-content\/uploads\/2024\/09\/Rivages.png",350,350,false],"1536x1536":["https:\/\/meeplendice.net\/wp-content\/uploads\/2024\/09\/Rivages.png",350,350,false],"2048x2048":["https:\/\/meeplendice.net\/wp-content\/uploads\/2024\/09\/Rivages.png",350,350,false],"ashe-slider-grid-thumbnail":["https:\/\/meeplendice.net\/wp-content\/uploads\/2024\/09\/Rivages.png",350,350,false],"ashe-full-thumbnail":["https:\/\/meeplendice.net\/wp-content\/uploads\/2024\/09\/Rivages.png",350,350,false],"ashe-grid-thumbnail":["https:\/\/meeplendice.net\/wp-content\/uploads\/2024\/09\/Rivages-350x330.png",350,330,true],"ashe-list-thumbnail":["https:\/\/meeplendice.net\/wp-content\/uploads\/2024\/09\/Rivages-300x300.png",300,300,true],"ashe-single-navigation":["https:\/\/meeplendice.net\/wp-content\/uploads\/2024\/09\/Rivages-75x75.png",75,75,true],"mailpoet_newsletter_max":["https:\/\/meeplendice.net\/wp-content\/uploads\/2024\/09\/Rivages.png",350,350,false],"rpwe-thumbnail":["https:\/\/meeplendice.net\/wp-content\/uploads\/2024\/09\/Rivages-45x45.png",45,45,true],"sow-carousel-default":["https:\/\/meeplendice.net\/wp-content\/uploads\/2024\/09\/Rivages-272x182.png",272,182,true],"rt_custom":["https:\/\/meeplendice.net\/wp-content\/uploads\/2024\/09\/Rivages.png",350,350,false]},"rttpg_author":{"display_name":"Karnby","author_link":"https:\/\/meeplendice.net\/?author=2"},"rttpg_comment":0,"rttpg_category":null,"rttpg_excerpt":"Nombre de joueurs : 1 - 5 Dur\u00e9e moyenne : 30 min Age : 8 ans et plus Auteur(s) : Joachim Th\u00f4me Illustrations : Na\u00efade \u00c9dition : Catch Up Games 2024 Version : Fran\u00e7aise","_links":{"self":[{"href":"https:\/\/meeplendice.net\/index.php?rest_route=\/wp\/v2\/pages\/12685","targetHints":{"allow":["GET"]}}],"collection":[{"href":"https:\/\/meeplendice.net\/index.php?rest_route=\/wp\/v2\/pages"}],"about":[{"href":"https:\/\/meeplendice.net\/index.php?rest_route=\/wp\/v2\/types\/page"}],"author":[{"embeddable":true,"href":"https:\/\/meeplendice.net\/index.php?rest_route=\/wp\/v2\/users\/2"}],"replies":[{"embeddable":true,"href":"https:\/\/meeplendice.net\/index.php?rest_route=%2Fwp%2Fv2%2Fcomments&post=12685"}],"version-history":[{"count":1,"href":"https:\/\/meeplendice.net\/index.php?rest_route=\/wp\/v2\/pages\/12685\/revisions"}],"predecessor-version":[{"id":12686,"href":"https:\/\/meeplendice.net\/index.php?rest_route=\/wp\/v2\/pages\/12685\/revisions\/12686"}],"wp:featuredmedia":[{"embeddable":true,"href":"https:\/\/meeplendice.net\/index.php?rest_route=\/wp\/v2\/media\/12638"}],"wp:attachment":[{"href":"https:\/\/meeplendice.net\/index.php?rest_route=%2Fwp%2Fv2%2Fmedia&parent=12685"}],"curies":[{"name":"wp","href":"https:\/\/api.w.org\/{rel}","templated":true}]}}