{"id":12935,"date":"2024-11-20T15:59:47","date_gmt":"2024-11-20T13:59:47","guid":{"rendered":"https:\/\/meeplendice.net\/?page_id=12935"},"modified":"2025-11-30T13:01:59","modified_gmt":"2025-11-30T11:01:59","slug":"unmatched-coup-de-theatre","status":"publish","type":"page","link":"https:\/\/meeplendice.net\/?page_id=12935","title":{"rendered":"Unmatched : Coup de Th\u00e9\u00e2tre"},"content":{"rendered":"<div id=\"pl-12935\"  class=\"panel-layout\" ><div id=\"pg-12935-0\"  class=\"panel-grid panel-no-style\" ><div id=\"pgc-12935-0-0\"  class=\"panel-grid-cell\" ><div id=\"panel-12935-0-0-0\" class=\"so-panel widget widget_sow-editor panel-first-child panel-last-child\" data-index=\"0\" ><div\n\t\t\t\n\t\t\tclass=\"so-widget-sow-editor so-widget-sow-editor-base\"\n\t\t\t\n\t\t>\n<div class=\"siteorigin-widget-tinymce textwidget\">\n\t<p style=\"text-align: center;\"><strong>Nombre de joueurs :<\/strong><br \/>\n2 - 4<\/p>\n<\/div>\n<\/div><\/div><\/div><div id=\"pgc-12935-0-1\"  class=\"panel-grid-cell\" ><div id=\"panel-12935-0-1-0\" class=\"so-panel widget widget_sow-editor panel-first-child panel-last-child\" data-index=\"1\" ><div\n\t\t\t\n\t\t\tclass=\"so-widget-sow-editor so-widget-sow-editor-base\"\n\t\t\t\n\t\t>\n<div class=\"siteorigin-widget-tinymce textwidget\">\n\t<p style=\"text-align: center;\"><strong>Auteur(s) :<br \/>\n<\/strong>Noah Cohen<br \/>\nRob Daviau<br \/>\nJonathan Guberman<br \/>\nJason Hager<br \/>\nJustin D. Jacobson<br \/>\nBrian Neff<\/p>\n<\/div>\n<\/div><\/div><\/div><div id=\"pgc-12935-0-2\"  class=\"panel-grid-cell\" ><div id=\"panel-12935-0-2-0\" class=\"so-panel widget widget_sow-editor panel-first-child panel-last-child\" data-index=\"2\" ><div\n\t\t\t\n\t\t\tclass=\"so-widget-sow-editor so-widget-sow-editor-base\"\n\t\t\t\n\t\t>\n<div class=\"siteorigin-widget-tinymce textwidget\">\n\t<p style=\"text-align: center;\"><strong>Illustrations :<br \/>\n<\/strong>Zo\u00eb van Dijk<br \/>\nNastya Lehn<\/p>\n<\/div>\n<\/div><\/div><\/div><div id=\"pgc-12935-0-3\"  class=\"panel-grid-cell\" ><div id=\"panel-12935-0-3-0\" class=\"so-panel widget widget_sow-editor panel-first-child panel-last-child\" data-index=\"3\" ><div\n\t\t\t\n\t\t\tclass=\"so-widget-sow-editor so-widget-sow-editor-base\"\n\t\t\t\n\t\t>\n<div class=\"siteorigin-widget-tinymce textwidget\">\n\t<p style=\"text-align: center;\"><strong>\u00c9dition :<\/strong><br \/>\nIello<br \/>\n2024<\/p>\n<\/div>\n<\/div><\/div><\/div><div id=\"pgc-12935-0-4\"  class=\"panel-grid-cell\" ><div id=\"panel-12935-0-4-0\" class=\"so-panel widget widget_sow-editor panel-first-child panel-last-child\" data-index=\"4\" ><div\n\t\t\t\n\t\t\tclass=\"so-widget-sow-editor so-widget-sow-editor-base\"\n\t\t\t\n\t\t>\n<div class=\"siteorigin-widget-tinymce textwidget\">\n\t<p style=\"text-align: center;\"><strong>Version :<\/strong><br \/>\nFran\u00e7aise<\/p>\n<\/div>\n<\/div><\/div><\/div><\/div><div id=\"pg-12935-1\"  class=\"panel-grid panel-no-style\" ><div id=\"pgc-12935-1-0\"  class=\"panel-grid-cell\" ><div id=\"panel-12935-1-0-0\" class=\"so-panel widget widget_sow-editor panel-first-child panel-last-child\" data-index=\"5\" ><div\n\t\t\t\n\t\t\tclass=\"so-widget-sow-editor so-widget-sow-editor-base\"\n\t\t\t\n\t\t>\n<div class=\"siteorigin-widget-tinymce textwidget\">\n\t<hr \/>\n<p><em>Unmatched : Coup de Th\u00e9\u00e2tre<\/em> vous permet d\u2019incarner Shakespeare, Les Trois Sorci\u00e8res, Hamlet ou encore Titania.<\/p>\n<ul>\n<li>Shakespeare - Acolytes Acteurs<br \/>\n<em>\u00d4, faisons place ! Le barde d'Avon a aiguis\u00e9 sa plume, et il s\u2019appr\u00eate \u00e0 composer des vers aussi tranchants que des lames ! Car il ne suffit pas de parler : il faut parler juste.<\/em><em><br \/>\n<\/em><\/li>\n<\/ul>\n<p>&nbsp;<\/p>\n<ul>\n<li>Les Trois Sorci\u00e8res<br \/>\n<em>Patte de l\u00e9zard, poil de chauve-souris et filet de couleuvre de marais : de quoi concocter la plus puissante des potions... celle qui vous permettra de prendre la vie de vos adversaires !<\/em><\/li>\n<\/ul>\n<p>&nbsp;<\/p>\n<ul>\n<li>Hamlet - Acolyte Rosencrantz &amp; Guildensterne<br \/>\n<em>\u00catre - et piocher des cartes - ou ne pas \u00eatre - et renforcer vos attaques : telle est la question. A ce dilemme insoluble, il n'y a pas de bonne r\u00e9ponse. Car rien n'est en soi bon ni mauvais : faut d\u00e9pend de la pens\u00e9e... et de votre strat\u00e9gie.<\/em><\/li>\n<\/ul>\n<p>&nbsp;<\/p>\n<ul>\n<li>Titania - Acolyte Ob\u00e9ron<br \/>\n<em>Reposez votre c\u0153ur, beau joueur, car la reine des f\u00e9es et son roi s\u00e9duiront vos na\u00effs adversaires de leurs merveilleux charmes. Que ces mortels sont fous !<\/em><\/li>\n<\/ul>\n<p>&nbsp;<\/p>\n<\/div>\n<\/div><\/div><\/div><\/div><\/div>","protected":false},"excerpt":{"rendered":"<p>Nombre de joueurs : 2 &#8211; 4 Auteur(s) : Noah Cohen Rob Daviau Jonathan Guberman Jason Hager Justin D. Jacobson Brian Neff Illustrations : Zo\u00eb van Dijk Nastya Lehn \u00c9dition : Iello 2024 Version : Fran\u00e7aise Unmatched : Coup de Th\u00e9\u00e2tre vous permet d\u2019incarner Shakespeare, Les Trois Sorci\u00e8res, Hamlet ou encore Titania. Shakespeare &#8211; Acolytes Acteurs \u00d4, faisons place ! Le barde d&rsquo;Avon a aiguis\u00e9 sa plume, et il s\u2019appr\u00eate \u00e0 composer des vers aussi tranchants que des lames ! Car il ne suffit pas de parler : il faut parler juste. &nbsp; Les Trois Sorci\u00e8res Patte de l\u00e9zard, poil de chauve-souris et filet de couleuvre de marais : de quoi concocter la plus puissante des potions&#8230; celle qui vous permettra de prendre la vie de vos adversaires ! &nbsp; Hamlet &#8211; Acolyte Rosencrantz &amp; Guildensterne \u00catre &#8211; et piocher des cartes &#8211; ou ne pas \u00eatre &#8211; et renforcer vos attaques : telle est la question. A ce dilemme insoluble, il n&rsquo;y a pas de bonne r\u00e9ponse. Car rien n&rsquo;est en soi bon ni mauvais : faut d\u00e9pend de la pens\u00e9e&#8230; et de votre strat\u00e9gie. &nbsp; Titania &#8211; Acolyte Ob\u00e9ron Reposez votre c\u0153ur, beau joueur, car la reine des f\u00e9es et son roi s\u00e9duiront vos na\u00effs adversaires de leurs merveilleux charmes. Que ces mortels sont fous ! &nbsp;<\/p>\n","protected":false},"author":2,"featured_media":12915,"parent":12879,"menu_order":2,"comment_status":"closed","ping_status":"closed","template":"","meta":{"footnotes":""},"class_list":["post-12935","page","type-page","status-publish","has-post-thumbnail","hentry"],"acf":[],"rttpg_featured_image_url":{"full":["https:\/\/meeplendice.net\/wp-content\/uploads\/2024\/11\/Unmatched_Vol02_vol.png",350,350,false],"landscape":["https:\/\/meeplendice.net\/wp-content\/uploads\/2024\/11\/Unmatched_Vol02_vol.png",350,350,false],"portraits":["https:\/\/meeplendice.net\/wp-content\/uploads\/2024\/11\/Unmatched_Vol02_vol.png",350,350,false],"thumbnail":["https:\/\/meeplendice.net\/wp-content\/uploads\/2024\/11\/Unmatched_Vol02_vol-150x150.png",150,150,true],"medium":["https:\/\/meeplendice.net\/wp-content\/uploads\/2024\/11\/Unmatched_Vol02_vol-300x300.png",300,300,true],"large":["https:\/\/meeplendice.net\/wp-content\/uploads\/2024\/11\/Unmatched_Vol02_vol.png",350,350,false],"ug_big":["https:\/\/meeplendice.net\/wp-content\/uploads\/2024\/11\/Unmatched_Vol02_vol.png",350,350,false],"1536x1536":["https:\/\/meeplendice.net\/wp-content\/uploads\/2024\/11\/Unmatched_Vol02_vol.png",350,350,false],"2048x2048":["https:\/\/meeplendice.net\/wp-content\/uploads\/2024\/11\/Unmatched_Vol02_vol.png",350,350,false],"ashe-slider-grid-thumbnail":["https:\/\/meeplendice.net\/wp-content\/uploads\/2024\/11\/Unmatched_Vol02_vol.png",350,350,false],"ashe-full-thumbnail":["https:\/\/meeplendice.net\/wp-content\/uploads\/2024\/11\/Unmatched_Vol02_vol.png",350,350,false],"ashe-grid-thumbnail":["https:\/\/meeplendice.net\/wp-content\/uploads\/2024\/11\/Unmatched_Vol02_vol-350x330.png",350,330,true],"ashe-list-thumbnail":["https:\/\/meeplendice.net\/wp-content\/uploads\/2024\/11\/Unmatched_Vol02_vol-300x300.png",300,300,true],"ashe-single-navigation":["https:\/\/meeplendice.net\/wp-content\/uploads\/2024\/11\/Unmatched_Vol02_vol-75x75.png",75,75,true],"mailpoet_newsletter_max":["https:\/\/meeplendice.net\/wp-content\/uploads\/2024\/11\/Unmatched_Vol02_vol.png",350,350,false],"rpwe-thumbnail":["https:\/\/meeplendice.net\/wp-content\/uploads\/2024\/11\/Unmatched_Vol02_vol-45x45.png",45,45,true],"sow-carousel-default":["https:\/\/meeplendice.net\/wp-content\/uploads\/2024\/11\/Unmatched_Vol02_vol-272x182.png",272,182,true],"rt_custom":["https:\/\/meeplendice.net\/wp-content\/uploads\/2024\/11\/Unmatched_Vol02_vol.png",350,350,false]},"rttpg_author":{"display_name":"Karnby","author_link":"https:\/\/meeplendice.net\/?author=2"},"rttpg_comment":0,"rttpg_category":null,"rttpg_excerpt":"Nombre de joueurs : 2 - 4 Auteur(s) : Noah Cohen Rob Daviau Jonathan Guberman Jason Hager Justin D. Jacobson Brian Neff Illustrations : Zo\u00eb van Dijk Nastya Lehn \u00c9dition : Iello 2024 Version : Fran\u00e7aise Unmatched : Coup de Th\u00e9\u00e2tre vous permet d\u2019incarner Shakespeare, Les Trois Sorci\u00e8res, Hamlet ou encore Titania. Shakespeare - Acolytes\u2026","_links":{"self":[{"href":"https:\/\/meeplendice.net\/index.php?rest_route=\/wp\/v2\/pages\/12935","targetHints":{"allow":["GET"]}}],"collection":[{"href":"https:\/\/meeplendice.net\/index.php?rest_route=\/wp\/v2\/pages"}],"about":[{"href":"https:\/\/meeplendice.net\/index.php?rest_route=\/wp\/v2\/types\/page"}],"author":[{"embeddable":true,"href":"https:\/\/meeplendice.net\/index.php?rest_route=\/wp\/v2\/users\/2"}],"replies":[{"embeddable":true,"href":"https:\/\/meeplendice.net\/index.php?rest_route=%2Fwp%2Fv2%2Fcomments&post=12935"}],"version-history":[{"count":4,"href":"https:\/\/meeplendice.net\/index.php?rest_route=\/wp\/v2\/pages\/12935\/revisions"}],"predecessor-version":[{"id":13509,"href":"https:\/\/meeplendice.net\/index.php?rest_route=\/wp\/v2\/pages\/12935\/revisions\/13509"}],"up":[{"embeddable":true,"href":"https:\/\/meeplendice.net\/index.php?rest_route=\/wp\/v2\/pages\/12879"}],"wp:featuredmedia":[{"embeddable":true,"href":"https:\/\/meeplendice.net\/index.php?rest_route=\/wp\/v2\/media\/12915"}],"wp:attachment":[{"href":"https:\/\/meeplendice.net\/index.php?rest_route=%2Fwp%2Fv2%2Fmedia&parent=12935"}],"curies":[{"name":"wp","href":"https:\/\/api.w.org\/{rel}","templated":true}]}}