{"id":12954,"date":"2024-11-21T16:54:45","date_gmt":"2024-11-21T14:54:45","guid":{"rendered":"https:\/\/meeplendice.net\/?page_id=12954"},"modified":"2024-11-24T22:14:52","modified_gmt":"2024-11-24T20:14:52","slug":"objectifs-et-recompenses","status":"publish","type":"page","link":"https:\/\/meeplendice.net\/?page_id=12954","title":{"rendered":"Objectifs &#038; R\u00e9compenses"},"content":{"rendered":"<section id=\"tab-description\" class=\"page-product-box r-tabs-panel r-tabs-state-active\">\n<div class=\"rte\">\n<div><em>Terraforming Mars :\u00a0 Objectifs et R\u00e9compenses<\/em> contient 70 tuiles objectifs et r\u00e9compenses vous permettent de personnaliser vos objectifs ou de les choisir au hasard pour <em>Terraforming Mars<\/em> !<\/div>\n<div><\/div>\n<div>Avant de distribuer les cartes aux joueurs, choisissez (au hasard ou non) 5 tuiles Objectif et 5 tuiles R\u00e9compense pour remplacer ceux indiqu\u00e9s sur le plateau de jeu. Si vous jouez avec l\u2019extension Venus, ajoutez toujours V\u00e9nuphile et A\u00e9ronaute. Certaines de ces tuiles valorisent une m\u00eame strat\u00e9gie.<\/div>\n<div><\/div>\n<div>N\u2019h\u00e9sitez pas \u00e0 remplacer des tuiles jusqu\u2019\u00e0 ce que tous les joueurs soient d\u2019accord. Merci \u00e0 tous les fans qui ont contribu\u00e9 \u00e0 cette vaste collection d\u2019objectifs\u2009!<\/div>\n<\/div>\n<\/section>\n","protected":false},"excerpt":{"rendered":"<p>Terraforming Mars :\u00a0 Objectifs et R\u00e9compenses contient 70 tuiles objectifs et r\u00e9compenses vous permettent de personnaliser vos objectifs ou de les choisir au hasard pour Terraforming Mars ! Avant de distribuer les cartes aux joueurs, choisissez (au hasard ou non) 5 tuiles Objectif et 5 tuiles R\u00e9compense pour remplacer ceux indiqu\u00e9s sur le plateau de jeu. Si vous jouez avec l\u2019extension Venus, ajoutez toujours V\u00e9nuphile et A\u00e9ronaute. Certaines de ces tuiles valorisent une m\u00eame strat\u00e9gie. N\u2019h\u00e9sitez pas \u00e0 remplacer des tuiles jusqu\u2019\u00e0 ce que tous les joueurs soient d\u2019accord. Merci \u00e0 tous les fans qui ont contribu\u00e9 \u00e0 cette vaste collection d\u2019objectifs\u2009!<\/p>\n","protected":false},"author":2,"featured_media":12903,"parent":3120,"menu_order":8,"comment_status":"closed","ping_status":"closed","template":"","meta":{"footnotes":""},"class_list":["post-12954","page","type-page","status-publish","has-post-thumbnail","hentry"],"acf":[],"rttpg_featured_image_url":{"full":["https:\/\/meeplendice.net\/wp-content\/uploads\/2024\/11\/Terraformingmars_ObjRec.png",350,350,false],"landscape":["https:\/\/meeplendice.net\/wp-content\/uploads\/2024\/11\/Terraformingmars_ObjRec.png",350,350,false],"portraits":["https:\/\/meeplendice.net\/wp-content\/uploads\/2024\/11\/Terraformingmars_ObjRec.png",350,350,false],"thumbnail":["https:\/\/meeplendice.net\/wp-content\/uploads\/2024\/11\/Terraformingmars_ObjRec-150x150.png",150,150,true],"medium":["https:\/\/meeplendice.net\/wp-content\/uploads\/2024\/11\/Terraformingmars_ObjRec-300x300.png",300,300,true],"large":["https:\/\/meeplendice.net\/wp-content\/uploads\/2024\/11\/Terraformingmars_ObjRec.png",350,350,false],"ug_big":["https:\/\/meeplendice.net\/wp-content\/uploads\/2024\/11\/Terraformingmars_ObjRec.png",350,350,false],"1536x1536":["https:\/\/meeplendice.net\/wp-content\/uploads\/2024\/11\/Terraformingmars_ObjRec.png",350,350,false],"2048x2048":["https:\/\/meeplendice.net\/wp-content\/uploads\/2024\/11\/Terraformingmars_ObjRec.png",350,350,false],"ashe-slider-grid-thumbnail":["https:\/\/meeplendice.net\/wp-content\/uploads\/2024\/11\/Terraformingmars_ObjRec.png",350,350,false],"ashe-full-thumbnail":["https:\/\/meeplendice.net\/wp-content\/uploads\/2024\/11\/Terraformingmars_ObjRec.png",350,350,false],"ashe-grid-thumbnail":["https:\/\/meeplendice.net\/wp-content\/uploads\/2024\/11\/Terraformingmars_ObjRec-350x330.png",350,330,true],"ashe-list-thumbnail":["https:\/\/meeplendice.net\/wp-content\/uploads\/2024\/11\/Terraformingmars_ObjRec-300x300.png",300,300,true],"ashe-single-navigation":["https:\/\/meeplendice.net\/wp-content\/uploads\/2024\/11\/Terraformingmars_ObjRec-75x75.png",75,75,true],"mailpoet_newsletter_max":["https:\/\/meeplendice.net\/wp-content\/uploads\/2024\/11\/Terraformingmars_ObjRec.png",350,350,false],"rpwe-thumbnail":["https:\/\/meeplendice.net\/wp-content\/uploads\/2024\/11\/Terraformingmars_ObjRec-45x45.png",45,45,true],"sow-carousel-default":["https:\/\/meeplendice.net\/wp-content\/uploads\/2024\/11\/Terraformingmars_ObjRec-272x182.png",272,182,true],"rt_custom":["https:\/\/meeplendice.net\/wp-content\/uploads\/2024\/11\/Terraformingmars_ObjRec.png",350,350,false]},"rttpg_author":{"display_name":"Karnby","author_link":"https:\/\/meeplendice.net\/?author=2"},"rttpg_comment":0,"rttpg_category":null,"rttpg_excerpt":"Terraforming Mars :\u00a0 Objectifs et R\u00e9compenses contient 70 tuiles objectifs et r\u00e9compenses vous permettent de personnaliser vos objectifs ou de les choisir au hasard pour Terraforming Mars ! Avant de distribuer les cartes aux joueurs, choisissez (au hasard ou non) 5 tuiles Objectif et 5 tuiles R\u00e9compense pour remplacer ceux indiqu\u00e9s sur le plateau de\u2026","_links":{"self":[{"href":"https:\/\/meeplendice.net\/index.php?rest_route=\/wp\/v2\/pages\/12954","targetHints":{"allow":["GET"]}}],"collection":[{"href":"https:\/\/meeplendice.net\/index.php?rest_route=\/wp\/v2\/pages"}],"about":[{"href":"https:\/\/meeplendice.net\/index.php?rest_route=\/wp\/v2\/types\/page"}],"author":[{"embeddable":true,"href":"https:\/\/meeplendice.net\/index.php?rest_route=\/wp\/v2\/users\/2"}],"replies":[{"embeddable":true,"href":"https:\/\/meeplendice.net\/index.php?rest_route=%2Fwp%2Fv2%2Fcomments&post=12954"}],"version-history":[{"count":3,"href":"https:\/\/meeplendice.net\/index.php?rest_route=\/wp\/v2\/pages\/12954\/revisions"}],"predecessor-version":[{"id":12971,"href":"https:\/\/meeplendice.net\/index.php?rest_route=\/wp\/v2\/pages\/12954\/revisions\/12971"}],"up":[{"embeddable":true,"href":"https:\/\/meeplendice.net\/index.php?rest_route=\/wp\/v2\/pages\/3120"}],"wp:featuredmedia":[{"embeddable":true,"href":"https:\/\/meeplendice.net\/index.php?rest_route=\/wp\/v2\/media\/12903"}],"wp:attachment":[{"href":"https:\/\/meeplendice.net\/index.php?rest_route=%2Fwp%2Fv2%2Fmedia&parent=12954"}],"curies":[{"name":"wp","href":"https:\/\/api.w.org\/{rel}","templated":true}]}}