{"id":12956,"date":"2024-11-21T16:55:27","date_gmt":"2024-11-21T14:55:27","guid":{"rendered":"https:\/\/meeplendice.net\/?page_id=12956"},"modified":"2024-11-24T22:19:22","modified_gmt":"2024-11-24T20:19:22","slug":"prelude-2","status":"publish","type":"page","link":"https:\/\/meeplendice.net\/?page_id=12956","title":{"rendered":"Pr\u00e9lude 2"},"content":{"rendered":"<p><em>Pr\u00e9lude 2 vous plonge au coeur de l&rsquo;action, non seulement sur Mars, mais \u00e9galement sur V\u00e9nus et dans les colonies.<br \/>\nDe m\u00eame, l&rsquo;ar\u00e8ne politique est pr\u00eate \u00e0 basculer dans la tourmente d\u00e8s le d\u00e9but de la partie. Avec les actions et effets de vos cartes Pr\u00e9lude, Mars ne sera plus jamais la m\u00eame !<\/em><\/p>\n<p>Dans <em>Prelude 2<\/em>, la plupart des cartes sont intimement li\u00e9es aux autres extensions de <em>Terraforming Mars (V\u00e9nus, Colonies, Turmoil).<\/em><br \/>\nToutefois, les 5 Corporations et 13 des nouvelles cartes Pr\u00e9lude sont jouables sans aucune de ces extensions.<\/p>\n","protected":false},"excerpt":{"rendered":"<p>Pr\u00e9lude 2 vous plonge au coeur de l&rsquo;action, non seulement sur Mars, mais \u00e9galement sur V\u00e9nus et dans les colonies. De m\u00eame, l&rsquo;ar\u00e8ne politique est pr\u00eate \u00e0 basculer dans la tourmente d\u00e8s le d\u00e9but de la partie. Avec les actions et effets de vos cartes Pr\u00e9lude, Mars ne sera plus jamais la m\u00eame ! Dans Prelude 2, la plupart des cartes sont intimement li\u00e9es aux autres extensions de Terraforming Mars (V\u00e9nus, Colonies, Turmoil). Toutefois, les 5 Corporations et 13 des nouvelles cartes Pr\u00e9lude sont jouables sans aucune de ces extensions.<\/p>\n","protected":false},"author":2,"featured_media":12902,"parent":3120,"menu_order":9,"comment_status":"closed","ping_status":"closed","template":"","meta":{"footnotes":""},"class_list":["post-12956","page","type-page","status-publish","has-post-thumbnail","hentry"],"acf":[],"rttpg_featured_image_url":{"full":["https:\/\/meeplendice.net\/wp-content\/uploads\/2024\/11\/Terraformingmars_Prelude2.png",350,350,false],"landscape":["https:\/\/meeplendice.net\/wp-content\/uploads\/2024\/11\/Terraformingmars_Prelude2.png",350,350,false],"portraits":["https:\/\/meeplendice.net\/wp-content\/uploads\/2024\/11\/Terraformingmars_Prelude2.png",350,350,false],"thumbnail":["https:\/\/meeplendice.net\/wp-content\/uploads\/2024\/11\/Terraformingmars_Prelude2-150x150.png",150,150,true],"medium":["https:\/\/meeplendice.net\/wp-content\/uploads\/2024\/11\/Terraformingmars_Prelude2-300x300.png",300,300,true],"large":["https:\/\/meeplendice.net\/wp-content\/uploads\/2024\/11\/Terraformingmars_Prelude2.png",350,350,false],"ug_big":["https:\/\/meeplendice.net\/wp-content\/uploads\/2024\/11\/Terraformingmars_Prelude2.png",350,350,false],"1536x1536":["https:\/\/meeplendice.net\/wp-content\/uploads\/2024\/11\/Terraformingmars_Prelude2.png",350,350,false],"2048x2048":["https:\/\/meeplendice.net\/wp-content\/uploads\/2024\/11\/Terraformingmars_Prelude2.png",350,350,false],"ashe-slider-grid-thumbnail":["https:\/\/meeplendice.net\/wp-content\/uploads\/2024\/11\/Terraformingmars_Prelude2.png",350,350,false],"ashe-full-thumbnail":["https:\/\/meeplendice.net\/wp-content\/uploads\/2024\/11\/Terraformingmars_Prelude2.png",350,350,false],"ashe-grid-thumbnail":["https:\/\/meeplendice.net\/wp-content\/uploads\/2024\/11\/Terraformingmars_Prelude2-350x330.png",350,330,true],"ashe-list-thumbnail":["https:\/\/meeplendice.net\/wp-content\/uploads\/2024\/11\/Terraformingmars_Prelude2-300x300.png",300,300,true],"ashe-single-navigation":["https:\/\/meeplendice.net\/wp-content\/uploads\/2024\/11\/Terraformingmars_Prelude2-75x75.png",75,75,true],"mailpoet_newsletter_max":["https:\/\/meeplendice.net\/wp-content\/uploads\/2024\/11\/Terraformingmars_Prelude2.png",350,350,false],"rpwe-thumbnail":["https:\/\/meeplendice.net\/wp-content\/uploads\/2024\/11\/Terraformingmars_Prelude2-45x45.png",45,45,true],"sow-carousel-default":["https:\/\/meeplendice.net\/wp-content\/uploads\/2024\/11\/Terraformingmars_Prelude2-272x182.png",272,182,true],"rt_custom":["https:\/\/meeplendice.net\/wp-content\/uploads\/2024\/11\/Terraformingmars_Prelude2.png",350,350,false]},"rttpg_author":{"display_name":"Karnby","author_link":"https:\/\/meeplendice.net\/?author=2"},"rttpg_comment":0,"rttpg_category":null,"rttpg_excerpt":"Pr\u00e9lude 2 vous plonge au coeur de l&rsquo;action, non seulement sur Mars, mais \u00e9galement sur V\u00e9nus et dans les colonies. De m\u00eame, l&rsquo;ar\u00e8ne politique est pr\u00eate \u00e0 basculer dans la tourmente d\u00e8s le d\u00e9but de la partie. Avec les actions et effets de vos cartes Pr\u00e9lude, Mars ne sera plus jamais la m\u00eame ! Dans\u2026","_links":{"self":[{"href":"https:\/\/meeplendice.net\/index.php?rest_route=\/wp\/v2\/pages\/12956","targetHints":{"allow":["GET"]}}],"collection":[{"href":"https:\/\/meeplendice.net\/index.php?rest_route=\/wp\/v2\/pages"}],"about":[{"href":"https:\/\/meeplendice.net\/index.php?rest_route=\/wp\/v2\/types\/page"}],"author":[{"embeddable":true,"href":"https:\/\/meeplendice.net\/index.php?rest_route=\/wp\/v2\/users\/2"}],"replies":[{"embeddable":true,"href":"https:\/\/meeplendice.net\/index.php?rest_route=%2Fwp%2Fv2%2Fcomments&post=12956"}],"version-history":[{"count":3,"href":"https:\/\/meeplendice.net\/index.php?rest_route=\/wp\/v2\/pages\/12956\/revisions"}],"predecessor-version":[{"id":12973,"href":"https:\/\/meeplendice.net\/index.php?rest_route=\/wp\/v2\/pages\/12956\/revisions\/12973"}],"up":[{"embeddable":true,"href":"https:\/\/meeplendice.net\/index.php?rest_route=\/wp\/v2\/pages\/3120"}],"wp:featuredmedia":[{"embeddable":true,"href":"https:\/\/meeplendice.net\/index.php?rest_route=\/wp\/v2\/media\/12902"}],"wp:attachment":[{"href":"https:\/\/meeplendice.net\/index.php?rest_route=%2Fwp%2Fv2%2Fmedia&parent=12956"}],"curies":[{"name":"wp","href":"https:\/\/api.w.org\/{rel}","templated":true}]}}