{"id":12993,"date":"2024-11-25T11:33:16","date_gmt":"2024-11-25T09:33:16","guid":{"rendered":"https:\/\/meeplendice.net\/?page_id=12993"},"modified":"2024-11-25T11:33:35","modified_gmt":"2024-11-25T09:33:35","slug":"medals","status":"publish","type":"page","link":"https:\/\/meeplendice.net\/?page_id=12993","title":{"rendered":"H\u00e9ritage"},"content":{"rendered":"<p><em>Les coffres antiques sont les gardiens du savoir, pr\u00e9servant la sagesse qui perdure \u00e0 travers les \u00e2ges.<\/em><br \/>\n<em>Ils incarnent la transmission et gardent jalousement un pr\u00e9cieux h\u00e9ritage.<\/em><\/p>\n<p>&nbsp;<\/p>\n<div>\n<div class=\"container\">\n<div class=\"row\">\n<div class=\"medium-large-full\">\n<p>L\u2019extension <em>Ancient Knowledge &#8211; H\u00e9ritage <\/em>se compose de plusieurs \u00e9l\u00e9ments :<\/p>\n<\/div>\n<\/div>\n<\/div>\n<div class=\"container\">\n<div class=\"row\">\n<div class=\"medium-large-full\">\n<div class=\"container\">\n<div class=\"row\">\n<div class=\"medium-large-full\">\n<ul>\n<li>36 nouvelles cartes de constructeur et 12 nouvelles cartes de technologie que vous pouvez m\u00e9langer au deck d\u2019Ancient Knowledge<\/li>\n<\/ul>\n<\/div>\n<\/div>\n<\/div>\n<div class=\"container\">\n<div class=\"row\">\n<div class=\"medium-large-full\">\n<ul>\n<li>Une nouvelle m\u00e9canique de double temporalit\u00e9 (Certaines cartes de cette extension ont des effets avec plusieurs temporalit\u00e9s)<\/li>\n<\/ul>\n<\/div>\n<\/div>\n<\/div>\n<div class=\"container\">\n<div class=\"row\">\n<div class=\"medium-large-full\">\n<ul>\n<li>Un mode solo qui vous permet de jouer une campagne. Vous choisissez de 1 \u00e0 5 objectifs, que vous placez dans les emplacements d\u2019artefacts sur le plateau de jeu et les objectifs que vous remplissez deviennent ensuite des pouvoirs que vous pourrez utiliser dans les parties suivantes.<\/li>\n<\/ul>\n<\/div>\n<\/div>\n<\/div>\n<\/div>\n<\/div>\n<\/div>\n<\/div>\n<p>&nbsp;<\/p>\n<p style=\"text-align: justify;\"><span id=\"result_box\" class=\"\" lang=\"fr\"><span class=\"\">\u00a0<\/span><\/span><\/p>\n","protected":false},"excerpt":{"rendered":"<p>Les coffres antiques sont les gardiens du savoir, pr\u00e9servant la sagesse qui perdure \u00e0 travers les \u00e2ges. Ils incarnent la transmission et gardent jalousement un pr\u00e9cieux h\u00e9ritage. &nbsp; L\u2019extension Ancient Knowledge &#8211; H\u00e9ritage se compose de plusieurs \u00e9l\u00e9ments : 36 nouvelles cartes de constructeur et 12 nouvelles cartes de technologie que vous pouvez m\u00e9langer au deck d\u2019Ancient Knowledge Une nouvelle m\u00e9canique de double temporalit\u00e9 (Certaines cartes de cette extension ont des effets avec plusieurs temporalit\u00e9s) Un mode solo qui vous permet de jouer une campagne. Vous choisissez de 1 \u00e0 5 objectifs, que vous placez dans les emplacements d\u2019artefacts sur le plateau de jeu et les objectifs que vous remplissez deviennent ensuite des pouvoirs que vous pourrez utiliser dans les parties suivantes. &nbsp; \u00a0<\/p>\n","protected":false},"author":2,"featured_media":12994,"parent":11643,"menu_order":1,"comment_status":"closed","ping_status":"closed","template":"","meta":{"footnotes":""},"class_list":["post-12993","page","type-page","status-publish","has-post-thumbnail","hentry"],"acf":[],"rttpg_featured_image_url":{"full":["https:\/\/meeplendice.net\/wp-content\/uploads\/2024\/11\/AK_Heritage.png",350,350,false],"landscape":["https:\/\/meeplendice.net\/wp-content\/uploads\/2024\/11\/AK_Heritage.png",350,350,false],"portraits":["https:\/\/meeplendice.net\/wp-content\/uploads\/2024\/11\/AK_Heritage.png",350,350,false],"thumbnail":["https:\/\/meeplendice.net\/wp-content\/uploads\/2024\/11\/AK_Heritage-150x150.png",150,150,true],"medium":["https:\/\/meeplendice.net\/wp-content\/uploads\/2024\/11\/AK_Heritage-300x300.png",300,300,true],"large":["https:\/\/meeplendice.net\/wp-content\/uploads\/2024\/11\/AK_Heritage.png",350,350,false],"ug_big":["https:\/\/meeplendice.net\/wp-content\/uploads\/2024\/11\/AK_Heritage.png",350,350,false],"1536x1536":["https:\/\/meeplendice.net\/wp-content\/uploads\/2024\/11\/AK_Heritage.png",350,350,false],"2048x2048":["https:\/\/meeplendice.net\/wp-content\/uploads\/2024\/11\/AK_Heritage.png",350,350,false],"ashe-slider-grid-thumbnail":["https:\/\/meeplendice.net\/wp-content\/uploads\/2024\/11\/AK_Heritage.png",350,350,false],"ashe-full-thumbnail":["https:\/\/meeplendice.net\/wp-content\/uploads\/2024\/11\/AK_Heritage.png",350,350,false],"ashe-grid-thumbnail":["https:\/\/meeplendice.net\/wp-content\/uploads\/2024\/11\/AK_Heritage-350x330.png",350,330,true],"ashe-list-thumbnail":["https:\/\/meeplendice.net\/wp-content\/uploads\/2024\/11\/AK_Heritage-300x300.png",300,300,true],"ashe-single-navigation":["https:\/\/meeplendice.net\/wp-content\/uploads\/2024\/11\/AK_Heritage-75x75.png",75,75,true],"mailpoet_newsletter_max":["https:\/\/meeplendice.net\/wp-content\/uploads\/2024\/11\/AK_Heritage.png",350,350,false],"rpwe-thumbnail":["https:\/\/meeplendice.net\/wp-content\/uploads\/2024\/11\/AK_Heritage-45x45.png",45,45,true],"sow-carousel-default":["https:\/\/meeplendice.net\/wp-content\/uploads\/2024\/11\/AK_Heritage-272x182.png",272,182,true],"rt_custom":["https:\/\/meeplendice.net\/wp-content\/uploads\/2024\/11\/AK_Heritage.png",350,350,false]},"rttpg_author":{"display_name":"Karnby","author_link":"https:\/\/meeplendice.net\/?author=2"},"rttpg_comment":0,"rttpg_category":null,"rttpg_excerpt":"Les coffres antiques sont les gardiens du savoir, pr\u00e9servant la sagesse qui perdure \u00e0 travers les \u00e2ges. Ils incarnent la transmission et gardent jalousement un pr\u00e9cieux h\u00e9ritage. &nbsp; L\u2019extension Ancient Knowledge &#8211; H\u00e9ritage se compose de plusieurs \u00e9l\u00e9ments : 36 nouvelles cartes de constructeur et 12 nouvelles cartes de technologie que vous pouvez m\u00e9langer au\u2026","_links":{"self":[{"href":"https:\/\/meeplendice.net\/index.php?rest_route=\/wp\/v2\/pages\/12993","targetHints":{"allow":["GET"]}}],"collection":[{"href":"https:\/\/meeplendice.net\/index.php?rest_route=\/wp\/v2\/pages"}],"about":[{"href":"https:\/\/meeplendice.net\/index.php?rest_route=\/wp\/v2\/types\/page"}],"author":[{"embeddable":true,"href":"https:\/\/meeplendice.net\/index.php?rest_route=\/wp\/v2\/users\/2"}],"replies":[{"embeddable":true,"href":"https:\/\/meeplendice.net\/index.php?rest_route=%2Fwp%2Fv2%2Fcomments&post=12993"}],"version-history":[{"count":2,"href":"https:\/\/meeplendice.net\/index.php?rest_route=\/wp\/v2\/pages\/12993\/revisions"}],"predecessor-version":[{"id":12996,"href":"https:\/\/meeplendice.net\/index.php?rest_route=\/wp\/v2\/pages\/12993\/revisions\/12996"}],"up":[{"embeddable":true,"href":"https:\/\/meeplendice.net\/index.php?rest_route=\/wp\/v2\/pages\/11643"}],"wp:featuredmedia":[{"embeddable":true,"href":"https:\/\/meeplendice.net\/index.php?rest_route=\/wp\/v2\/media\/12994"}],"wp:attachment":[{"href":"https:\/\/meeplendice.net\/index.php?rest_route=%2Fwp%2Fv2%2Fmedia&parent=12993"}],"curies":[{"name":"wp","href":"https:\/\/api.w.org\/{rel}","templated":true}]}}