{"id":13088,"date":"2025-01-04T01:20:54","date_gmt":"2025-01-03T23:20:54","guid":{"rendered":"https:\/\/meeplendice.net\/?page_id=13088"},"modified":"2025-01-04T01:26:16","modified_gmt":"2025-01-03T23:26:16","slug":"pack-daventure-n1-le-culte-du-chevalier-de-la-mort","status":"publish","type":"page","link":"https:\/\/meeplendice.net\/?page_id=13088","title":{"rendered":"Pack d&rsquo;aventure n\u00b01 : Le Culte du Chevalier de la Mort"},"content":{"rendered":"<p><em>Soyez les bienvenus, prisonniers, dans une nouvelle \u00e8re du Dark Castle.<\/em><br \/>\n<em>Le Chevalier de la Mort en personne, \u00e9p\u00e9iste l\u00e9gendaire que l&rsquo;on nomme \u00e9galement \u00a0\u00bb Seigneur du D\u00e9clin \u00a0\u00bb , a gagn\u00e9 en notori\u00e9t\u00e9. Les faibles et les d\u00e9g\u00e9n\u00e9r\u00e9s se rassemblent sous sa banni\u00e8re, transform\u00e9s par sa sombre influence en fanatiques puissants et f\u00e9roces.<\/em><br \/>\n<em>On dit de lui qu&rsquo;il envoie des mal\u00e9dictions se faufiler dans les esprits des plus vuln\u00e9rables. Son but ?<\/em><br \/>\n<em>Rallier tout le Ch\u00e2teau sous sa domination corrompue.<\/em><\/p>\n<p><em>Prenez garde aux mal\u00e9dictions, prisonniers. Prenez garde au Chevalier de la Mort&#8230;<\/em><\/p>\n<p>&nbsp;<\/p>\n<p><em>Le Culte du Chevalier de la Mort<\/em> est un pack d&rsquo;extension pour <em>Escape the Dark Castle<\/em>. Il introduit de nouvelles r\u00e8gles et intensifie vos aventures.<\/p>\n<p>&nbsp;<\/p>\n<p style=\"text-align: justify;\"><span id=\"result_box\" class=\"\" lang=\"fr\"><span class=\"\">\u00a0<\/span><\/span><\/p>\n","protected":false},"excerpt":{"rendered":"<p>Soyez les bienvenus, prisonniers, dans une nouvelle \u00e8re du Dark Castle. Le Chevalier de la Mort en personne, \u00e9p\u00e9iste l\u00e9gendaire que l&rsquo;on nomme \u00e9galement \u00a0\u00bb Seigneur du D\u00e9clin \u00a0\u00bb , a gagn\u00e9 en notori\u00e9t\u00e9. Les faibles et les d\u00e9g\u00e9n\u00e9r\u00e9s se rassemblent sous sa banni\u00e8re, transform\u00e9s par sa sombre influence en fanatiques puissants et f\u00e9roces. On dit de lui qu&rsquo;il envoie des mal\u00e9dictions se faufiler dans les esprits des plus vuln\u00e9rables. Son but ? Rallier tout le Ch\u00e2teau sous sa domination corrompue. Prenez garde aux mal\u00e9dictions, prisonniers. Prenez garde au Chevalier de la Mort&#8230; &nbsp; Le Culte du Chevalier de la Mort est un pack d&rsquo;extension pour Escape the Dark Castle. Il introduit de nouvelles r\u00e8gles et intensifie vos aventures. &nbsp; \u00a0<\/p>\n","protected":false},"author":2,"featured_media":13071,"parent":13085,"menu_order":1,"comment_status":"closed","ping_status":"closed","template":"","meta":{"footnotes":""},"class_list":["post-13088","page","type-page","status-publish","has-post-thumbnail","hentry"],"acf":[],"rttpg_featured_image_url":{"full":["https:\/\/meeplendice.net\/wp-content\/uploads\/2025\/01\/Escape_TDC_Ext1.png",350,350,false],"landscape":["https:\/\/meeplendice.net\/wp-content\/uploads\/2025\/01\/Escape_TDC_Ext1.png",350,350,false],"portraits":["https:\/\/meeplendice.net\/wp-content\/uploads\/2025\/01\/Escape_TDC_Ext1.png",350,350,false],"thumbnail":["https:\/\/meeplendice.net\/wp-content\/uploads\/2025\/01\/Escape_TDC_Ext1-150x150.png",150,150,true],"medium":["https:\/\/meeplendice.net\/wp-content\/uploads\/2025\/01\/Escape_TDC_Ext1-300x300.png",300,300,true],"large":["https:\/\/meeplendice.net\/wp-content\/uploads\/2025\/01\/Escape_TDC_Ext1.png",350,350,false],"ug_big":["https:\/\/meeplendice.net\/wp-content\/uploads\/2025\/01\/Escape_TDC_Ext1.png",350,350,false],"1536x1536":["https:\/\/meeplendice.net\/wp-content\/uploads\/2025\/01\/Escape_TDC_Ext1.png",350,350,false],"2048x2048":["https:\/\/meeplendice.net\/wp-content\/uploads\/2025\/01\/Escape_TDC_Ext1.png",350,350,false],"ashe-slider-grid-thumbnail":["https:\/\/meeplendice.net\/wp-content\/uploads\/2025\/01\/Escape_TDC_Ext1.png",350,350,false],"ashe-full-thumbnail":["https:\/\/meeplendice.net\/wp-content\/uploads\/2025\/01\/Escape_TDC_Ext1.png",350,350,false],"ashe-grid-thumbnail":["https:\/\/meeplendice.net\/wp-content\/uploads\/2025\/01\/Escape_TDC_Ext1-350x330.png",350,330,true],"ashe-list-thumbnail":["https:\/\/meeplendice.net\/wp-content\/uploads\/2025\/01\/Escape_TDC_Ext1-300x300.png",300,300,true],"ashe-single-navigation":["https:\/\/meeplendice.net\/wp-content\/uploads\/2025\/01\/Escape_TDC_Ext1-75x75.png",75,75,true],"mailpoet_newsletter_max":["https:\/\/meeplendice.net\/wp-content\/uploads\/2025\/01\/Escape_TDC_Ext1.png",350,350,false],"rpwe-thumbnail":["https:\/\/meeplendice.net\/wp-content\/uploads\/2025\/01\/Escape_TDC_Ext1-45x45.png",45,45,true],"sow-carousel-default":["https:\/\/meeplendice.net\/wp-content\/uploads\/2025\/01\/Escape_TDC_Ext1-272x182.png",272,182,true],"rt_custom":["https:\/\/meeplendice.net\/wp-content\/uploads\/2025\/01\/Escape_TDC_Ext1.png",350,350,false]},"rttpg_author":{"display_name":"Karnby","author_link":"https:\/\/meeplendice.net\/?author=2"},"rttpg_comment":0,"rttpg_category":null,"rttpg_excerpt":"Soyez les bienvenus, prisonniers, dans une nouvelle \u00e8re du Dark Castle. Le Chevalier de la Mort en personne, \u00e9p\u00e9iste l\u00e9gendaire que l&rsquo;on nomme \u00e9galement \u00a0\u00bb Seigneur du D\u00e9clin \u00a0\u00bb , a gagn\u00e9 en notori\u00e9t\u00e9. Les faibles et les d\u00e9g\u00e9n\u00e9r\u00e9s se rassemblent sous sa banni\u00e8re, transform\u00e9s par sa sombre influence en fanatiques puissants et f\u00e9roces. On\u2026","_links":{"self":[{"href":"https:\/\/meeplendice.net\/index.php?rest_route=\/wp\/v2\/pages\/13088","targetHints":{"allow":["GET"]}}],"collection":[{"href":"https:\/\/meeplendice.net\/index.php?rest_route=\/wp\/v2\/pages"}],"about":[{"href":"https:\/\/meeplendice.net\/index.php?rest_route=\/wp\/v2\/types\/page"}],"author":[{"embeddable":true,"href":"https:\/\/meeplendice.net\/index.php?rest_route=\/wp\/v2\/users\/2"}],"replies":[{"embeddable":true,"href":"https:\/\/meeplendice.net\/index.php?rest_route=%2Fwp%2Fv2%2Fcomments&post=13088"}],"version-history":[{"count":3,"href":"https:\/\/meeplendice.net\/index.php?rest_route=\/wp\/v2\/pages\/13088\/revisions"}],"predecessor-version":[{"id":13093,"href":"https:\/\/meeplendice.net\/index.php?rest_route=\/wp\/v2\/pages\/13088\/revisions\/13093"}],"up":[{"embeddable":true,"href":"https:\/\/meeplendice.net\/index.php?rest_route=\/wp\/v2\/pages\/13085"}],"wp:featuredmedia":[{"embeddable":true,"href":"https:\/\/meeplendice.net\/index.php?rest_route=\/wp\/v2\/media\/13071"}],"wp:attachment":[{"href":"https:\/\/meeplendice.net\/index.php?rest_route=%2Fwp%2Fv2%2Fmedia&parent=13088"}],"curies":[{"name":"wp","href":"https:\/\/api.w.org\/{rel}","templated":true}]}}