{"id":13113,"date":"2025-01-04T19:21:05","date_gmt":"2025-01-04T17:21:05","guid":{"rendered":"https:\/\/meeplendice.net\/?page_id=13113"},"modified":"2025-01-04T19:38:04","modified_gmt":"2025-01-04T17:38:04","slug":"celtae-2","status":"publish","type":"page","link":"https:\/\/meeplendice.net\/?page_id=13113","title":{"rendered":"Celtae"},"content":{"rendered":"<div id=\"pl-13113\"  class=\"panel-layout\" ><div id=\"pg-13113-0\"  class=\"panel-grid panel-no-style\" ><div id=\"pgc-13113-0-0\"  class=\"panel-grid-cell\" ><div id=\"panel-13113-0-0-0\" class=\"so-panel widget widget_sow-editor panel-first-child panel-last-child\" data-index=\"0\" ><div\n\t\t\t\n\t\t\tclass=\"so-widget-sow-editor so-widget-sow-editor-base\"\n\t\t\t\n\t\t>\n<div class=\"siteorigin-widget-tinymce textwidget\">\n\t<p style=\"text-align: center;\"><strong>Nombre de joueurs :<\/strong><br \/>\n1 - 4<\/p>\n<\/div>\n<\/div><\/div><\/div><div id=\"pgc-13113-0-1\"  class=\"panel-grid-cell\" ><div id=\"panel-13113-0-1-0\" class=\"so-panel widget widget_sow-editor panel-first-child panel-last-child\" data-index=\"1\" ><div\n\t\t\t\n\t\t\tclass=\"so-widget-sow-editor so-widget-sow-editor-base\"\n\t\t\t\n\t\t>\n<div class=\"siteorigin-widget-tinymce textwidget\">\n\t<p style=\"text-align: center;\"><strong>Dur\u00e9e moyenne :<\/strong><br \/>\n90 min<\/p>\n<\/div>\n<\/div><\/div><\/div><div id=\"pgc-13113-0-2\"  class=\"panel-grid-cell\" ><div id=\"panel-13113-0-2-0\" class=\"so-panel widget widget_sow-editor panel-first-child panel-last-child\" data-index=\"2\" ><div\n\t\t\t\n\t\t\tclass=\"so-widget-sow-editor so-widget-sow-editor-base\"\n\t\t\t\n\t\t>\n<div class=\"siteorigin-widget-tinymce textwidget\">\n\t<p style=\"text-align: center;\"><strong>Age :<\/strong><br \/>\n10 ans et plus<\/p>\n<\/div>\n<\/div><\/div><\/div><\/div><div id=\"pg-13113-1\"  class=\"panel-grid panel-no-style\" ><div id=\"pgc-13113-1-0\"  class=\"panel-grid-cell\" ><div id=\"panel-13113-1-0-0\" class=\"so-panel widget widget_sow-editor panel-first-child panel-last-child\" data-index=\"3\" ><div\n\t\t\t\n\t\t\tclass=\"so-widget-sow-editor so-widget-sow-editor-base\"\n\t\t\t\n\t\t>\n<div class=\"siteorigin-widget-tinymce textwidget\">\n\t<p style=\"text-align: center;\"><strong>Auteur(s) :<br \/>\n<\/strong>Orlando S\u00e1<\/p>\n<\/div>\n<\/div><\/div><\/div><div id=\"pgc-13113-1-1\"  class=\"panel-grid-cell\" ><div id=\"panel-13113-1-1-0\" class=\"so-panel widget widget_sow-editor panel-first-child panel-last-child\" data-index=\"4\" ><div\n\t\t\t\n\t\t\tclass=\"so-widget-sow-editor so-widget-sow-editor-base\"\n\t\t\t\n\t\t>\n<div class=\"siteorigin-widget-tinymce textwidget\">\n\t<p style=\"text-align: center;\"><strong>Illustrations :<br \/>\n<\/strong>Mihajlo Dimitrievski<\/p>\n<\/div>\n<\/div><\/div><\/div><div id=\"pgc-13113-1-2\"  class=\"panel-grid-cell\" ><div id=\"panel-13113-1-2-0\" class=\"so-panel widget widget_sow-editor panel-first-child panel-last-child\" data-index=\"5\" ><div\n\t\t\t\n\t\t\tclass=\"so-widget-sow-editor so-widget-sow-editor-base\"\n\t\t\t\n\t\t>\n<div class=\"siteorigin-widget-tinymce textwidget\">\n\t<p style=\"text-align: center;\"><strong>\u00c9dition :<\/strong><br \/>\nMatagot<br \/>\n2023<\/p>\n<\/div>\n<\/div><\/div><\/div><div id=\"pgc-13113-1-3\"  class=\"panel-grid-cell\" ><div id=\"panel-13113-1-3-0\" class=\"so-panel widget widget_sow-editor panel-first-child panel-last-child\" data-index=\"6\" ><div\n\t\t\t\n\t\t\tclass=\"so-widget-sow-editor so-widget-sow-editor-base\"\n\t\t\t\n\t\t>\n<div class=\"siteorigin-widget-tinymce textwidget\">\n\t<p style=\"text-align: center;\"><strong>Version :<\/strong><br \/>\nFran\u00e7aise<\/p>\n<\/div>\n<\/div><\/div><\/div><\/div><div id=\"pg-13113-2\"  class=\"panel-grid panel-no-style\" ><div id=\"pgc-13113-2-0\"  class=\"panel-grid-cell\" ><div id=\"panel-13113-2-0-0\" class=\"so-panel widget widget_sow-editor panel-first-child panel-last-child\" data-index=\"7\" ><div\n\t\t\t\n\t\t\tclass=\"so-widget-sow-editor so-widget-sow-editor-base\"\n\t\t\t\n\t\t>\n<div class=\"siteorigin-widget-tinymce textwidget\">\n\t<hr \/>\n<p><em>Les Celtes, du latin \"Celta\" (au pluriel \"Celtae\") \u00e9taient un peuple proto-indo-europ\u00e9en qui s'est r\u00e9pandu \u00e0 travers une grande partie de l'Europe au 2e mill\u00e9naire au 1er si\u00e8cle av. J.-C. Leurs tribus s'\u00e9tendaient des \u00eeles Britaniques au Portugal et \u00e0 l'est jusqu'\u00e0 la mer Noire et la Galicie en Anatolie.<\/em><\/p>\n<p><em>Les Bretons, les Gaulois, les Bo\u00efens, les Galiciens, les Celtib\u00e8res et les Lusitaniens qui constituaient leurs tribus furent finalement absorb\u00e9s peu \u00e0 peu par l'Empire romain.<\/em><\/p>\n<p>&nbsp;<\/p>\n<p>Dans <em>Celtae<\/em>, vous dirigez une tribu de Celtes, et cultivez la terre pour obtenir des ressources (cartes) que vous utiliserez plus tard pour construire et \u00e9largir des citadelles.<br \/>\nVous devrez \u00e9galement convertir des ressources pour contribuer \u00e0 l'effort de guerre contre les envahisseurs Romains, en recrutant plus de soldats, en construisant des forteresses ou en pla\u00e7ant des pi\u00e8ges Vous pourrez \u00e9galement agrandir votre tribu en recrutant de nouveaux travailleurs capables d'effectuer des actions de plus en plus puissantes au fur et \u00e0 mesure que le jeu progresse.<\/p>\n<p>Parfois, vous devrez envoyer certains de vos travailleurs \u00e0 l'Ordre des druides afin que l'un d'entre eux revienne en tant que puissant mystique. C'est seulement en g\u00e9rant intelligemment vos effectifs que vous pourrez ramener la gloire \u00e0 votre tribu !<\/p>\n<\/div>\n<\/div><\/div><\/div><\/div><div id=\"pg-13113-3\"  class=\"panel-grid panel-no-style\" ><div id=\"pgc-13113-3-0\"  class=\"panel-grid-cell\" ><div id=\"panel-13113-3-0-0\" class=\"so-panel widget widget_sow-editor panel-first-child panel-last-child\" data-index=\"8\" ><div\n\t\t\t\n\t\t\tclass=\"so-widget-sow-editor so-widget-sow-editor-base\"\n\t\t\t\n\t\t>\n<div class=\"siteorigin-widget-tinymce textwidget\">\n\t<hr \/>\n<h3 style=\"text-align: center;\">En vid\u00e9o<\/h3>\n<p><a href=\"https:\/\/www.youtube.com\/embed\/25BahCzL4QU\" target=\"_blank\" rel=\"noopener\"><img loading=\"lazy\" decoding=\"async\" class=\"alignnone size-full wp-image-9090\" src=\"https:\/\/meeplendice.net\/wp-content\/uploads\/2022\/01\/Link_CJ_v2.png\" alt=\"\" width=\"200\" height=\"170\" \/><\/a><\/p>\n<\/div>\n<\/div><\/div><\/div><\/div><div id=\"pg-13113-4\"  class=\"panel-grid panel-no-style\" ><div id=\"pgc-13113-4-0\"  class=\"panel-grid-cell\" ><div id=\"panel-13113-4-0-0\" class=\"so-panel widget widget_sow-editor panel-first-child panel-last-child\" data-index=\"9\" ><div\n\t\t\t\n\t\t\tclass=\"so-widget-sow-editor so-widget-sow-editor-base\"\n\t\t\t\n\t\t>\n<div class=\"siteorigin-widget-tinymce textwidget\">\n\t<hr \/>\n<h3 style=\"text-align: center;\">Pour aller plus loin<\/h3>\n<\/div>\n<\/div><\/div><\/div><\/div><\/div>","protected":false},"excerpt":{"rendered":"<p>Nombre de joueurs : 1 &#8211; 4 Dur\u00e9e moyenne : 90 min Age : 10 ans et plus Auteur(s) : Orlando S\u00e1 Illustrations : Mihajlo Dimitrievski \u00c9dition : Matagot 2023 Version : Fran\u00e7aise<\/p>\n","protected":false},"author":2,"featured_media":13058,"parent":0,"menu_order":0,"comment_status":"closed","ping_status":"closed","template":"","meta":{"footnotes":""},"class_list":["post-13113","page","type-page","status-publish","has-post-thumbnail","hentry"],"acf":[],"rttpg_featured_image_url":{"full":["https:\/\/meeplendice.net\/wp-content\/uploads\/2025\/01\/Celtae.png",350,350,false],"landscape":["https:\/\/meeplendice.net\/wp-content\/uploads\/2025\/01\/Celtae.png",350,350,false],"portraits":["https:\/\/meeplendice.net\/wp-content\/uploads\/2025\/01\/Celtae.png",350,350,false],"thumbnail":["https:\/\/meeplendice.net\/wp-content\/uploads\/2025\/01\/Celtae-150x150.png",150,150,true],"medium":["https:\/\/meeplendice.net\/wp-content\/uploads\/2025\/01\/Celtae-300x300.png",300,300,true],"large":["https:\/\/meeplendice.net\/wp-content\/uploads\/2025\/01\/Celtae.png",350,350,false],"ug_big":["https:\/\/meeplendice.net\/wp-content\/uploads\/2025\/01\/Celtae.png",350,350,false],"1536x1536":["https:\/\/meeplendice.net\/wp-content\/uploads\/2025\/01\/Celtae.png",350,350,false],"2048x2048":["https:\/\/meeplendice.net\/wp-content\/uploads\/2025\/01\/Celtae.png",350,350,false],"ashe-slider-grid-thumbnail":["https:\/\/meeplendice.net\/wp-content\/uploads\/2025\/01\/Celtae.png",350,350,false],"ashe-full-thumbnail":["https:\/\/meeplendice.net\/wp-content\/uploads\/2025\/01\/Celtae.png",350,350,false],"ashe-grid-thumbnail":["https:\/\/meeplendice.net\/wp-content\/uploads\/2025\/01\/Celtae-350x330.png",350,330,true],"ashe-list-thumbnail":["https:\/\/meeplendice.net\/wp-content\/uploads\/2025\/01\/Celtae-300x300.png",300,300,true],"ashe-single-navigation":["https:\/\/meeplendice.net\/wp-content\/uploads\/2025\/01\/Celtae-75x75.png",75,75,true],"mailpoet_newsletter_max":["https:\/\/meeplendice.net\/wp-content\/uploads\/2025\/01\/Celtae.png",350,350,false],"rpwe-thumbnail":["https:\/\/meeplendice.net\/wp-content\/uploads\/2025\/01\/Celtae-45x45.png",45,45,true],"sow-carousel-default":["https:\/\/meeplendice.net\/wp-content\/uploads\/2025\/01\/Celtae-272x182.png",272,182,true],"rt_custom":["https:\/\/meeplendice.net\/wp-content\/uploads\/2025\/01\/Celtae.png",350,350,false]},"rttpg_author":{"display_name":"Karnby","author_link":"https:\/\/meeplendice.net\/?author=2"},"rttpg_comment":0,"rttpg_category":null,"rttpg_excerpt":"Nombre de joueurs : 1 - 4 Dur\u00e9e moyenne : 90 min Age : 10 ans et plus Auteur(s) : Orlando S\u00e1 Illustrations : Mihajlo Dimitrievski \u00c9dition : Matagot 2023 Version : Fran\u00e7aise","_links":{"self":[{"href":"https:\/\/meeplendice.net\/index.php?rest_route=\/wp\/v2\/pages\/13113","targetHints":{"allow":["GET"]}}],"collection":[{"href":"https:\/\/meeplendice.net\/index.php?rest_route=\/wp\/v2\/pages"}],"about":[{"href":"https:\/\/meeplendice.net\/index.php?rest_route=\/wp\/v2\/types\/page"}],"author":[{"embeddable":true,"href":"https:\/\/meeplendice.net\/index.php?rest_route=\/wp\/v2\/users\/2"}],"replies":[{"embeddable":true,"href":"https:\/\/meeplendice.net\/index.php?rest_route=%2Fwp%2Fv2%2Fcomments&post=13113"}],"version-history":[{"count":3,"href":"https:\/\/meeplendice.net\/index.php?rest_route=\/wp\/v2\/pages\/13113\/revisions"}],"predecessor-version":[{"id":13116,"href":"https:\/\/meeplendice.net\/index.php?rest_route=\/wp\/v2\/pages\/13113\/revisions\/13116"}],"wp:featuredmedia":[{"embeddable":true,"href":"https:\/\/meeplendice.net\/index.php?rest_route=\/wp\/v2\/media\/13058"}],"wp:attachment":[{"href":"https:\/\/meeplendice.net\/index.php?rest_route=%2Fwp%2Fv2%2Fmedia&parent=13113"}],"curies":[{"name":"wp","href":"https:\/\/api.w.org\/{rel}","templated":true}]}}