{"id":13148,"date":"2025-01-05T23:40:59","date_gmt":"2025-01-05T21:40:59","guid":{"rendered":"https:\/\/meeplendice.net\/?page_id=13148"},"modified":"2025-01-05T23:41:22","modified_gmt":"2025-01-05T21:41:22","slug":"medals","status":"publish","type":"page","link":"https:\/\/meeplendice.net\/?page_id=13148","title":{"rendered":"L&rsquo;Extension Florissante"},"content":{"rendered":"<div>\n<p>L\u2019extension florissante vous propose davantage de cartes !<\/p>\n<\/div>\n<p>D\u00e9couvrez \u00e9galement les Minis-Kodamas qui vous permettront de jouer avec les plus jeunes, \u00e0 partir de 6 ans.<\/p>\n","protected":false},"excerpt":{"rendered":"<p>L\u2019extension florissante vous propose davantage de cartes ! D\u00e9couvrez \u00e9galement les Minis-Kodamas qui vous permettront de jouer avec les plus jeunes, \u00e0 partir de 6 ans.<\/p>\n","protected":false},"author":2,"featured_media":13067,"parent":2229,"menu_order":1,"comment_status":"closed","ping_status":"closed","template":"","meta":{"footnotes":""},"class_list":["post-13148","page","type-page","status-publish","has-post-thumbnail","hentry"],"acf":[],"rttpg_featured_image_url":{"full":["https:\/\/meeplendice.net\/wp-content\/uploads\/2025\/01\/Kodama_ext_florissante.png",350,350,false],"landscape":["https:\/\/meeplendice.net\/wp-content\/uploads\/2025\/01\/Kodama_ext_florissante.png",350,350,false],"portraits":["https:\/\/meeplendice.net\/wp-content\/uploads\/2025\/01\/Kodama_ext_florissante.png",350,350,false],"thumbnail":["https:\/\/meeplendice.net\/wp-content\/uploads\/2025\/01\/Kodama_ext_florissante-150x150.png",150,150,true],"medium":["https:\/\/meeplendice.net\/wp-content\/uploads\/2025\/01\/Kodama_ext_florissante-300x300.png",300,300,true],"large":["https:\/\/meeplendice.net\/wp-content\/uploads\/2025\/01\/Kodama_ext_florissante.png",350,350,false],"ug_big":["https:\/\/meeplendice.net\/wp-content\/uploads\/2025\/01\/Kodama_ext_florissante.png",350,350,false],"1536x1536":["https:\/\/meeplendice.net\/wp-content\/uploads\/2025\/01\/Kodama_ext_florissante.png",350,350,false],"2048x2048":["https:\/\/meeplendice.net\/wp-content\/uploads\/2025\/01\/Kodama_ext_florissante.png",350,350,false],"ashe-slider-grid-thumbnail":["https:\/\/meeplendice.net\/wp-content\/uploads\/2025\/01\/Kodama_ext_florissante.png",350,350,false],"ashe-full-thumbnail":["https:\/\/meeplendice.net\/wp-content\/uploads\/2025\/01\/Kodama_ext_florissante.png",350,350,false],"ashe-grid-thumbnail":["https:\/\/meeplendice.net\/wp-content\/uploads\/2025\/01\/Kodama_ext_florissante-350x330.png",350,330,true],"ashe-list-thumbnail":["https:\/\/meeplendice.net\/wp-content\/uploads\/2025\/01\/Kodama_ext_florissante-300x300.png",300,300,true],"ashe-single-navigation":["https:\/\/meeplendice.net\/wp-content\/uploads\/2025\/01\/Kodama_ext_florissante-75x75.png",75,75,true],"mailpoet_newsletter_max":["https:\/\/meeplendice.net\/wp-content\/uploads\/2025\/01\/Kodama_ext_florissante.png",350,350,false],"rpwe-thumbnail":["https:\/\/meeplendice.net\/wp-content\/uploads\/2025\/01\/Kodama_ext_florissante-45x45.png",45,45,true],"sow-carousel-default":["https:\/\/meeplendice.net\/wp-content\/uploads\/2025\/01\/Kodama_ext_florissante-272x182.png",272,182,true],"rt_custom":["https:\/\/meeplendice.net\/wp-content\/uploads\/2025\/01\/Kodama_ext_florissante.png",350,350,false]},"rttpg_author":{"display_name":"Karnby","author_link":"https:\/\/meeplendice.net\/?author=2"},"rttpg_comment":0,"rttpg_category":null,"rttpg_excerpt":"L\u2019extension florissante vous propose davantage de cartes ! D\u00e9couvrez \u00e9galement les Minis-Kodamas qui vous permettront de jouer avec les plus jeunes, \u00e0 partir de 6 ans.","_links":{"self":[{"href":"https:\/\/meeplendice.net\/index.php?rest_route=\/wp\/v2\/pages\/13148","targetHints":{"allow":["GET"]}}],"collection":[{"href":"https:\/\/meeplendice.net\/index.php?rest_route=\/wp\/v2\/pages"}],"about":[{"href":"https:\/\/meeplendice.net\/index.php?rest_route=\/wp\/v2\/types\/page"}],"author":[{"embeddable":true,"href":"https:\/\/meeplendice.net\/index.php?rest_route=\/wp\/v2\/users\/2"}],"replies":[{"embeddable":true,"href":"https:\/\/meeplendice.net\/index.php?rest_route=%2Fwp%2Fv2%2Fcomments&post=13148"}],"version-history":[{"count":2,"href":"https:\/\/meeplendice.net\/index.php?rest_route=\/wp\/v2\/pages\/13148\/revisions"}],"predecessor-version":[{"id":13150,"href":"https:\/\/meeplendice.net\/index.php?rest_route=\/wp\/v2\/pages\/13148\/revisions\/13150"}],"up":[{"embeddable":true,"href":"https:\/\/meeplendice.net\/index.php?rest_route=\/wp\/v2\/pages\/2229"}],"wp:featuredmedia":[{"embeddable":true,"href":"https:\/\/meeplendice.net\/index.php?rest_route=\/wp\/v2\/media\/13067"}],"wp:attachment":[{"href":"https:\/\/meeplendice.net\/index.php?rest_route=%2Fwp%2Fv2%2Fmedia&parent=13148"}],"curies":[{"name":"wp","href":"https:\/\/api.w.org\/{rel}","templated":true}]}}