{"id":13436,"date":"2025-11-28T00:43:10","date_gmt":"2025-11-27T22:43:10","guid":{"rendered":"https:\/\/meeplendice.net\/?page_id=13436"},"modified":"2025-11-28T00:50:49","modified_gmt":"2025-11-27T22:50:49","slug":"ink-2","status":"publish","type":"page","link":"https:\/\/meeplendice.net\/?page_id=13436","title":{"rendered":"Ink"},"content":{"rendered":"<div id=\"pl-13436\"  class=\"panel-layout\" ><div id=\"pg-13436-0\"  class=\"panel-grid panel-no-style\" ><div id=\"pgc-13436-0-0\"  class=\"panel-grid-cell\" ><div id=\"panel-13436-0-0-0\" class=\"so-panel widget widget_sow-editor panel-first-child panel-last-child\" data-index=\"0\" ><div\n\t\t\t\n\t\t\tclass=\"so-widget-sow-editor so-widget-sow-editor-base\"\n\t\t\t\n\t\t>\n<div class=\"siteorigin-widget-tinymce textwidget\">\n\t<p style=\"text-align: center;\"><strong>Nombre de joueurs :<\/strong><br \/>\n1 - 4<\/p>\n<\/div>\n<\/div><\/div><\/div><div id=\"pgc-13436-0-1\"  class=\"panel-grid-cell\" ><div id=\"panel-13436-0-1-0\" class=\"so-panel widget widget_sow-editor panel-first-child panel-last-child\" data-index=\"1\" ><div\n\t\t\t\n\t\t\tclass=\"so-widget-sow-editor so-widget-sow-editor-base\"\n\t\t\t\n\t\t>\n<div class=\"siteorigin-widget-tinymce textwidget\">\n\t<p style=\"text-align: center;\"><strong>Dur\u00e9e moyenne :<\/strong><br \/>\n45 min<\/p>\n<\/div>\n<\/div><\/div><\/div><div id=\"pgc-13436-0-2\"  class=\"panel-grid-cell\" ><div id=\"panel-13436-0-2-0\" class=\"so-panel widget widget_sow-editor panel-first-child panel-last-child\" data-index=\"2\" ><div\n\t\t\t\n\t\t\tclass=\"so-widget-sow-editor so-widget-sow-editor-base\"\n\t\t\t\n\t\t>\n<div class=\"siteorigin-widget-tinymce textwidget\">\n\t<p style=\"text-align: center;\"><strong>Age :<\/strong><br \/>\n8 ans et plus<\/p>\n<\/div>\n<\/div><\/div><\/div><\/div><div id=\"pg-13436-1\"  class=\"panel-grid panel-no-style\" ><div id=\"pgc-13436-1-0\"  class=\"panel-grid-cell\" ><div id=\"panel-13436-1-0-0\" class=\"so-panel widget widget_sow-editor panel-first-child panel-last-child\" data-index=\"3\" ><div\n\t\t\t\n\t\t\tclass=\"so-widget-sow-editor so-widget-sow-editor-base\"\n\t\t\t\n\t\t>\n<div class=\"siteorigin-widget-tinymce textwidget\">\n\t<p style=\"text-align: center;\"><strong>Auteur(s) :<br \/>\n<\/strong><span class=\"data-siloing\" title=\"D\u00e9couvrez tous ces jeux\" data-siloing=\"https:\/\/www.philibertnet.com\/fr\/recherche?feature=31&amp;feature_value=Th\u00e9o Riviere\">Kasper Lapp<\/span><\/p>\n<\/div>\n<\/div><\/div><\/div><div id=\"pgc-13436-1-1\"  class=\"panel-grid-cell\" ><div id=\"panel-13436-1-1-0\" class=\"so-panel widget widget_sow-editor panel-first-child panel-last-child\" data-index=\"4\" ><div\n\t\t\t\n\t\t\tclass=\"so-widget-sow-editor so-widget-sow-editor-base\"\n\t\t\t\n\t\t>\n<div class=\"siteorigin-widget-tinymce textwidget\">\n\t<p style=\"text-align: center;\"><strong>Illustrations :<\/strong><br \/>\n<span class=\"data-siloing\" title=\"D\u00e9couvrez tous ces jeux\" data-siloing=\"https:\/\/www.philibertnet.com\/fr\/recherche?feature=41&amp;feature_value=Jiahui Eva Gao\">Chris Quilliams<\/span><\/p>\n<\/div>\n<\/div><\/div><\/div><div id=\"pgc-13436-1-2\"  class=\"panel-grid-cell\" ><div id=\"panel-13436-1-2-0\" class=\"so-panel widget widget_sow-editor panel-first-child panel-last-child\" data-index=\"5\" ><div\n\t\t\t\n\t\t\tclass=\"so-widget-sow-editor so-widget-sow-editor-base\"\n\t\t\t\n\t\t>\n<div class=\"siteorigin-widget-tinymce textwidget\">\n\t<p style=\"text-align: center;\"><strong>\u00c9dition :<\/strong><br \/>\n<span class=\"data-siloing\" data-siloing=\"                                    https:\/\/www.philibertnet.com\/fr\/3781_final-score\n                                \">Final Scor\u00a0<\/span><br \/>\n2025<\/p>\n<\/div>\n<\/div><\/div><\/div><div id=\"pgc-13436-1-3\"  class=\"panel-grid-cell\" ><div id=\"panel-13436-1-3-0\" class=\"so-panel widget widget_sow-editor panel-first-child panel-last-child\" data-index=\"6\" ><div\n\t\t\t\n\t\t\tclass=\"so-widget-sow-editor so-widget-sow-editor-base\"\n\t\t\t\n\t\t>\n<div class=\"siteorigin-widget-tinymce textwidget\">\n\t<p style=\"text-align: center;\"><strong>Version :<\/strong><br \/>\nFran\u00e7aise<\/p>\n<\/div>\n<\/div><\/div><\/div><\/div><div id=\"pg-13436-2\"  class=\"panel-grid panel-no-style\" ><div id=\"pgc-13436-2-0\"  class=\"panel-grid-cell\" ><div id=\"panel-13436-2-0-0\" class=\"so-panel widget widget_sow-editor panel-first-child panel-last-child\" data-index=\"7\" ><div\n\t\t\t\n\t\t\tclass=\"so-widget-sow-editor so-widget-sow-editor-base\"\n\t\t\t\n\t\t>\n<div class=\"siteorigin-widget-tinymce textwidget\">\n\t<hr \/>\n<p><em>L'encre est un m\u00e9dium qui ne pardonne pas.<\/em><\/p>\n<p><em>Cependant, lorsqu'il est ma\u00eetris\u00e9 avec soin, sa spontan\u00e9it\u00e9 et son \u00e9clat savent cr\u00e9er des effets visuels d'une richesse \u00e9tonnante.<\/em><\/p>\n<p><em>INK vous invite \u00e0 d\u00e9ployer votre talent en r\u00e9alisant de somptueux tableaux dignes des plus grandes collections.<\/em><br \/>\n<em>Lorsque l'art et la strat\u00e9gie vont de pair, l'encre coule comme une rivi\u00e8re !<\/em><\/p>\n<p>Dans <em><span class=\"style-client-colored-text\">INK<\/span><\/em>, vous incarnez un artiste cherchant \u00e0 composer une \u0153uvre vibrante en assemblant habilement couleurs et formes.<\/p>\n<p>Au c\u0153ur du jeu, un astucieux syst\u00e8me de draft bas\u00e9 sur une roue : d\u00e9placez votre plume autour du cercle pour s\u00e9lectionner la tuile id\u00e9ale, en anticipant les choix de vos adversaires. Chaque tuile pos\u00e9e sur votre tableau \u00e9tend des zones de couleurs qui, une fois suffisamment d\u00e9velopp\u00e9es, vous permettent de d\u00e9verser de l\u2019encre et d\u2019activer des actions bonus strat\u00e9giques.<\/p>\n<p>Avec son esth\u00e9tique \u00e9pur\u00e9e et \u00e9l\u00e9gante, <span class=\"style-client-colored-text\"><em>INK<\/em> <\/span>\u00e9voque la spontan\u00e9it\u00e9 et la richesse visuelle de la peinture \u00e0 l\u2019encre, offrant une exp\u00e9rience \u00e0 la fois immersive et relaxante.<\/p>\n<p>Tactique et anticipation seront vos meilleurs pinceaux pour cr\u00e9er une composition harmonieuse et surpasser vos rivaux. Serez-vous capable de dompter l\u2019encre pour transformer chaque coup de pinceau en chef-d\u2019\u0153uvre ?<\/p>\n<p>&nbsp;<\/p>\n<\/div>\n<\/div><\/div><\/div><\/div><div id=\"pg-13436-3\"  class=\"panel-grid panel-no-style\" ><div id=\"pgc-13436-3-0\"  class=\"panel-grid-cell\" ><div id=\"panel-13436-3-0-0\" class=\"so-panel widget widget_sow-editor panel-first-child panel-last-child\" data-index=\"8\" ><div\n\t\t\t\n\t\t\tclass=\"so-widget-sow-editor so-widget-sow-editor-base\"\n\t\t\t\n\t\t>\n<div class=\"siteorigin-widget-tinymce textwidget\">\n\t<hr \/>\n<h3 style=\"text-align: center;\">En vid\u00e9o<\/h3>\n<p><a href=\"https:\/\/www.youtube.com\/watch?v=A4XSns2oRNs\" target=\"_blank\" rel=\"noopener\"><img loading=\"lazy\" decoding=\"async\" class=\"alignnone size-full wp-image-9090\" src=\"https:\/\/meeplendice.net\/wp-content\/uploads\/2022\/01\/Link_CJ_v2.png\" alt=\"\" width=\"200\" height=\"170\" \/><\/a><\/p>\n<\/div>\n<\/div><\/div><\/div><\/div><div id=\"pg-13436-4\"  class=\"panel-grid panel-no-style\" ><div id=\"pgc-13436-4-0\"  class=\"panel-grid-cell\" ><div id=\"panel-13436-4-0-0\" class=\"so-panel widget widget_sow-editor panel-first-child panel-last-child\" data-index=\"9\" ><div\n\t\t\t\n\t\t\tclass=\"so-widget-sow-editor so-widget-sow-editor-base\"\n\t\t\t\n\t\t>\n<div class=\"siteorigin-widget-tinymce textwidget\">\n\t<hr \/>\n<h3 style=\"text-align: center;\">Pour aller plus loin<\/h3>\n<\/div>\n<\/div><\/div><\/div><\/div><\/div>","protected":false},"excerpt":{"rendered":"<p>Nombre de joueurs : 1 &#8211; 4 Dur\u00e9e moyenne : 45 min Age : 8 ans et plus Auteur(s) : Kasper Lapp Illustrations : Chris Quilliams \u00c9dition : Final Scor\u00a0 2025 Version : Fran\u00e7aise<\/p>\n","protected":false},"author":2,"featured_media":13426,"parent":0,"menu_order":0,"comment_status":"closed","ping_status":"closed","template":"","meta":{"footnotes":""},"class_list":["post-13436","page","type-page","status-publish","has-post-thumbnail","hentry"],"acf":[],"rttpg_featured_image_url":{"full":["https:\/\/meeplendice.net\/wp-content\/uploads\/2025\/11\/Ink.png",350,350,false],"landscape":["https:\/\/meeplendice.net\/wp-content\/uploads\/2025\/11\/Ink.png",350,350,false],"portraits":["https:\/\/meeplendice.net\/wp-content\/uploads\/2025\/11\/Ink.png",350,350,false],"thumbnail":["https:\/\/meeplendice.net\/wp-content\/uploads\/2025\/11\/Ink-150x150.png",150,150,true],"medium":["https:\/\/meeplendice.net\/wp-content\/uploads\/2025\/11\/Ink-300x300.png",300,300,true],"large":["https:\/\/meeplendice.net\/wp-content\/uploads\/2025\/11\/Ink.png",350,350,false],"ug_big":["https:\/\/meeplendice.net\/wp-content\/uploads\/2025\/11\/Ink.png",350,350,false],"1536x1536":["https:\/\/meeplendice.net\/wp-content\/uploads\/2025\/11\/Ink.png",350,350,false],"2048x2048":["https:\/\/meeplendice.net\/wp-content\/uploads\/2025\/11\/Ink.png",350,350,false],"ashe-slider-grid-thumbnail":["https:\/\/meeplendice.net\/wp-content\/uploads\/2025\/11\/Ink.png",350,350,false],"ashe-full-thumbnail":["https:\/\/meeplendice.net\/wp-content\/uploads\/2025\/11\/Ink.png",350,350,false],"ashe-grid-thumbnail":["https:\/\/meeplendice.net\/wp-content\/uploads\/2025\/11\/Ink-350x330.png",350,330,true],"ashe-list-thumbnail":["https:\/\/meeplendice.net\/wp-content\/uploads\/2025\/11\/Ink-300x300.png",300,300,true],"ashe-single-navigation":["https:\/\/meeplendice.net\/wp-content\/uploads\/2025\/11\/Ink-75x75.png",75,75,true],"mailpoet_newsletter_max":["https:\/\/meeplendice.net\/wp-content\/uploads\/2025\/11\/Ink.png",350,350,false],"rpwe-thumbnail":["https:\/\/meeplendice.net\/wp-content\/uploads\/2025\/11\/Ink-45x45.png",45,45,true],"sow-carousel-default":["https:\/\/meeplendice.net\/wp-content\/uploads\/2025\/11\/Ink-272x182.png",272,182,true],"rt_custom":["https:\/\/meeplendice.net\/wp-content\/uploads\/2025\/11\/Ink.png",350,350,false]},"rttpg_author":{"display_name":"Karnby","author_link":"https:\/\/meeplendice.net\/?author=2"},"rttpg_comment":0,"rttpg_category":null,"rttpg_excerpt":"Nombre de joueurs : 1 - 4 Dur\u00e9e moyenne : 45 min Age : 8 ans et plus Auteur(s) : Kasper Lapp Illustrations : Chris Quilliams \u00c9dition : Final Scor\u00a0 2025 Version : Fran\u00e7aise","_links":{"self":[{"href":"https:\/\/meeplendice.net\/index.php?rest_route=\/wp\/v2\/pages\/13436","targetHints":{"allow":["GET"]}}],"collection":[{"href":"https:\/\/meeplendice.net\/index.php?rest_route=\/wp\/v2\/pages"}],"about":[{"href":"https:\/\/meeplendice.net\/index.php?rest_route=\/wp\/v2\/types\/page"}],"author":[{"embeddable":true,"href":"https:\/\/meeplendice.net\/index.php?rest_route=\/wp\/v2\/users\/2"}],"replies":[{"embeddable":true,"href":"https:\/\/meeplendice.net\/index.php?rest_route=%2Fwp%2Fv2%2Fcomments&post=13436"}],"version-history":[{"count":2,"href":"https:\/\/meeplendice.net\/index.php?rest_route=\/wp\/v2\/pages\/13436\/revisions"}],"predecessor-version":[{"id":13438,"href":"https:\/\/meeplendice.net\/index.php?rest_route=\/wp\/v2\/pages\/13436\/revisions\/13438"}],"wp:featuredmedia":[{"embeddable":true,"href":"https:\/\/meeplendice.net\/index.php?rest_route=\/wp\/v2\/media\/13426"}],"wp:attachment":[{"href":"https:\/\/meeplendice.net\/index.php?rest_route=%2Fwp%2Fv2%2Fmedia&parent=13436"}],"curies":[{"name":"wp","href":"https:\/\/api.w.org\/{rel}","templated":true}]}}