{"id":13489,"date":"2025-11-30T00:22:02","date_gmt":"2025-11-29T22:22:02","guid":{"rendered":"https:\/\/meeplendice.net\/?page_id=13489"},"modified":"2025-11-30T00:32:42","modified_gmt":"2025-11-29T22:32:42","slug":"etats-dame-la-theorie-des-4-humeurs","status":"publish","type":"page","link":"https:\/\/meeplendice.net\/?page_id=13489","title":{"rendered":"Etats d&rsquo;\u00e2me &#8211; La Th\u00e9orie des 4 Humeurs"},"content":{"rendered":"<div id=\"pl-13489\"  class=\"panel-layout\" ><div id=\"pg-13489-0\"  class=\"panel-grid panel-no-style\" ><div id=\"pgc-13489-0-0\"  class=\"panel-grid-cell\" ><div id=\"panel-13489-0-0-0\" class=\"so-panel widget widget_sow-editor panel-first-child panel-last-child\" data-index=\"0\" ><div\n\t\t\t\n\t\t\tclass=\"so-widget-sow-editor so-widget-sow-editor-base\"\n\t\t\t\n\t\t>\n<div class=\"siteorigin-widget-tinymce textwidget\">\n\t<p style=\"text-align: center;\"><strong>Nombre de joueurs :<\/strong><br \/>\n1 - 6<\/p>\n<\/div>\n<\/div><\/div><\/div><div id=\"pgc-13489-0-1\"  class=\"panel-grid-cell\" ><div id=\"panel-13489-0-1-0\" class=\"so-panel widget widget_sow-editor panel-first-child panel-last-child\" data-index=\"1\" ><div\n\t\t\t\n\t\t\tclass=\"so-widget-sow-editor so-widget-sow-editor-base\"\n\t\t\t\n\t\t>\n<div class=\"siteorigin-widget-tinymce textwidget\">\n\t<p style=\"text-align: center;\"><strong>Dur\u00e9e moyenne :<\/strong><br \/>\n45 min<\/p>\n<\/div>\n<\/div><\/div><\/div><div id=\"pgc-13489-0-2\"  class=\"panel-grid-cell\" ><div id=\"panel-13489-0-2-0\" class=\"so-panel widget widget_sow-editor panel-first-child panel-last-child\" data-index=\"2\" ><div\n\t\t\t\n\t\t\tclass=\"so-widget-sow-editor so-widget-sow-editor-base\"\n\t\t\t\n\t\t>\n<div class=\"siteorigin-widget-tinymce textwidget\">\n\t<p style=\"text-align: center;\"><strong>Age :<\/strong><br \/>\n10 ans et plus<\/p>\n<\/div>\n<\/div><\/div><\/div><\/div><div id=\"pg-13489-1\"  class=\"panel-grid panel-no-style\" ><div id=\"pgc-13489-1-0\"  class=\"panel-grid-cell\" ><div id=\"panel-13489-1-0-0\" class=\"so-panel widget widget_sow-editor panel-first-child panel-last-child\" data-index=\"3\" ><div\n\t\t\t\n\t\t\tclass=\"so-widget-sow-editor so-widget-sow-editor-base\"\n\t\t\t\n\t\t>\n<div class=\"siteorigin-widget-tinymce textwidget\">\n\t<p style=\"text-align: center;\"><strong>Auteur(s) :<br \/>\n<\/strong>Charlie McCarron<\/p>\n<\/div>\n<\/div><\/div><\/div><div id=\"pgc-13489-1-1\"  class=\"panel-grid-cell\" ><div id=\"panel-13489-1-1-0\" class=\"so-panel widget widget_sow-editor panel-first-child panel-last-child\" data-index=\"4\" ><div\n\t\t\t\n\t\t\tclass=\"so-widget-sow-editor so-widget-sow-editor-base\"\n\t\t\t\n\t\t>\n<div class=\"siteorigin-widget-tinymce textwidget\">\n\t<p style=\"text-align: center;\"><strong>Illustrations :<\/strong><br \/>\n<span class=\"data-siloing\" title=\"D\u00e9couvrez tous ces jeux\" data-siloing=\"https:\/\/www.philibertnet.com\/fr\/recherche?feature=41&amp;feature_value=Ian Rosenthaler\">Shirley Gong<\/span><\/p>\n<\/div>\n<\/div><\/div><\/div><div id=\"pgc-13489-1-2\"  class=\"panel-grid-cell\" ><div id=\"panel-13489-1-2-0\" class=\"so-panel widget widget_sow-editor panel-first-child panel-last-child\" data-index=\"5\" ><div\n\t\t\t\n\t\t\tclass=\"so-widget-sow-editor so-widget-sow-editor-base\"\n\t\t\t\n\t\t>\n<div class=\"siteorigin-widget-tinymce textwidget\">\n\t<p style=\"text-align: center;\"><strong>\u00c9dition :<br \/>\n<\/strong>Origames<br \/>\n2025<\/p>\n<\/div>\n<\/div><\/div><\/div><div id=\"pgc-13489-1-3\"  class=\"panel-grid-cell\" ><div id=\"panel-13489-1-3-0\" class=\"so-panel widget widget_sow-editor panel-first-child panel-last-child\" data-index=\"6\" ><div\n\t\t\t\n\t\t\tclass=\"so-widget-sow-editor so-widget-sow-editor-base\"\n\t\t\t\n\t\t>\n<div class=\"siteorigin-widget-tinymce textwidget\">\n\t<p style=\"text-align: center;\"><strong>Version :<\/strong><br \/>\nFran\u00e7aise<\/p>\n<\/div>\n<\/div><\/div><\/div><\/div><div id=\"pg-13489-2\"  class=\"panel-grid panel-no-style\" ><div id=\"pgc-13489-2-0\"  class=\"panel-grid-cell\" ><div id=\"panel-13489-2-0-0\" class=\"so-panel widget widget_sow-editor panel-first-child panel-last-child\" data-index=\"7\" ><div\n\t\t\t\n\t\t\tclass=\"so-widget-sow-editor so-widget-sow-editor-base\"\n\t\t\t\n\t\t>\n<div class=\"siteorigin-widget-tinymce textwidget\">\n\t<hr \/>\n<p><em>Selon la th\u00e9orie des quatre humeurs, la sant\u00e9 du corps et de l'\u00e2me r\u00e9siderait dans l'\u00e9quilibre de quatre substances appel\u00e9es \u00ab humeurs \u00bb \u2014 la bile jaune, le sang, la bile noire et le phlegme...<\/em><\/p>\n<p><em>Un surplus de bile jaune renfor\u00e7ait le charisme, le sang vous rendait plus amical, trop de bile noire nourrissait votre m\u00e9lancolie, tans que le phlegme encourageait la patience...<\/em><\/p>\n<p>Dans <em>Etats d'\u00e2me<\/em>, vous incarnez des Apothicaires de l'\u00e9poque m\u00e9di\u00e9vale en qu\u00eate de renomm\u00e9e.<em><br \/>\n<\/em>Vous allez, de r\u00e9gion en r\u00e9gion, proposer vos Potions, compos\u00e9es de ces quatre humeurs, pour aider les habitants \u00e0 r\u00e9soudre leurs conflits (les Sc\u00e8nes). Vos Potions intensifient les temp\u00e9raments col\u00e9rique, sanguin, m\u00e9lancolique et flegmatique.<\/p>\n<p>Choisissez les bonnes Potions pour influencer le royaume \u00e0 votre avantage. Bluff, intuition et d\u00e9duction seront au c\u0153ur de vos choix<\/p>\n<\/div>\n<\/div><\/div><\/div><\/div><div id=\"pg-13489-3\"  class=\"panel-grid panel-no-style\" ><div id=\"pgc-13489-3-0\"  class=\"panel-grid-cell\" ><div id=\"panel-13489-3-0-0\" class=\"so-panel widget widget_sow-editor panel-first-child panel-last-child\" data-index=\"8\" ><div\n\t\t\t\n\t\t\tclass=\"so-widget-sow-editor so-widget-sow-editor-base\"\n\t\t\t\n\t\t>\n<div class=\"siteorigin-widget-tinymce textwidget\">\n\t<hr \/>\n<h3 style=\"text-align: center;\">En vid\u00e9o<\/h3>\n<\/div>\n<\/div><\/div><\/div><\/div><div id=\"pg-13489-4\"  class=\"panel-grid panel-no-style\" ><div id=\"pgc-13489-4-0\"  class=\"panel-grid-cell\" ><div id=\"panel-13489-4-0-0\" class=\"so-panel widget widget_sow-editor panel-first-child panel-last-child\" data-index=\"9\" ><div\n\t\t\t\n\t\t\tclass=\"so-widget-sow-editor so-widget-sow-editor-base\"\n\t\t\t\n\t\t>\n<div class=\"siteorigin-widget-tinymce textwidget\">\n\t<hr \/>\n<h3 style=\"text-align: center;\">Pour aller plus loin<\/h3>\n<p style=\"text-align: center;\">\n<\/div>\n<\/div><\/div><\/div><\/div><\/div>","protected":false},"excerpt":{"rendered":"<p>Nombre de joueurs : 1 &#8211; 6 Dur\u00e9e moyenne : 45 min Age : 10 ans et plus Auteur(s) : Charlie McCarron Illustrations : Shirley Gong \u00c9dition : Origames 2025 Version : Fran\u00e7aise<\/p>\n","protected":false},"author":2,"featured_media":13420,"parent":0,"menu_order":0,"comment_status":"closed","ping_status":"closed","template":"","meta":{"footnotes":""},"class_list":["post-13489","page","type-page","status-publish","has-post-thumbnail","hentry"],"acf":[],"rttpg_featured_image_url":{"full":["https:\/\/meeplendice.net\/wp-content\/uploads\/2025\/11\/Etats_dAme.png",350,350,false],"landscape":["https:\/\/meeplendice.net\/wp-content\/uploads\/2025\/11\/Etats_dAme.png",350,350,false],"portraits":["https:\/\/meeplendice.net\/wp-content\/uploads\/2025\/11\/Etats_dAme.png",350,350,false],"thumbnail":["https:\/\/meeplendice.net\/wp-content\/uploads\/2025\/11\/Etats_dAme-150x150.png",150,150,true],"medium":["https:\/\/meeplendice.net\/wp-content\/uploads\/2025\/11\/Etats_dAme-300x300.png",300,300,true],"large":["https:\/\/meeplendice.net\/wp-content\/uploads\/2025\/11\/Etats_dAme.png",350,350,false],"ug_big":["https:\/\/meeplendice.net\/wp-content\/uploads\/2025\/11\/Etats_dAme.png",350,350,false],"1536x1536":["https:\/\/meeplendice.net\/wp-content\/uploads\/2025\/11\/Etats_dAme.png",350,350,false],"2048x2048":["https:\/\/meeplendice.net\/wp-content\/uploads\/2025\/11\/Etats_dAme.png",350,350,false],"ashe-slider-grid-thumbnail":["https:\/\/meeplendice.net\/wp-content\/uploads\/2025\/11\/Etats_dAme.png",350,350,false],"ashe-full-thumbnail":["https:\/\/meeplendice.net\/wp-content\/uploads\/2025\/11\/Etats_dAme.png",350,350,false],"ashe-grid-thumbnail":["https:\/\/meeplendice.net\/wp-content\/uploads\/2025\/11\/Etats_dAme-350x330.png",350,330,true],"ashe-list-thumbnail":["https:\/\/meeplendice.net\/wp-content\/uploads\/2025\/11\/Etats_dAme-300x300.png",300,300,true],"ashe-single-navigation":["https:\/\/meeplendice.net\/wp-content\/uploads\/2025\/11\/Etats_dAme-75x75.png",75,75,true],"mailpoet_newsletter_max":["https:\/\/meeplendice.net\/wp-content\/uploads\/2025\/11\/Etats_dAme.png",350,350,false],"rpwe-thumbnail":["https:\/\/meeplendice.net\/wp-content\/uploads\/2025\/11\/Etats_dAme-45x45.png",45,45,true],"sow-carousel-default":["https:\/\/meeplendice.net\/wp-content\/uploads\/2025\/11\/Etats_dAme-272x182.png",272,182,true],"rt_custom":["https:\/\/meeplendice.net\/wp-content\/uploads\/2025\/11\/Etats_dAme.png",350,350,false]},"rttpg_author":{"display_name":"Karnby","author_link":"https:\/\/meeplendice.net\/?author=2"},"rttpg_comment":0,"rttpg_category":null,"rttpg_excerpt":"Nombre de joueurs : 1 - 6 Dur\u00e9e moyenne : 45 min Age : 10 ans et plus Auteur(s) : Charlie McCarron Illustrations : Shirley Gong \u00c9dition : Origames 2025 Version : Fran\u00e7aise","_links":{"self":[{"href":"https:\/\/meeplendice.net\/index.php?rest_route=\/wp\/v2\/pages\/13489","targetHints":{"allow":["GET"]}}],"collection":[{"href":"https:\/\/meeplendice.net\/index.php?rest_route=\/wp\/v2\/pages"}],"about":[{"href":"https:\/\/meeplendice.net\/index.php?rest_route=\/wp\/v2\/types\/page"}],"author":[{"embeddable":true,"href":"https:\/\/meeplendice.net\/index.php?rest_route=\/wp\/v2\/users\/2"}],"replies":[{"embeddable":true,"href":"https:\/\/meeplendice.net\/index.php?rest_route=%2Fwp%2Fv2%2Fcomments&post=13489"}],"version-history":[{"count":3,"href":"https:\/\/meeplendice.net\/index.php?rest_route=\/wp\/v2\/pages\/13489\/revisions"}],"predecessor-version":[{"id":13492,"href":"https:\/\/meeplendice.net\/index.php?rest_route=\/wp\/v2\/pages\/13489\/revisions\/13492"}],"wp:featuredmedia":[{"embeddable":true,"href":"https:\/\/meeplendice.net\/index.php?rest_route=\/wp\/v2\/media\/13420"}],"wp:attachment":[{"href":"https:\/\/meeplendice.net\/index.php?rest_route=%2Fwp%2Fv2%2Fmedia&parent=13489"}],"curies":[{"name":"wp","href":"https:\/\/api.w.org\/{rel}","templated":true}]}}