{"id":13557,"date":"2025-12-01T01:23:40","date_gmt":"2025-11-30T23:23:40","guid":{"rendered":"https:\/\/meeplendice.net\/?page_id=13557"},"modified":"2025-12-01T01:23:40","modified_gmt":"2025-11-30T23:23:40","slug":"nouvelle-lune","status":"publish","type":"page","link":"https:\/\/meeplendice.net\/?page_id=13557","title":{"rendered":"Nouvelle Lune"},"content":{"rendered":"<p><em>Soyez \u00e0 nouveau les bienvenus, chers amis.<\/em><\/p>\n<p><em>Une nouvelle lune appara\u00eet dans le ciel, mise en orbite par l&rsquo;\u00e9v\u00e9nement qui a chang\u00e9 notre monde \u00e0 tout jamais. Pendant ce temps, \u00e0 des milliers de kilom\u00e8tres de l\u00e0, nos habitants continuent de reconstruire, le regard lev\u00e9 vers les \u00e9toiles en qu\u00eate de r\u00e9ponses, tandis qu&rsquo;ils font l&rsquo;exp\u00e9rience d&rsquo;\u00e9v\u00e9nements \u00e9tranges engendr\u00e9s par cette nouvelle lune.<\/em><\/p>\n<p>&nbsp;<\/p>\n<p>L\u2019extension <em><span class=\"style-client-colored-text\">Nouvelle Lune <\/span><\/em>enrichit <em>Le Monde de Reterra<\/em> avec des tuiles de lune d\u00e9clenchant des \u00e9v\u00e9nements surprenants, de nouveaux b\u00e2timents aux effets uniques, et des opportunit\u00e9s in\u00e9dites de marquer des points.<\/p>\n<p>Chaque partie devient encore plus immersive, port\u00e9e par une narration renforc\u00e9e et une re-jouabilit\u00e9 d\u00e9cupl\u00e9e.<br \/>\nLes joueurs construisent leur communaut\u00e9 en \u00e9quilibrant industries, arts et innovations, tout en profitant des effets lunaires pour progresser.<\/p>\n<p>Avec ses m\u00e9caniques de placement de tuiles strat\u00e9giques et ses multiples chemins vers la victoire, <em><span class=\"style-client-colored-text\">Nouvelle Lune<\/span><\/em> est une invitation \u00e0 repousser les fronti\u00e8res de votre monde.<\/p>\n","protected":false},"excerpt":{"rendered":"<p>Soyez \u00e0 nouveau les bienvenus, chers amis. Une nouvelle lune appara\u00eet dans le ciel, mise en orbite par l&rsquo;\u00e9v\u00e9nement qui a chang\u00e9 notre monde \u00e0 tout jamais. Pendant ce temps, \u00e0 des milliers de kilom\u00e8tres de l\u00e0, nos habitants continuent de reconstruire, le regard lev\u00e9 vers les \u00e9toiles en qu\u00eate de r\u00e9ponses, tandis qu&rsquo;ils font l&rsquo;exp\u00e9rience d&rsquo;\u00e9v\u00e9nements \u00e9tranges engendr\u00e9s par cette nouvelle lune. &nbsp; L\u2019extension Nouvelle Lune enrichit Le Monde de Reterra avec des tuiles de lune d\u00e9clenchant des \u00e9v\u00e9nements surprenants, de nouveaux b\u00e2timents aux effets uniques, et des opportunit\u00e9s in\u00e9dites de marquer des points. Chaque partie devient encore plus immersive, port\u00e9e par une narration renforc\u00e9e et une re-jouabilit\u00e9 d\u00e9cupl\u00e9e. Les joueurs construisent leur communaut\u00e9 en \u00e9quilibrant industries, arts et innovations, tout en profitant des effets lunaires pour progresser. Avec ses m\u00e9caniques de placement de tuiles strat\u00e9giques et ses multiples chemins vers la victoire, Nouvelle Lune est une invitation \u00e0 repousser les fronti\u00e8res de votre monde.<\/p>\n","protected":false},"author":2,"featured_media":13558,"parent":12257,"menu_order":1,"comment_status":"closed","ping_status":"closed","template":"","meta":{"footnotes":""},"class_list":["post-13557","page","type-page","status-publish","has-post-thumbnail","hentry"],"acf":[],"rttpg_featured_image_url":{"full":["https:\/\/meeplendice.net\/wp-content\/uploads\/2025\/12\/LMDR_Nouvelle_lune.png",350,350,false],"landscape":["https:\/\/meeplendice.net\/wp-content\/uploads\/2025\/12\/LMDR_Nouvelle_lune.png",350,350,false],"portraits":["https:\/\/meeplendice.net\/wp-content\/uploads\/2025\/12\/LMDR_Nouvelle_lune.png",350,350,false],"thumbnail":["https:\/\/meeplendice.net\/wp-content\/uploads\/2025\/12\/LMDR_Nouvelle_lune-150x150.png",150,150,true],"medium":["https:\/\/meeplendice.net\/wp-content\/uploads\/2025\/12\/LMDR_Nouvelle_lune-300x300.png",300,300,true],"large":["https:\/\/meeplendice.net\/wp-content\/uploads\/2025\/12\/LMDR_Nouvelle_lune.png",350,350,false],"ug_big":["https:\/\/meeplendice.net\/wp-content\/uploads\/2025\/12\/LMDR_Nouvelle_lune.png",350,350,false],"1536x1536":["https:\/\/meeplendice.net\/wp-content\/uploads\/2025\/12\/LMDR_Nouvelle_lune.png",350,350,false],"2048x2048":["https:\/\/meeplendice.net\/wp-content\/uploads\/2025\/12\/LMDR_Nouvelle_lune.png",350,350,false],"ashe-slider-grid-thumbnail":["https:\/\/meeplendice.net\/wp-content\/uploads\/2025\/12\/LMDR_Nouvelle_lune.png",350,350,false],"ashe-full-thumbnail":["https:\/\/meeplendice.net\/wp-content\/uploads\/2025\/12\/LMDR_Nouvelle_lune.png",350,350,false],"ashe-grid-thumbnail":["https:\/\/meeplendice.net\/wp-content\/uploads\/2025\/12\/LMDR_Nouvelle_lune-350x330.png",350,330,true],"ashe-list-thumbnail":["https:\/\/meeplendice.net\/wp-content\/uploads\/2025\/12\/LMDR_Nouvelle_lune-300x300.png",300,300,true],"ashe-single-navigation":["https:\/\/meeplendice.net\/wp-content\/uploads\/2025\/12\/LMDR_Nouvelle_lune-75x75.png",75,75,true],"mailpoet_newsletter_max":["https:\/\/meeplendice.net\/wp-content\/uploads\/2025\/12\/LMDR_Nouvelle_lune.png",350,350,false],"rpwe-thumbnail":["https:\/\/meeplendice.net\/wp-content\/uploads\/2025\/12\/LMDR_Nouvelle_lune-45x45.png",45,45,true],"sow-carousel-default":["https:\/\/meeplendice.net\/wp-content\/uploads\/2025\/12\/LMDR_Nouvelle_lune-272x182.png",272,182,true],"rt_custom":["https:\/\/meeplendice.net\/wp-content\/uploads\/2025\/12\/LMDR_Nouvelle_lune.png",350,350,false]},"rttpg_author":{"display_name":"Karnby","author_link":"https:\/\/meeplendice.net\/?author=2"},"rttpg_comment":0,"rttpg_category":null,"rttpg_excerpt":"Soyez \u00e0 nouveau les bienvenus, chers amis. Une nouvelle lune appara\u00eet dans le ciel, mise en orbite par l&rsquo;\u00e9v\u00e9nement qui a chang\u00e9 notre monde \u00e0 tout jamais. Pendant ce temps, \u00e0 des milliers de kilom\u00e8tres de l\u00e0, nos habitants continuent de reconstruire, le regard lev\u00e9 vers les \u00e9toiles en qu\u00eate de r\u00e9ponses, tandis qu&rsquo;ils font\u2026","_links":{"self":[{"href":"https:\/\/meeplendice.net\/index.php?rest_route=\/wp\/v2\/pages\/13557","targetHints":{"allow":["GET"]}}],"collection":[{"href":"https:\/\/meeplendice.net\/index.php?rest_route=\/wp\/v2\/pages"}],"about":[{"href":"https:\/\/meeplendice.net\/index.php?rest_route=\/wp\/v2\/types\/page"}],"author":[{"embeddable":true,"href":"https:\/\/meeplendice.net\/index.php?rest_route=\/wp\/v2\/users\/2"}],"replies":[{"embeddable":true,"href":"https:\/\/meeplendice.net\/index.php?rest_route=%2Fwp%2Fv2%2Fcomments&post=13557"}],"version-history":[{"count":1,"href":"https:\/\/meeplendice.net\/index.php?rest_route=\/wp\/v2\/pages\/13557\/revisions"}],"predecessor-version":[{"id":13559,"href":"https:\/\/meeplendice.net\/index.php?rest_route=\/wp\/v2\/pages\/13557\/revisions\/13559"}],"up":[{"embeddable":true,"href":"https:\/\/meeplendice.net\/index.php?rest_route=\/wp\/v2\/pages\/12257"}],"wp:featuredmedia":[{"embeddable":true,"href":"https:\/\/meeplendice.net\/index.php?rest_route=\/wp\/v2\/media\/13558"}],"wp:attachment":[{"href":"https:\/\/meeplendice.net\/index.php?rest_route=%2Fwp%2Fv2%2Fmedia&parent=13557"}],"curies":[{"name":"wp","href":"https:\/\/api.w.org\/{rel}","templated":true}]}}