{"id":13577,"date":"2025-12-02T18:27:40","date_gmt":"2025-12-02T16:27:40","guid":{"rendered":"https:\/\/meeplendice.net\/?page_id=13577"},"modified":"2025-12-02T18:31:16","modified_gmt":"2025-12-02T16:31:16","slug":"prisma","status":"publish","type":"page","link":"https:\/\/meeplendice.net\/?page_id=13577","title":{"rendered":"Prisma"},"content":{"rendered":"<p><em>Nous sommes heureux de vous revoir dans la myst\u00e9rieuse for\u00eat de Mycelia.<\/em><\/p>\n<p><em>Nous avons connu des temp\u00eates et des pluies, mais sommes tous reconnaissants du magnifique arc-en-ciel qui s&rsquo;en est suivi. Un envo\u00fbtant jeu de couleurs fait briller les flaques pour f\u00eater votre retour.<\/em><br \/>\n<em>La d\u00e9esse des Bois elle-m\u00eame se r\u00e9jouit que vous ayez retrouv\u00e9 le chemin jusqu&rsquo;\u00e0 nous.<\/em><br \/>\n<em>Mais saurez-vous vous montrer dignes des faveurs secr\u00e8tes qu&rsquo;elle a \u00e0 vous offrir? <\/em><\/p>\n<p><em>Pr\u00e9parez-vous \u00e0 vire votre prochaine grande aventure !<\/em><\/p>\n<p>&nbsp;<\/p>\n<p>L&rsquo;extension <em>Prisma<\/em> vous invite \u00e0 de nouvelles aventures dans le monde merveilleux de Mycelia.<br \/>\nRencontrez de nouveaux H\u00e9ros, r\u00e9coltez des gouttes Prisme et voyagez autour du Sanctuaire de la Vie pour obtenir des Faveurs divine&#8230; \u00e0 vous de les utiliser \u00e0 bon escient !<\/p>\n<p style=\"text-align: justify;\"><span id=\"result_box\" class=\"\" lang=\"fr\"><span class=\"\">\u00a0<\/span><\/span><\/p>\n","protected":false},"excerpt":{"rendered":"<p>Nous sommes heureux de vous revoir dans la myst\u00e9rieuse for\u00eat de Mycelia. Nous avons connu des temp\u00eates et des pluies, mais sommes tous reconnaissants du magnifique arc-en-ciel qui s&rsquo;en est suivi. Un envo\u00fbtant jeu de couleurs fait briller les flaques pour f\u00eater votre retour. La d\u00e9esse des Bois elle-m\u00eame se r\u00e9jouit que vous ayez retrouv\u00e9 le chemin jusqu&rsquo;\u00e0 nous. Mais saurez-vous vous montrer dignes des faveurs secr\u00e8tes qu&rsquo;elle a \u00e0 vous offrir? Pr\u00e9parez-vous \u00e0 vire votre prochaine grande aventure ! &nbsp; L&rsquo;extension Prisma vous invite \u00e0 de nouvelles aventures dans le monde merveilleux de Mycelia. Rencontrez de nouveaux H\u00e9ros, r\u00e9coltez des gouttes Prisme et voyagez autour du Sanctuaire de la Vie pour obtenir des Faveurs divine&#8230; \u00e0 vous de les utiliser \u00e0 bon escient ! \u00a0<\/p>\n","protected":false},"author":2,"featured_media":13579,"parent":11966,"menu_order":1,"comment_status":"closed","ping_status":"closed","template":"","meta":{"footnotes":""},"class_list":["post-13577","page","type-page","status-publish","has-post-thumbnail","hentry"],"acf":[],"rttpg_featured_image_url":{"full":["https:\/\/meeplendice.net\/wp-content\/uploads\/2025\/12\/Mycelia_Prisma.png",350,350,false],"landscape":["https:\/\/meeplendice.net\/wp-content\/uploads\/2025\/12\/Mycelia_Prisma.png",350,350,false],"portraits":["https:\/\/meeplendice.net\/wp-content\/uploads\/2025\/12\/Mycelia_Prisma.png",350,350,false],"thumbnail":["https:\/\/meeplendice.net\/wp-content\/uploads\/2025\/12\/Mycelia_Prisma-150x150.png",150,150,true],"medium":["https:\/\/meeplendice.net\/wp-content\/uploads\/2025\/12\/Mycelia_Prisma-300x300.png",300,300,true],"large":["https:\/\/meeplendice.net\/wp-content\/uploads\/2025\/12\/Mycelia_Prisma.png",350,350,false],"ug_big":["https:\/\/meeplendice.net\/wp-content\/uploads\/2025\/12\/Mycelia_Prisma.png",350,350,false],"1536x1536":["https:\/\/meeplendice.net\/wp-content\/uploads\/2025\/12\/Mycelia_Prisma.png",350,350,false],"2048x2048":["https:\/\/meeplendice.net\/wp-content\/uploads\/2025\/12\/Mycelia_Prisma.png",350,350,false],"ashe-slider-grid-thumbnail":["https:\/\/meeplendice.net\/wp-content\/uploads\/2025\/12\/Mycelia_Prisma.png",350,350,false],"ashe-full-thumbnail":["https:\/\/meeplendice.net\/wp-content\/uploads\/2025\/12\/Mycelia_Prisma.png",350,350,false],"ashe-grid-thumbnail":["https:\/\/meeplendice.net\/wp-content\/uploads\/2025\/12\/Mycelia_Prisma-350x330.png",350,330,true],"ashe-list-thumbnail":["https:\/\/meeplendice.net\/wp-content\/uploads\/2025\/12\/Mycelia_Prisma-300x300.png",300,300,true],"ashe-single-navigation":["https:\/\/meeplendice.net\/wp-content\/uploads\/2025\/12\/Mycelia_Prisma-75x75.png",75,75,true],"mailpoet_newsletter_max":["https:\/\/meeplendice.net\/wp-content\/uploads\/2025\/12\/Mycelia_Prisma.png",350,350,false],"rpwe-thumbnail":["https:\/\/meeplendice.net\/wp-content\/uploads\/2025\/12\/Mycelia_Prisma-45x45.png",45,45,true],"sow-carousel-default":["https:\/\/meeplendice.net\/wp-content\/uploads\/2025\/12\/Mycelia_Prisma-272x182.png",272,182,true],"rt_custom":["https:\/\/meeplendice.net\/wp-content\/uploads\/2025\/12\/Mycelia_Prisma.png",350,350,false]},"rttpg_author":{"display_name":"Karnby","author_link":"https:\/\/meeplendice.net\/?author=2"},"rttpg_comment":0,"rttpg_category":null,"rttpg_excerpt":"Nous sommes heureux de vous revoir dans la myst\u00e9rieuse for\u00eat de Mycelia. Nous avons connu des temp\u00eates et des pluies, mais sommes tous reconnaissants du magnifique arc-en-ciel qui s&rsquo;en est suivi. Un envo\u00fbtant jeu de couleurs fait briller les flaques pour f\u00eater votre retour. La d\u00e9esse des Bois elle-m\u00eame se r\u00e9jouit que vous ayez retrouv\u00e9\u2026","_links":{"self":[{"href":"https:\/\/meeplendice.net\/index.php?rest_route=\/wp\/v2\/pages\/13577","targetHints":{"allow":["GET"]}}],"collection":[{"href":"https:\/\/meeplendice.net\/index.php?rest_route=\/wp\/v2\/pages"}],"about":[{"href":"https:\/\/meeplendice.net\/index.php?rest_route=\/wp\/v2\/types\/page"}],"author":[{"embeddable":true,"href":"https:\/\/meeplendice.net\/index.php?rest_route=\/wp\/v2\/users\/2"}],"replies":[{"embeddable":true,"href":"https:\/\/meeplendice.net\/index.php?rest_route=%2Fwp%2Fv2%2Fcomments&post=13577"}],"version-history":[{"count":1,"href":"https:\/\/meeplendice.net\/index.php?rest_route=\/wp\/v2\/pages\/13577\/revisions"}],"predecessor-version":[{"id":13578,"href":"https:\/\/meeplendice.net\/index.php?rest_route=\/wp\/v2\/pages\/13577\/revisions\/13578"}],"up":[{"embeddable":true,"href":"https:\/\/meeplendice.net\/index.php?rest_route=\/wp\/v2\/pages\/11966"}],"wp:featuredmedia":[{"embeddable":true,"href":"https:\/\/meeplendice.net\/index.php?rest_route=\/wp\/v2\/media\/13579"}],"wp:attachment":[{"href":"https:\/\/meeplendice.net\/index.php?rest_route=%2Fwp%2Fv2%2Fmedia&parent=13577"}],"curies":[{"name":"wp","href":"https:\/\/api.w.org\/{rel}","templated":true}]}}