{"id":1358,"date":"2016-09-19T15:39:22","date_gmt":"2016-09-19T14:39:22","guid":{"rendered":"http:\/\/meeplendice.net\/?page_id=1358"},"modified":"2020-08-31T13:13:46","modified_gmt":"2020-08-31T12:13:46","slug":"exodus","status":"publish","type":"page","link":"https:\/\/meeplendice.net\/?page_id=1358","title":{"rendered":"Exodus"},"content":{"rendered":"<p style=\"text-align: justify;\"><em>\u00ab Nous ne pouvons pas nous cacher des choses que nous avons faites. \u00bb \u2013 Amiral William Adama<\/em><\/p>\n<p style=\"text-align: justify;\">L\u2019humanit\u00e9 a une nouvelle fois \u00e9chapp\u00e9 aux Cylons et poursuit sa qu\u00eate de la l\u00e9gendaire plan\u00e8te Terre. Alors que leurs ge\u00f4liers les pourchassent, les hommes et les femmes de la flotte coloniale se retrouvent hant\u00e9s par le pass\u00e9. La lutte pour survivre a g\u00e9n\u00e9r\u00e9 des sacrifices, des compromis\u00a0et de graves erreurs. Quand ils seront mis \u00e0 l\u2019\u00e9preuve, pourront-ils surmonter leurs douloureux secrets et se dresser contre leurs ennemis ? Que se passerait-il si l\u2019un de ces individus venait \u00e0 d\u00e9couvrir que ses souvenirs d\u2019\u00eatre humain sont des mensonges, et qu\u2019il fait partie des cinq derniers myst\u00e9rieux mod\u00e8les de Cylons ?<\/p>\n<p style=\"text-align: justify;\">L\u2019extension\u00a0Exodus\u00a0pour Battlestar Galactica : Le Jeu de Plateau emm\u00e8ne les joueurs dans un nouveau chapitre de la s\u00e9rie populaire de Syfy. En plus de nouveaux personnages, de nouvelles cartes Destination, Crise, Crise Majeure, Loyaut\u00e9, Quorum et Comp\u00e9tence, cette extension propose trois nouvelles variantes int\u00e9ressantes que l\u2019on peut utiliser dans n\u2019importe quelle combinaison.<\/p>\n<p style=\"text-align: justify;\"><span id=\"result_box\" class=\"\" lang=\"fr\"><span class=\"\">\u00a0<\/span><\/span><\/p>\n","protected":false},"excerpt":{"rendered":"<p>\u00ab Nous ne pouvons pas nous cacher des choses que nous avons faites. \u00bb \u2013 Amiral William Adama L\u2019humanit\u00e9 a une nouvelle fois \u00e9chapp\u00e9 aux Cylons et poursuit sa qu\u00eate de la l\u00e9gendaire plan\u00e8te Terre. Alors que leurs ge\u00f4liers les pourchassent, les hommes et les femmes de la flotte coloniale se retrouvent hant\u00e9s par le pass\u00e9. La lutte pour survivre a g\u00e9n\u00e9r\u00e9 des sacrifices, des compromis\u00a0et de graves erreurs. Quand ils seront mis \u00e0 l\u2019\u00e9preuve, pourront-ils surmonter leurs douloureux secrets et se dresser contre leurs ennemis ? Que se passerait-il si l\u2019un de ces individus venait \u00e0 d\u00e9couvrir que ses souvenirs d\u2019\u00eatre humain sont des mensonges, et qu\u2019il fait partie des cinq derniers myst\u00e9rieux mod\u00e8les de Cylons ? L\u2019extension\u00a0Exodus\u00a0pour Battlestar Galactica : Le Jeu de Plateau emm\u00e8ne les joueurs dans un nouveau chapitre de la s\u00e9rie populaire de Syfy. En plus de nouveaux personnages, de nouvelles cartes Destination, Crise, Crise Majeure, Loyaut\u00e9, Quorum et Comp\u00e9tence, cette extension propose trois nouvelles variantes int\u00e9ressantes que l\u2019on peut utiliser dans n\u2019importe quelle combinaison. \u00a0<\/p>\n","protected":false},"author":2,"featured_media":1363,"parent":156,"menu_order":0,"comment_status":"closed","ping_status":"closed","template":"","meta":{"footnotes":""},"class_list":["post-1358","page","type-page","status-publish","has-post-thumbnail","hentry"],"acf":[],"rttpg_featured_image_url":{"full":["https:\/\/meeplendice.net\/wp-content\/uploads\/2016\/09\/Battlestar_exodus.png",350,350,false],"landscape":["https:\/\/meeplendice.net\/wp-content\/uploads\/2016\/09\/Battlestar_exodus.png",350,350,false],"portraits":["https:\/\/meeplendice.net\/wp-content\/uploads\/2016\/09\/Battlestar_exodus.png",350,350,false],"thumbnail":["https:\/\/meeplendice.net\/wp-content\/uploads\/2016\/09\/Battlestar_exodus-150x150.png",150,150,true],"medium":["https:\/\/meeplendice.net\/wp-content\/uploads\/2016\/09\/Battlestar_exodus-300x300.png",300,300,true],"large":["https:\/\/meeplendice.net\/wp-content\/uploads\/2016\/09\/Battlestar_exodus.png",350,350,false],"ug_big":["https:\/\/meeplendice.net\/wp-content\/uploads\/2016\/09\/Battlestar_exodus.png",350,350,false],"1536x1536":["https:\/\/meeplendice.net\/wp-content\/uploads\/2016\/09\/Battlestar_exodus.png",350,350,false],"2048x2048":["https:\/\/meeplendice.net\/wp-content\/uploads\/2016\/09\/Battlestar_exodus.png",350,350,false],"ashe-slider-grid-thumbnail":["https:\/\/meeplendice.net\/wp-content\/uploads\/2016\/09\/Battlestar_exodus.png",350,350,false],"ashe-full-thumbnail":["https:\/\/meeplendice.net\/wp-content\/uploads\/2016\/09\/Battlestar_exodus.png",350,350,false],"ashe-grid-thumbnail":["https:\/\/meeplendice.net\/wp-content\/uploads\/2016\/09\/Battlestar_exodus-350x330.png",350,330,true],"ashe-list-thumbnail":["https:\/\/meeplendice.net\/wp-content\/uploads\/2016\/09\/Battlestar_exodus-300x300.png",300,300,true],"ashe-single-navigation":["https:\/\/meeplendice.net\/wp-content\/uploads\/2016\/09\/Battlestar_exodus-75x75.png",75,75,true],"mailpoet_newsletter_max":["https:\/\/meeplendice.net\/wp-content\/uploads\/2016\/09\/Battlestar_exodus.png",350,350,false],"rpwe-thumbnail":["https:\/\/meeplendice.net\/wp-content\/uploads\/2016\/09\/Battlestar_exodus-45x45.png",45,45,true],"sow-carousel-default":["https:\/\/meeplendice.net\/wp-content\/uploads\/2016\/09\/Battlestar_exodus-272x182.png",272,182,true],"rt_custom":["https:\/\/meeplendice.net\/wp-content\/uploads\/2016\/09\/Battlestar_exodus.png",350,350,false]},"rttpg_author":{"display_name":"Karnby","author_link":"https:\/\/meeplendice.net\/?author=2"},"rttpg_comment":0,"rttpg_category":null,"rttpg_excerpt":"\u00ab Nous ne pouvons pas nous cacher des choses que nous avons faites. \u00bb \u2013 Amiral William Adama L\u2019humanit\u00e9 a une nouvelle fois \u00e9chapp\u00e9 aux Cylons et poursuit sa qu\u00eate de la l\u00e9gendaire plan\u00e8te Terre. Alors que leurs ge\u00f4liers les pourchassent, les hommes et les femmes de la flotte coloniale se retrouvent hant\u00e9s par le\u2026","_links":{"self":[{"href":"https:\/\/meeplendice.net\/index.php?rest_route=\/wp\/v2\/pages\/1358","targetHints":{"allow":["GET"]}}],"collection":[{"href":"https:\/\/meeplendice.net\/index.php?rest_route=\/wp\/v2\/pages"}],"about":[{"href":"https:\/\/meeplendice.net\/index.php?rest_route=\/wp\/v2\/types\/page"}],"author":[{"embeddable":true,"href":"https:\/\/meeplendice.net\/index.php?rest_route=\/wp\/v2\/users\/2"}],"replies":[{"embeddable":true,"href":"https:\/\/meeplendice.net\/index.php?rest_route=%2Fwp%2Fv2%2Fcomments&post=1358"}],"version-history":[{"count":7,"href":"https:\/\/meeplendice.net\/index.php?rest_route=\/wp\/v2\/pages\/1358\/revisions"}],"predecessor-version":[{"id":6250,"href":"https:\/\/meeplendice.net\/index.php?rest_route=\/wp\/v2\/pages\/1358\/revisions\/6250"}],"up":[{"embeddable":true,"href":"https:\/\/meeplendice.net\/index.php?rest_route=\/wp\/v2\/pages\/156"}],"wp:featuredmedia":[{"embeddable":true,"href":"https:\/\/meeplendice.net\/index.php?rest_route=\/wp\/v2\/media\/1363"}],"wp:attachment":[{"href":"https:\/\/meeplendice.net\/index.php?rest_route=%2Fwp%2Fv2%2Fmedia&parent=1358"}],"curies":[{"name":"wp","href":"https:\/\/api.w.org\/{rel}","templated":true}]}}