{"id":13667,"date":"2025-12-06T01:42:00","date_gmt":"2025-12-05T23:42:00","guid":{"rendered":"https:\/\/meeplendice.net\/?page_id=13667"},"modified":"2025-12-21T22:23:49","modified_gmt":"2025-12-21T20:23:49","slug":"etherium-version-kse","status":"publish","type":"page","link":"https:\/\/meeplendice.net\/?page_id=13667","title":{"rendered":"Etherium (version KSE)"},"content":{"rendered":"<div id=\"pl-13667\"  class=\"panel-layout\" ><div id=\"pg-13667-0\"  class=\"panel-grid panel-no-style\" ><div id=\"pgc-13667-0-0\"  class=\"panel-grid-cell\" ><div id=\"panel-13667-0-0-0\" class=\"so-panel widget widget_sow-editor panel-first-child panel-last-child\" data-index=\"0\" ><div\n\t\t\t\n\t\t\tclass=\"so-widget-sow-editor so-widget-sow-editor-base\"\n\t\t\t\n\t\t>\n<div class=\"siteorigin-widget-tinymce textwidget\">\n\t<p style=\"text-align: center;\"><strong>Nombre de joueurs :<\/strong><br \/>\n2 - 4 (1 - 6 avec extension)<\/p>\n<\/div>\n<\/div><\/div><\/div><div id=\"pgc-13667-0-1\"  class=\"panel-grid-cell\" ><div id=\"panel-13667-0-1-0\" class=\"so-panel widget widget_sow-editor panel-first-child panel-last-child\" data-index=\"1\" ><div\n\t\t\t\n\t\t\tclass=\"so-widget-sow-editor so-widget-sow-editor-base\"\n\t\t\t\n\t\t>\n<div class=\"siteorigin-widget-tinymce textwidget\">\n\t<p style=\"text-align: center;\"><strong>Dur\u00e9e moyenne :<\/strong><br \/>\n45 min<\/p>\n<\/div>\n<\/div><\/div><\/div><div id=\"pgc-13667-0-2\"  class=\"panel-grid-cell\" ><div id=\"panel-13667-0-2-0\" class=\"so-panel widget widget_sow-editor panel-first-child panel-last-child\" data-index=\"2\" ><div\n\t\t\t\n\t\t\tclass=\"so-widget-sow-editor so-widget-sow-editor-base\"\n\t\t\t\n\t\t>\n<div class=\"siteorigin-widget-tinymce textwidget\">\n\t<p style=\"text-align: center;\"><strong>Age :<\/strong><br \/>\n14 ans et plus<\/p>\n<\/div>\n<\/div><\/div><\/div><\/div><div id=\"pg-13667-1\"  class=\"panel-grid panel-no-style\" ><div id=\"pgc-13667-1-0\"  class=\"panel-grid-cell\" ><div id=\"panel-13667-1-0-0\" class=\"so-panel widget widget_sow-editor panel-first-child panel-last-child\" data-index=\"3\" ><div\n\t\t\t\n\t\t\tclass=\"so-widget-sow-editor so-widget-sow-editor-base\"\n\t\t\t\n\t\t>\n<div class=\"siteorigin-widget-tinymce textwidget\">\n\t<p style=\"text-align: center;\"><strong>Auteur(s) :<br \/>\n<\/strong>Fran\u00e7ois Berdeaux<\/p>\n<\/div>\n<\/div><\/div><\/div><div id=\"pgc-13667-1-1\"  class=\"panel-grid-cell\" ><div id=\"panel-13667-1-1-0\" class=\"so-panel widget widget_sow-editor panel-first-child panel-last-child\" data-index=\"4\" ><div\n\t\t\t\n\t\t\tclass=\"so-widget-sow-editor so-widget-sow-editor-base\"\n\t\t\t\n\t\t>\n<div class=\"siteorigin-widget-tinymce textwidget\">\n\t<p style=\"text-align: center;\"><strong>Illustrations :<\/strong><br \/>\n<span class=\"data-siloing\" title=\"D\u00e9couvrez tous ces jeux\" data-siloing=\"https:\/\/www.philibertnet.com\/fr\/recherche?feature=41&amp;feature_value=Ian Rosenthaler\">Christophe Tritz<\/span><\/p>\n<\/div>\n<\/div><\/div><\/div><div id=\"pgc-13667-1-2\"  class=\"panel-grid-cell\" ><div id=\"panel-13667-1-2-0\" class=\"so-panel widget widget_sow-editor panel-first-child panel-last-child\" data-index=\"5\" ><div\n\t\t\t\n\t\t\tclass=\"so-widget-sow-editor so-widget-sow-editor-base\"\n\t\t\t\n\t\t>\n<div class=\"siteorigin-widget-tinymce textwidget\">\n\t<p style=\"text-align: center;\"><strong>\u00c9dition :<\/strong><br \/>\nCrapaud C\u00e9leste<br \/>\n2025<\/p>\n<\/div>\n<\/div><\/div><\/div><div id=\"pgc-13667-1-3\"  class=\"panel-grid-cell\" ><div id=\"panel-13667-1-3-0\" class=\"so-panel widget widget_sow-editor panel-first-child panel-last-child\" data-index=\"6\" ><div\n\t\t\t\n\t\t\tclass=\"so-widget-sow-editor so-widget-sow-editor-base\"\n\t\t\t\n\t\t>\n<div class=\"siteorigin-widget-tinymce textwidget\">\n\t<p style=\"text-align: center;\"><strong>Version :<\/strong><br \/>\nFran\u00e7aise<\/p>\n<\/div>\n<\/div><\/div><\/div><\/div><div id=\"pg-13667-2\"  class=\"panel-grid panel-no-style\" ><div id=\"pgc-13667-2-0\"  class=\"panel-grid-cell\" ><div id=\"panel-13667-2-0-0\" class=\"so-panel widget widget_sow-editor panel-first-child panel-last-child\" data-index=\"7\" ><div\n\t\t\t\n\t\t\tclass=\"so-widget-sow-editor so-widget-sow-editor-base\"\n\t\t\t\n\t\t>\n<div class=\"siteorigin-widget-tinymce textwidget\">\n\t<hr \/>\n<p><em>Etherium est une plan\u00e8te \u00e0 nulle autre pareille car elle rec\u00e8le, en son sein, une ressource unique : l\u2019\u00c9ther. Cette substance agit directement sur la gravit\u00e9 et l\u2019espace-temps en affectant les lois de la physique. Elle remod\u00e8le les r\u00e8gles valables dans le reste de l\u2019univers.<\/em><\/p>\n<p><em>Une collision avec un ast\u00e9ro\u00efde, il y a de cela quelques milliers d\u2019an n\u00e9es, a failli faire voler en \u00e9clats la plan\u00e8te qui ne maintient d\u00e9sormais sa coh\u00e9sion que gr\u00e2ce au pouvoir de l\u2019\u00c9ther. Depuis ce cataclysme, le paysage de la plan\u00e8te n\u2019offre plus qu\u2019une succession de plateformes gravitant au gr\u00e9 des courants cosmiques. <\/em><em>N\u00e9s de cette collision, six satellites naturels, Mauh\u00e9a, Reces, Hivalia, Ertis, Meinas et Psolos gravitent autour d\u2019Etherium dans un ballet chaotique. Ces lunes aux r\u00e9volutions erratiques bouleversent le rythme des saisons et influencent fortement le d\u00e9veloppement de la vie sur Etherium.<\/em><\/p>\n<p><em>Ces lunes abritent chacune un peuple aux caract\u00e9ristiques bien particuli\u00e8res. Ces microcosmes en orbite ont d\u00e9velopp\u00e9 des relations singuli\u00e8res avec l\u2019\u00c9ther qui a fa\u00e7onn\u00e9 leur \u00e9volution de mani\u00e8re sensible. Intrins\u00e8quement li\u00e9s, les satellites naturels sont reli\u00e9s \u00e0 Etherium par des couloirs \u00e9th\u00e9riques qui bousculent la gravit\u00e9, ce <\/em><em>qui permet aux diff\u00e9rents peuples de se d\u00e9placer facilement sur la plan\u00e8te m\u00e8re dans l\u2019espoir de r\u00e9colter le pr\u00e9cieux \u00c9ther. <\/em><br \/>\n<em>Tous les peuples ont besoin de cette ressource pour se d\u00e9velopper, mais elle n\u2019existe qu\u2019\u00e0 un seul endroit sur Etherium, \u00e0 port\u00e9e de toutes les mains et au centre de toutes les convoitises. L\u2019\u00e9quilibre \u00e9tait jusqu\u2019ici maintenu mais les app\u00e9tits sont f\u00e9roces et tout s\u2019appr\u00eate \u00e0 basculer.<\/em><\/p>\n<p>&nbsp;<\/p>\n<p>Dans <em><span class=\"style-client-colored-text\">Etherium<\/span><\/em>, dans une succession de sept saisons au rythme chaotique, les joueurs programment leurs actions : d\u00e9veloppement, attaque, d\u00e9fense, production ou gestion du hasard. Le jeu offre une exp\u00e9rience richement asym\u00e9trique, o\u00f9 chaque faction propose un gameplay distinct.<\/p>\n<p>Le plateau en 3D, form\u00e9 de bo\u00eetes cartonn\u00e9es imbriqu\u00e9es, cr\u00e9e un terrain dynamique aussi spectaculaire que fonctionnel. Les joueurs d\u00e9placent leurs unit\u00e9s sur ces plateformes, planifient leurs actions \u00e0 l\u2019avance, r\u00e9coltent l\u2019\u00c9ther, optimisent leurs ressources et ajustent leur strat\u00e9gie en fonction des \u00e9v\u00e9nements impr\u00e9visibles du jeu.<\/p>\n<p><span class=\"style-client-colored-text\">Etherium<\/span> m\u00eale brillamment anticipation, affrontement et adaptation dans un monde o\u00f9 la gravit\u00e9 elle-m\u00eame est instable.<\/p>\n<\/div>\n<\/div><\/div><\/div><\/div><div id=\"pg-13667-3\"  class=\"panel-grid panel-no-style\" ><div id=\"pgc-13667-3-0\"  class=\"panel-grid-cell\" ><div id=\"panel-13667-3-0-0\" class=\"so-panel widget widget_sow-editor panel-first-child panel-last-child\" data-index=\"8\" ><div\n\t\t\t\n\t\t\tclass=\"so-widget-sow-editor so-widget-sow-editor-base\"\n\t\t\t\n\t\t>\n<div class=\"siteorigin-widget-tinymce textwidget\">\n\t<hr \/>\n<h3 style=\"text-align: center;\">En vid\u00e9o<\/h3>\n<p><a href=\"https:\/\/www.youtube.com\/watch?v=7V9OfGGELDI\" target=\"_blank\" rel=\"noopener\"><img loading=\"lazy\" decoding=\"async\" class=\"alignnone size-full wp-image-9090\" src=\"https:\/\/meeplendice.net\/wp-content\/uploads\/2022\/01\/Link_CJ_v2.png\" alt=\"\" width=\"200\" height=\"170\" \/><\/a><\/p>\n<\/div>\n<\/div><\/div><\/div><\/div><div id=\"pg-13667-4\"  class=\"panel-grid panel-no-style\" ><div id=\"pgc-13667-4-0\"  class=\"panel-grid-cell\" ><div id=\"panel-13667-4-0-0\" class=\"so-panel widget widget_sow-editor panel-first-child panel-last-child\" data-index=\"9\" ><div\n\t\t\t\n\t\t\tclass=\"so-widget-sow-editor so-widget-sow-editor-base\"\n\t\t\t\n\t\t>\n<div class=\"siteorigin-widget-tinymce textwidget\">\n\t<hr \/>\n<h3 style=\"text-align: center;\">Pour aller plus loin<\/h3>\n<p style=\"text-align: center;\">\n<\/div>\n<\/div><\/div><\/div><\/div><\/div>","protected":false},"excerpt":{"rendered":"<p>Nombre de joueurs : 2 &#8211; 4 (1 &#8211; 6 avec extension) Dur\u00e9e moyenne : 45 min Age : 14 ans et plus Auteur(s) : Fran\u00e7ois Berdeaux Illustrations : Christophe Tritz \u00c9dition : Crapaud C\u00e9leste 2025 Version : Fran\u00e7aise<\/p>\n","protected":false},"author":2,"featured_media":13671,"parent":0,"menu_order":0,"comment_status":"closed","ping_status":"closed","template":"","meta":{"footnotes":""},"class_list":["post-13667","page","type-page","status-publish","has-post-thumbnail","hentry"],"acf":[],"rttpg_featured_image_url":{"full":["https:\/\/meeplendice.net\/wp-content\/uploads\/2025\/12\/Etherium.png",350,350,false],"landscape":["https:\/\/meeplendice.net\/wp-content\/uploads\/2025\/12\/Etherium.png",350,350,false],"portraits":["https:\/\/meeplendice.net\/wp-content\/uploads\/2025\/12\/Etherium.png",350,350,false],"thumbnail":["https:\/\/meeplendice.net\/wp-content\/uploads\/2025\/12\/Etherium-150x150.png",150,150,true],"medium":["https:\/\/meeplendice.net\/wp-content\/uploads\/2025\/12\/Etherium-300x300.png",300,300,true],"large":["https:\/\/meeplendice.net\/wp-content\/uploads\/2025\/12\/Etherium.png",350,350,false],"ug_big":["https:\/\/meeplendice.net\/wp-content\/uploads\/2025\/12\/Etherium.png",350,350,false],"1536x1536":["https:\/\/meeplendice.net\/wp-content\/uploads\/2025\/12\/Etherium.png",350,350,false],"2048x2048":["https:\/\/meeplendice.net\/wp-content\/uploads\/2025\/12\/Etherium.png",350,350,false],"ashe-slider-grid-thumbnail":["https:\/\/meeplendice.net\/wp-content\/uploads\/2025\/12\/Etherium.png",350,350,false],"ashe-full-thumbnail":["https:\/\/meeplendice.net\/wp-content\/uploads\/2025\/12\/Etherium.png",350,350,false],"ashe-grid-thumbnail":["https:\/\/meeplendice.net\/wp-content\/uploads\/2025\/12\/Etherium-350x330.png",350,330,true],"ashe-list-thumbnail":["https:\/\/meeplendice.net\/wp-content\/uploads\/2025\/12\/Etherium-300x300.png",300,300,true],"ashe-single-navigation":["https:\/\/meeplendice.net\/wp-content\/uploads\/2025\/12\/Etherium-75x75.png",75,75,true],"mailpoet_newsletter_max":["https:\/\/meeplendice.net\/wp-content\/uploads\/2025\/12\/Etherium.png",350,350,false],"rpwe-thumbnail":["https:\/\/meeplendice.net\/wp-content\/uploads\/2025\/12\/Etherium-45x45.png",45,45,true],"sow-carousel-default":["https:\/\/meeplendice.net\/wp-content\/uploads\/2025\/12\/Etherium-272x182.png",272,182,true],"rt_custom":["https:\/\/meeplendice.net\/wp-content\/uploads\/2025\/12\/Etherium.png",350,350,false]},"rttpg_author":{"display_name":"Karnby","author_link":"https:\/\/meeplendice.net\/?author=2"},"rttpg_comment":0,"rttpg_category":null,"rttpg_excerpt":"Nombre de joueurs : 2 - 4 (1 - 6 avec extension) Dur\u00e9e moyenne : 45 min Age : 14 ans et plus Auteur(s) : Fran\u00e7ois Berdeaux Illustrations : Christophe Tritz \u00c9dition : Crapaud C\u00e9leste 2025 Version : Fran\u00e7aise","_links":{"self":[{"href":"https:\/\/meeplendice.net\/index.php?rest_route=\/wp\/v2\/pages\/13667","targetHints":{"allow":["GET"]}}],"collection":[{"href":"https:\/\/meeplendice.net\/index.php?rest_route=\/wp\/v2\/pages"}],"about":[{"href":"https:\/\/meeplendice.net\/index.php?rest_route=\/wp\/v2\/types\/page"}],"author":[{"embeddable":true,"href":"https:\/\/meeplendice.net\/index.php?rest_route=\/wp\/v2\/users\/2"}],"replies":[{"embeddable":true,"href":"https:\/\/meeplendice.net\/index.php?rest_route=%2Fwp%2Fv2%2Fcomments&post=13667"}],"version-history":[{"count":4,"href":"https:\/\/meeplendice.net\/index.php?rest_route=\/wp\/v2\/pages\/13667\/revisions"}],"predecessor-version":[{"id":13965,"href":"https:\/\/meeplendice.net\/index.php?rest_route=\/wp\/v2\/pages\/13667\/revisions\/13965"}],"wp:featuredmedia":[{"embeddable":true,"href":"https:\/\/meeplendice.net\/index.php?rest_route=\/wp\/v2\/media\/13671"}],"wp:attachment":[{"href":"https:\/\/meeplendice.net\/index.php?rest_route=%2Fwp%2Fv2%2Fmedia&parent=13667"}],"curies":[{"name":"wp","href":"https:\/\/api.w.org\/{rel}","templated":true}]}}