{"id":13733,"date":"2025-12-13T16:46:24","date_gmt":"2025-12-13T14:46:24","guid":{"rendered":"https:\/\/meeplendice.net\/?page_id=13733"},"modified":"2025-12-13T16:46:24","modified_gmt":"2025-12-13T14:46:24","slug":"structure-miniatures-promo-set-01","status":"publish","type":"page","link":"https:\/\/meeplendice.net\/?page_id=13733","title":{"rendered":"Structure Miniatures &#8211; Promo Set 01"},"content":{"rendered":"<p>Contient 3 figurines exclusives qui remplacent des pions de la bo\u00eete de base : 1 canon \u00e0 ions et 2 g\u00e9n\u00e9rateurs de bouclier ! Gr\u00e2ce \u00e0 elles, donnez davantage de volume \u00e0 vos batailles, rep\u00e9rez avec davantage de pr\u00e9cision ces objectifs cruciaux !<\/p>\n<p>&nbsp;<\/p>\n<p style=\"text-align: justify;\"><span id=\"result_box\" class=\"\" lang=\"fr\"><span class=\"\">\u00a0<\/span><\/span><\/p>\n","protected":false},"excerpt":{"rendered":"<p>Contient 3 figurines exclusives qui remplacent des pions de la bo\u00eete de base : 1 canon \u00e0 ions et 2 g\u00e9n\u00e9rateurs de bouclier ! Gr\u00e2ce \u00e0 elles, donnez davantage de volume \u00e0 vos batailles, rep\u00e9rez avec davantage de pr\u00e9cision ces objectifs cruciaux ! &nbsp; \u00a0<\/p>\n","protected":false},"author":2,"featured_media":13734,"parent":13728,"menu_order":1,"comment_status":"closed","ping_status":"closed","template":"","meta":{"footnotes":""},"class_list":["post-13733","page","type-page","status-publish","has-post-thumbnail","hentry"],"acf":[],"rttpg_featured_image_url":{"full":["https:\/\/meeplendice.net\/wp-content\/uploads\/2025\/12\/SW_bataillehoth_promopack01.png",350,350,false],"landscape":["https:\/\/meeplendice.net\/wp-content\/uploads\/2025\/12\/SW_bataillehoth_promopack01.png",350,350,false],"portraits":["https:\/\/meeplendice.net\/wp-content\/uploads\/2025\/12\/SW_bataillehoth_promopack01.png",350,350,false],"thumbnail":["https:\/\/meeplendice.net\/wp-content\/uploads\/2025\/12\/SW_bataillehoth_promopack01-150x150.png",150,150,true],"medium":["https:\/\/meeplendice.net\/wp-content\/uploads\/2025\/12\/SW_bataillehoth_promopack01-300x300.png",300,300,true],"large":["https:\/\/meeplendice.net\/wp-content\/uploads\/2025\/12\/SW_bataillehoth_promopack01.png",350,350,false],"ug_big":["https:\/\/meeplendice.net\/wp-content\/uploads\/2025\/12\/SW_bataillehoth_promopack01.png",350,350,false],"1536x1536":["https:\/\/meeplendice.net\/wp-content\/uploads\/2025\/12\/SW_bataillehoth_promopack01.png",350,350,false],"2048x2048":["https:\/\/meeplendice.net\/wp-content\/uploads\/2025\/12\/SW_bataillehoth_promopack01.png",350,350,false],"ashe-slider-grid-thumbnail":["https:\/\/meeplendice.net\/wp-content\/uploads\/2025\/12\/SW_bataillehoth_promopack01.png",350,350,false],"ashe-full-thumbnail":["https:\/\/meeplendice.net\/wp-content\/uploads\/2025\/12\/SW_bataillehoth_promopack01.png",350,350,false],"ashe-grid-thumbnail":["https:\/\/meeplendice.net\/wp-content\/uploads\/2025\/12\/SW_bataillehoth_promopack01-350x330.png",350,330,true],"ashe-list-thumbnail":["https:\/\/meeplendice.net\/wp-content\/uploads\/2025\/12\/SW_bataillehoth_promopack01-300x300.png",300,300,true],"ashe-single-navigation":["https:\/\/meeplendice.net\/wp-content\/uploads\/2025\/12\/SW_bataillehoth_promopack01-75x75.png",75,75,true],"mailpoet_newsletter_max":["https:\/\/meeplendice.net\/wp-content\/uploads\/2025\/12\/SW_bataillehoth_promopack01.png",350,350,false],"rpwe-thumbnail":["https:\/\/meeplendice.net\/wp-content\/uploads\/2025\/12\/SW_bataillehoth_promopack01-45x45.png",45,45,true],"sow-carousel-default":["https:\/\/meeplendice.net\/wp-content\/uploads\/2025\/12\/SW_bataillehoth_promopack01-272x182.png",272,182,true],"rt_custom":["https:\/\/meeplendice.net\/wp-content\/uploads\/2025\/12\/SW_bataillehoth_promopack01.png",350,350,false]},"rttpg_author":{"display_name":"Karnby","author_link":"https:\/\/meeplendice.net\/?author=2"},"rttpg_comment":0,"rttpg_category":null,"rttpg_excerpt":"Contient 3 figurines exclusives qui remplacent des pions de la bo\u00eete de base : 1 canon \u00e0 ions et 2 g\u00e9n\u00e9rateurs de bouclier ! Gr\u00e2ce \u00e0 elles, donnez davantage de volume \u00e0 vos batailles, rep\u00e9rez avec davantage de pr\u00e9cision ces objectifs cruciaux ! &nbsp; \u00a0","_links":{"self":[{"href":"https:\/\/meeplendice.net\/index.php?rest_route=\/wp\/v2\/pages\/13733","targetHints":{"allow":["GET"]}}],"collection":[{"href":"https:\/\/meeplendice.net\/index.php?rest_route=\/wp\/v2\/pages"}],"about":[{"href":"https:\/\/meeplendice.net\/index.php?rest_route=\/wp\/v2\/types\/page"}],"author":[{"embeddable":true,"href":"https:\/\/meeplendice.net\/index.php?rest_route=\/wp\/v2\/users\/2"}],"replies":[{"embeddable":true,"href":"https:\/\/meeplendice.net\/index.php?rest_route=%2Fwp%2Fv2%2Fcomments&post=13733"}],"version-history":[{"count":1,"href":"https:\/\/meeplendice.net\/index.php?rest_route=\/wp\/v2\/pages\/13733\/revisions"}],"predecessor-version":[{"id":13735,"href":"https:\/\/meeplendice.net\/index.php?rest_route=\/wp\/v2\/pages\/13733\/revisions\/13735"}],"up":[{"embeddable":true,"href":"https:\/\/meeplendice.net\/index.php?rest_route=\/wp\/v2\/pages\/13728"}],"wp:featuredmedia":[{"embeddable":true,"href":"https:\/\/meeplendice.net\/index.php?rest_route=\/wp\/v2\/media\/13734"}],"wp:attachment":[{"href":"https:\/\/meeplendice.net\/index.php?rest_route=%2Fwp%2Fv2%2Fmedia&parent=13733"}],"curies":[{"name":"wp","href":"https:\/\/api.w.org\/{rel}","templated":true}]}}