{"id":13916,"date":"2025-12-17T23:36:19","date_gmt":"2025-12-17T21:36:19","guid":{"rendered":"https:\/\/meeplendice.net\/?page_id=13916"},"modified":"2025-12-18T00:06:19","modified_gmt":"2025-12-17T22:06:19","slug":"thesauros","status":"publish","type":"page","link":"https:\/\/meeplendice.net\/?page_id=13916","title":{"rendered":"Thesauros"},"content":{"rendered":"<div id=\"pl-13916\"  class=\"panel-layout\" ><div id=\"pg-13916-0\"  class=\"panel-grid panel-no-style\" ><div id=\"pgc-13916-0-0\"  class=\"panel-grid-cell\" ><div id=\"panel-13916-0-0-0\" class=\"so-panel widget widget_sow-editor panel-first-child panel-last-child\" data-index=\"0\" ><div\n\t\t\t\n\t\t\tclass=\"so-widget-sow-editor so-widget-sow-editor-base\"\n\t\t\t\n\t\t>\n<div class=\"siteorigin-widget-tinymce textwidget\">\n\t<p style=\"text-align: center;\"><strong>Nombre de joueurs :<\/strong><br \/>\n1 - 4<\/p>\n<\/div>\n<\/div><\/div><\/div><div id=\"pgc-13916-0-1\"  class=\"panel-grid-cell\" ><div id=\"panel-13916-0-1-0\" class=\"so-panel widget widget_sow-editor panel-first-child panel-last-child\" data-index=\"1\" ><div\n\t\t\t\n\t\t\tclass=\"so-widget-sow-editor so-widget-sow-editor-base\"\n\t\t\t\n\t\t>\n<div class=\"siteorigin-widget-tinymce textwidget\">\n\t<p style=\"text-align: center;\"><strong>Dur\u00e9e moyenne :<\/strong><br \/>\n180 min<\/p>\n<\/div>\n<\/div><\/div><\/div><div id=\"pgc-13916-0-2\"  class=\"panel-grid-cell\" ><div id=\"panel-13916-0-2-0\" class=\"so-panel widget widget_sow-editor panel-first-child panel-last-child\" data-index=\"2\" ><div\n\t\t\t\n\t\t\tclass=\"so-widget-sow-editor so-widget-sow-editor-base\"\n\t\t\t\n\t\t>\n<div class=\"siteorigin-widget-tinymce textwidget\">\n\t<p style=\"text-align: center;\"><strong>Age :<\/strong><br \/>\n14 ans et plus<\/p>\n<\/div>\n<\/div><\/div><\/div><\/div><div id=\"pg-13916-1\"  class=\"panel-grid panel-no-style\" ><div id=\"pgc-13916-1-0\"  class=\"panel-grid-cell\" ><div id=\"panel-13916-1-0-0\" class=\"so-panel widget widget_sow-editor panel-first-child panel-last-child\" data-index=\"3\" ><div\n\t\t\t\n\t\t\tclass=\"so-widget-sow-editor so-widget-sow-editor-base\"\n\t\t\t\n\t\t>\n<div class=\"siteorigin-widget-tinymce textwidget\">\n\t<p style=\"text-align: center;\"><strong>Auteur(s) :<br \/>\n<\/strong>C\u00e9dric Millet<\/p>\n<\/div>\n<\/div><\/div><\/div><div id=\"pgc-13916-1-1\"  class=\"panel-grid-cell\" ><div id=\"panel-13916-1-1-0\" class=\"so-panel widget widget_sow-editor panel-first-child panel-last-child\" data-index=\"4\" ><div\n\t\t\t\n\t\t\tclass=\"so-widget-sow-editor so-widget-sow-editor-base\"\n\t\t\t\n\t\t>\n<div class=\"siteorigin-widget-tinymce textwidget\">\n\t<p style=\"text-align: center;\"><strong>Illustrations :<\/strong><br \/>\n<span class=\"data-siloing\" title=\"D\u00e9couvrez tous ces jeux\" data-siloing=\"https:\/\/www.philibertnet.com\/fr\/recherche?feature=41&amp;feature_value=Ian Rosenthaler\">Oscar Manuel<br \/>\nYann Val\u00e9ani<\/span><\/p>\n<\/div>\n<\/div><\/div><\/div><div id=\"pgc-13916-1-2\"  class=\"panel-grid-cell\" ><div id=\"panel-13916-1-2-0\" class=\"so-panel widget widget_sow-editor panel-first-child panel-last-child\" data-index=\"5\" ><div\n\t\t\t\n\t\t\tclass=\"so-widget-sow-editor so-widget-sow-editor-base\"\n\t\t\t\n\t\t>\n<div class=\"siteorigin-widget-tinymce textwidget\">\n\t<p style=\"text-align: center;\"><strong>\u00c9dition :<\/strong><br \/>\nSuper Meeple<br \/>\n2025<\/p>\n<\/div>\n<\/div><\/div><\/div><div id=\"pgc-13916-1-3\"  class=\"panel-grid-cell\" ><div id=\"panel-13916-1-3-0\" class=\"so-panel widget widget_sow-editor panel-first-child panel-last-child\" data-index=\"6\" ><div\n\t\t\t\n\t\t\tclass=\"so-widget-sow-editor so-widget-sow-editor-base\"\n\t\t\t\n\t\t>\n<div class=\"siteorigin-widget-tinymce textwidget\">\n\t<p style=\"text-align: center;\"><strong>Version :<\/strong><br \/>\nFran\u00e7aise<\/p>\n<\/div>\n<\/div><\/div><\/div><\/div><div id=\"pg-13916-2\"  class=\"panel-grid panel-no-style\" ><div id=\"pgc-13916-2-0\"  class=\"panel-grid-cell\" ><div id=\"panel-13916-2-0-0\" class=\"so-panel widget widget_sow-editor panel-first-child panel-last-child\" data-index=\"7\" ><div\n\t\t\t\n\t\t\tclass=\"so-widget-sow-editor so-widget-sow-editor-base\"\n\t\t\t\n\t\t>\n<div class=\"siteorigin-widget-tinymce textwidget\">\n\t<hr \/>\n<p>Dans \"<em>Thesauros\" <\/em>(qui signifie \"tr\u00e9sor\" en grec classique), chacun incarne le dirigeant d'une soci\u00e9t\u00e9 de chasseurs d'\u00e9paves \u00e0 la recherche de tr\u00e9sors engloutis sous les eaux. Pour vous d\u00e9marquer de vos concurrents, il vous sera n\u00e9cessaire de localiser des tr\u00e9sors perdus en mer, de les r\u00e9cup\u00e9rer puis de tenter de les vendre au mus\u00e9e afin d'en tirer profit et r\u00e9putation.<\/p>\n<p>Pour y parvenir, vous devrez d\u00e9velopper des technologies (qui vous aideront lors de vos exp\u00e9ditions), vous \u00e9quiper, engager des ouvriers, en former certains qu'ils deviennent ouvriers sp\u00e9cialis\u00e9s, r\u00e9cup\u00e9rer des \"cartes aux tr\u00e9sors\", affr\u00e9ter des zodiacs, plonger en haute-mer et parfois affronter des requins, m\u00e9c\u00e9ner l'ouverture de salles d'exposition au mus\u00e9e, faire de la publicit\u00e9 pour votre entreprise et surtout g\u00e9rer d'une main de ma\u00eetre vos diff\u00e9rents comptes bancaires sans oublier la c\u00e9l\u00e8bre \"caisse noire\", si efficace pour se faire appr\u00e9cier des autorit\u00e9s locales et \u00eatre ainsi favoris\u00e9, voir, dans la variante du jeu intitul\u00e9e \"Sans foi ni loin !\", engager de redoutables mercenaires charg\u00e9s de mettre de sacr\u00e9s b\u00e2tons dans les roues de vos adversaires...<\/p>\n<\/div>\n<\/div><\/div><\/div><\/div><div id=\"pg-13916-3\"  class=\"panel-grid panel-no-style\" ><div id=\"pgc-13916-3-0\"  class=\"panel-grid-cell\" ><div id=\"panel-13916-3-0-0\" class=\"so-panel widget widget_sow-editor panel-first-child panel-last-child\" data-index=\"8\" ><div\n\t\t\t\n\t\t\tclass=\"so-widget-sow-editor so-widget-sow-editor-base\"\n\t\t\t\n\t\t>\n<div class=\"siteorigin-widget-tinymce textwidget\">\n\t<hr \/>\n<h3 style=\"text-align: center;\">En vid\u00e9o<\/h3>\n<p><a href=\"https:\/\/www.youtube.com\/watch?v=zA2JU1yleUk&amp;t=1s\" target=\"_blank\" rel=\"noopener\"><img loading=\"lazy\" decoding=\"async\" class=\"alignnone size-full wp-image-9090\" src=\"https:\/\/meeplendice.net\/wp-content\/uploads\/2022\/01\/Link_CJ_v2.png\" alt=\"\" width=\"200\" height=\"170\" \/><\/a><\/p>\n<\/div>\n<\/div><\/div><\/div><\/div><div id=\"pg-13916-4\"  class=\"panel-grid panel-no-style\" ><div id=\"pgc-13916-4-0\"  class=\"panel-grid-cell\" ><div id=\"panel-13916-4-0-0\" class=\"so-panel widget widget_sow-editor panel-first-child panel-last-child\" data-index=\"9\" ><div\n\t\t\t\n\t\t\tclass=\"so-widget-sow-editor so-widget-sow-editor-base\"\n\t\t\t\n\t\t>\n<div class=\"siteorigin-widget-tinymce textwidget\">\n\t<hr \/>\n<h3 style=\"text-align: center;\">Pour aller plus loin<\/h3>\n<p style=\"text-align: center;\">\n<\/div>\n<\/div><\/div><\/div><\/div><\/div>","protected":false},"excerpt":{"rendered":"<p>Nombre de joueurs : 1 &#8211; 4 Dur\u00e9e moyenne : 180 min Age : 14 ans et plus Auteur(s) : C\u00e9dric Millet Illustrations : Oscar Manuel Yann Val\u00e9ani \u00c9dition : Super Meeple 2025 Version : Fran\u00e7aise<\/p>\n","protected":false},"author":2,"featured_media":13919,"parent":0,"menu_order":0,"comment_status":"closed","ping_status":"closed","template":"","meta":{"footnotes":""},"class_list":["post-13916","page","type-page","status-publish","has-post-thumbnail","hentry"],"acf":[],"rttpg_featured_image_url":{"full":["https:\/\/meeplendice.net\/wp-content\/uploads\/2025\/12\/Thesauros.png",350,350,false],"landscape":["https:\/\/meeplendice.net\/wp-content\/uploads\/2025\/12\/Thesauros.png",350,350,false],"portraits":["https:\/\/meeplendice.net\/wp-content\/uploads\/2025\/12\/Thesauros.png",350,350,false],"thumbnail":["https:\/\/meeplendice.net\/wp-content\/uploads\/2025\/12\/Thesauros-150x150.png",150,150,true],"medium":["https:\/\/meeplendice.net\/wp-content\/uploads\/2025\/12\/Thesauros-300x300.png",300,300,true],"large":["https:\/\/meeplendice.net\/wp-content\/uploads\/2025\/12\/Thesauros.png",350,350,false],"ug_big":["https:\/\/meeplendice.net\/wp-content\/uploads\/2025\/12\/Thesauros.png",350,350,false],"1536x1536":["https:\/\/meeplendice.net\/wp-content\/uploads\/2025\/12\/Thesauros.png",350,350,false],"2048x2048":["https:\/\/meeplendice.net\/wp-content\/uploads\/2025\/12\/Thesauros.png",350,350,false],"ashe-slider-grid-thumbnail":["https:\/\/meeplendice.net\/wp-content\/uploads\/2025\/12\/Thesauros.png",350,350,false],"ashe-full-thumbnail":["https:\/\/meeplendice.net\/wp-content\/uploads\/2025\/12\/Thesauros.png",350,350,false],"ashe-grid-thumbnail":["https:\/\/meeplendice.net\/wp-content\/uploads\/2025\/12\/Thesauros-350x330.png",350,330,true],"ashe-list-thumbnail":["https:\/\/meeplendice.net\/wp-content\/uploads\/2025\/12\/Thesauros-300x300.png",300,300,true],"ashe-single-navigation":["https:\/\/meeplendice.net\/wp-content\/uploads\/2025\/12\/Thesauros-75x75.png",75,75,true],"mailpoet_newsletter_max":["https:\/\/meeplendice.net\/wp-content\/uploads\/2025\/12\/Thesauros.png",350,350,false],"rpwe-thumbnail":["https:\/\/meeplendice.net\/wp-content\/uploads\/2025\/12\/Thesauros-45x45.png",45,45,true],"sow-carousel-default":["https:\/\/meeplendice.net\/wp-content\/uploads\/2025\/12\/Thesauros-272x182.png",272,182,true],"rt_custom":["https:\/\/meeplendice.net\/wp-content\/uploads\/2025\/12\/Thesauros.png",350,350,false]},"rttpg_author":{"display_name":"Karnby","author_link":"https:\/\/meeplendice.net\/?author=2"},"rttpg_comment":0,"rttpg_category":null,"rttpg_excerpt":"Nombre de joueurs : 1 - 4 Dur\u00e9e moyenne : 180 min Age : 14 ans et plus Auteur(s) : C\u00e9dric Millet Illustrations : Oscar Manuel Yann Val\u00e9ani \u00c9dition : Super Meeple 2025 Version : Fran\u00e7aise","_links":{"self":[{"href":"https:\/\/meeplendice.net\/index.php?rest_route=\/wp\/v2\/pages\/13916","targetHints":{"allow":["GET"]}}],"collection":[{"href":"https:\/\/meeplendice.net\/index.php?rest_route=\/wp\/v2\/pages"}],"about":[{"href":"https:\/\/meeplendice.net\/index.php?rest_route=\/wp\/v2\/types\/page"}],"author":[{"embeddable":true,"href":"https:\/\/meeplendice.net\/index.php?rest_route=\/wp\/v2\/users\/2"}],"replies":[{"embeddable":true,"href":"https:\/\/meeplendice.net\/index.php?rest_route=%2Fwp%2Fv2%2Fcomments&post=13916"}],"version-history":[{"count":2,"href":"https:\/\/meeplendice.net\/index.php?rest_route=\/wp\/v2\/pages\/13916\/revisions"}],"predecessor-version":[{"id":13918,"href":"https:\/\/meeplendice.net\/index.php?rest_route=\/wp\/v2\/pages\/13916\/revisions\/13918"}],"wp:featuredmedia":[{"embeddable":true,"href":"https:\/\/meeplendice.net\/index.php?rest_route=\/wp\/v2\/media\/13919"}],"wp:attachment":[{"href":"https:\/\/meeplendice.net\/index.php?rest_route=%2Fwp%2Fv2%2Fmedia&parent=13916"}],"curies":[{"name":"wp","href":"https:\/\/api.w.org\/{rel}","templated":true}]}}