{"id":13926,"date":"2025-12-18T01:36:09","date_gmt":"2025-12-17T23:36:09","guid":{"rendered":"https:\/\/meeplendice.net\/?page_id=13926"},"modified":"2025-12-18T01:45:09","modified_gmt":"2025-12-17T23:45:09","slug":"betes-gargantuesques","status":"publish","type":"page","link":"https:\/\/meeplendice.net\/?page_id=13926","title":{"rendered":"B\u00eates Gargantuesques"},"content":{"rendered":"<p><em>Alors que vous parcouriez l&rsquo;\u00eele pour d\u00e9couvrir et \u00e9tudier ses cr\u00e9atures mystiques, vous \u00eates tomb\u00e9 sur diverses b\u00eates gargantuesques endormies. Ces b\u00eates, d\u00e9passant largement la taille moyenne des cr\u00e9atures que vous avez d\u00e9j\u00e0 pu rencontrer, semblent se r\u00e9veiller uniquement en pr\u00e9sence d&rsquo;autres membres de leur esp\u00e8ce.<\/em><br \/>\n<em>Intrigu\u00e9 par ces g\u00e9ants aux capacit\u00e9s myst\u00e9rieuses et puissantes, vous embarquez pour une nouvelle aventure palpitante afin de comprendre leurs secrets !<\/em><\/p>\n<p>&nbsp;<\/p>\n<p style=\"text-align: justify;\"><span id=\"result_box\" class=\"\" lang=\"fr\"><span class=\"\">\u00a0<\/span><\/span><\/p>\n","protected":false},"excerpt":{"rendered":"<p>Alors que vous parcouriez l&rsquo;\u00eele pour d\u00e9couvrir et \u00e9tudier ses cr\u00e9atures mystiques, vous \u00eates tomb\u00e9 sur diverses b\u00eates gargantuesques endormies. Ces b\u00eates, d\u00e9passant largement la taille moyenne des cr\u00e9atures que vous avez d\u00e9j\u00e0 pu rencontrer, semblent se r\u00e9veiller uniquement en pr\u00e9sence d&rsquo;autres membres de leur esp\u00e8ce. Intrigu\u00e9 par ces g\u00e9ants aux capacit\u00e9s myst\u00e9rieuses et puissantes, vous embarquez pour une nouvelle aventure palpitante afin de comprendre leurs secrets ! &nbsp; \u00a0<\/p>\n","protected":false},"author":2,"featured_media":13935,"parent":13921,"menu_order":1,"comment_status":"closed","ping_status":"closed","template":"","meta":{"footnotes":""},"class_list":["post-13926","page","type-page","status-publish","has-post-thumbnail","hentry"],"acf":[],"rttpg_featured_image_url":{"full":["https:\/\/meeplendice.net\/wp-content\/uploads\/2025\/12\/WC_gargantuesques.png",350,350,false],"landscape":["https:\/\/meeplendice.net\/wp-content\/uploads\/2025\/12\/WC_gargantuesques.png",350,350,false],"portraits":["https:\/\/meeplendice.net\/wp-content\/uploads\/2025\/12\/WC_gargantuesques.png",350,350,false],"thumbnail":["https:\/\/meeplendice.net\/wp-content\/uploads\/2025\/12\/WC_gargantuesques-150x150.png",150,150,true],"medium":["https:\/\/meeplendice.net\/wp-content\/uploads\/2025\/12\/WC_gargantuesques-300x300.png",300,300,true],"large":["https:\/\/meeplendice.net\/wp-content\/uploads\/2025\/12\/WC_gargantuesques.png",350,350,false],"ug_big":["https:\/\/meeplendice.net\/wp-content\/uploads\/2025\/12\/WC_gargantuesques.png",350,350,false],"1536x1536":["https:\/\/meeplendice.net\/wp-content\/uploads\/2025\/12\/WC_gargantuesques.png",350,350,false],"2048x2048":["https:\/\/meeplendice.net\/wp-content\/uploads\/2025\/12\/WC_gargantuesques.png",350,350,false],"ashe-slider-grid-thumbnail":["https:\/\/meeplendice.net\/wp-content\/uploads\/2025\/12\/WC_gargantuesques.png",350,350,false],"ashe-full-thumbnail":["https:\/\/meeplendice.net\/wp-content\/uploads\/2025\/12\/WC_gargantuesques.png",350,350,false],"ashe-grid-thumbnail":["https:\/\/meeplendice.net\/wp-content\/uploads\/2025\/12\/WC_gargantuesques-350x330.png",350,330,true],"ashe-list-thumbnail":["https:\/\/meeplendice.net\/wp-content\/uploads\/2025\/12\/WC_gargantuesques-300x300.png",300,300,true],"ashe-single-navigation":["https:\/\/meeplendice.net\/wp-content\/uploads\/2025\/12\/WC_gargantuesques-75x75.png",75,75,true],"mailpoet_newsletter_max":["https:\/\/meeplendice.net\/wp-content\/uploads\/2025\/12\/WC_gargantuesques.png",350,350,false],"rpwe-thumbnail":["https:\/\/meeplendice.net\/wp-content\/uploads\/2025\/12\/WC_gargantuesques-45x45.png",45,45,true],"sow-carousel-default":["https:\/\/meeplendice.net\/wp-content\/uploads\/2025\/12\/WC_gargantuesques-272x182.png",272,182,true],"rt_custom":["https:\/\/meeplendice.net\/wp-content\/uploads\/2025\/12\/WC_gargantuesques.png",350,350,false]},"rttpg_author":{"display_name":"Karnby","author_link":"https:\/\/meeplendice.net\/?author=2"},"rttpg_comment":0,"rttpg_category":null,"rttpg_excerpt":"Alors que vous parcouriez l&rsquo;\u00eele pour d\u00e9couvrir et \u00e9tudier ses cr\u00e9atures mystiques, vous \u00eates tomb\u00e9 sur diverses b\u00eates gargantuesques endormies. Ces b\u00eates, d\u00e9passant largement la taille moyenne des cr\u00e9atures que vous avez d\u00e9j\u00e0 pu rencontrer, semblent se r\u00e9veiller uniquement en pr\u00e9sence d&rsquo;autres membres de leur esp\u00e8ce. Intrigu\u00e9 par ces g\u00e9ants aux capacit\u00e9s myst\u00e9rieuses et puissantes,\u2026","_links":{"self":[{"href":"https:\/\/meeplendice.net\/index.php?rest_route=\/wp\/v2\/pages\/13926","targetHints":{"allow":["GET"]}}],"collection":[{"href":"https:\/\/meeplendice.net\/index.php?rest_route=\/wp\/v2\/pages"}],"about":[{"href":"https:\/\/meeplendice.net\/index.php?rest_route=\/wp\/v2\/types\/page"}],"author":[{"embeddable":true,"href":"https:\/\/meeplendice.net\/index.php?rest_route=\/wp\/v2\/users\/2"}],"replies":[{"embeddable":true,"href":"https:\/\/meeplendice.net\/index.php?rest_route=%2Fwp%2Fv2%2Fcomments&post=13926"}],"version-history":[{"count":1,"href":"https:\/\/meeplendice.net\/index.php?rest_route=\/wp\/v2\/pages\/13926\/revisions"}],"predecessor-version":[{"id":13929,"href":"https:\/\/meeplendice.net\/index.php?rest_route=\/wp\/v2\/pages\/13926\/revisions\/13929"}],"up":[{"embeddable":true,"href":"https:\/\/meeplendice.net\/index.php?rest_route=\/wp\/v2\/pages\/13921"}],"wp:featuredmedia":[{"embeddable":true,"href":"https:\/\/meeplendice.net\/index.php?rest_route=\/wp\/v2\/media\/13935"}],"wp:attachment":[{"href":"https:\/\/meeplendice.net\/index.php?rest_route=%2Fwp%2Fv2%2Fmedia&parent=13926"}],"curies":[{"name":"wp","href":"https:\/\/api.w.org\/{rel}","templated":true}]}}