{"id":13957,"date":"2025-12-20T12:55:01","date_gmt":"2025-12-20T10:55:01","guid":{"rendered":"https:\/\/meeplendice.net\/?page_id=13957"},"modified":"2025-12-20T12:55:01","modified_gmt":"2025-12-20T10:55:01","slug":"agences-spatiales","status":"publish","type":"page","link":"https:\/\/meeplendice.net\/?page_id=13957","title":{"rendered":"Agences Spatiales"},"content":{"rendered":"<p><em>La recherche de formes de vie extraterrestre ne cesse de s&rsquo;intensifier.<\/em><br \/>\n<em>Alors qu&rsquo;une telle d\u00e9couverte semble plus que jamais \u00e0 port\u00e9e de main, de puissantes agences spatiales entrent en sc\u00e8ne, chacune avec ses propres m\u00e9thodes, visions et motivations. Qu&rsquo;elles soient publiques, priv\u00e9es ou ind\u00e9pendantes, ces agences red\u00e9finissent la recherche.<\/em><\/p>\n<p><em>La v\u00f4tre parviendra-t-elle \u00e0 \u00e9tablir le tout premier contact ?<\/em><\/p>\n<p>&nbsp;<\/p>\n<p>&nbsp;<\/p>\n<p style=\"text-align: justify;\"><span id=\"result_box\" class=\"\" lang=\"fr\"><span class=\"\">\u00a0<\/span><\/span><\/p>\n","protected":false},"excerpt":{"rendered":"<p>La recherche de formes de vie extraterrestre ne cesse de s&rsquo;intensifier. Alors qu&rsquo;une telle d\u00e9couverte semble plus que jamais \u00e0 port\u00e9e de main, de puissantes agences spatiales entrent en sc\u00e8ne, chacune avec ses propres m\u00e9thodes, visions et motivations. Qu&rsquo;elles soient publiques, priv\u00e9es ou ind\u00e9pendantes, ces agences red\u00e9finissent la recherche. La v\u00f4tre parviendra-t-elle \u00e0 \u00e9tablir le tout premier contact ? &nbsp; &nbsp; \u00a0<\/p>\n","protected":false},"author":2,"featured_media":13958,"parent":13690,"menu_order":1,"comment_status":"closed","ping_status":"closed","template":"","meta":{"footnotes":""},"class_list":["post-13957","page","type-page","status-publish","has-post-thumbnail","hentry"],"acf":[],"rttpg_featured_image_url":{"full":["https:\/\/meeplendice.net\/wp-content\/uploads\/2025\/12\/SETI_Agences.png",350,350,false],"landscape":["https:\/\/meeplendice.net\/wp-content\/uploads\/2025\/12\/SETI_Agences.png",350,350,false],"portraits":["https:\/\/meeplendice.net\/wp-content\/uploads\/2025\/12\/SETI_Agences.png",350,350,false],"thumbnail":["https:\/\/meeplendice.net\/wp-content\/uploads\/2025\/12\/SETI_Agences-150x150.png",150,150,true],"medium":["https:\/\/meeplendice.net\/wp-content\/uploads\/2025\/12\/SETI_Agences-300x300.png",300,300,true],"large":["https:\/\/meeplendice.net\/wp-content\/uploads\/2025\/12\/SETI_Agences.png",350,350,false],"ug_big":["https:\/\/meeplendice.net\/wp-content\/uploads\/2025\/12\/SETI_Agences.png",350,350,false],"1536x1536":["https:\/\/meeplendice.net\/wp-content\/uploads\/2025\/12\/SETI_Agences.png",350,350,false],"2048x2048":["https:\/\/meeplendice.net\/wp-content\/uploads\/2025\/12\/SETI_Agences.png",350,350,false],"ashe-slider-grid-thumbnail":["https:\/\/meeplendice.net\/wp-content\/uploads\/2025\/12\/SETI_Agences.png",350,350,false],"ashe-full-thumbnail":["https:\/\/meeplendice.net\/wp-content\/uploads\/2025\/12\/SETI_Agences.png",350,350,false],"ashe-grid-thumbnail":["https:\/\/meeplendice.net\/wp-content\/uploads\/2025\/12\/SETI_Agences-350x330.png",350,330,true],"ashe-list-thumbnail":["https:\/\/meeplendice.net\/wp-content\/uploads\/2025\/12\/SETI_Agences-300x300.png",300,300,true],"ashe-single-navigation":["https:\/\/meeplendice.net\/wp-content\/uploads\/2025\/12\/SETI_Agences-75x75.png",75,75,true],"mailpoet_newsletter_max":["https:\/\/meeplendice.net\/wp-content\/uploads\/2025\/12\/SETI_Agences.png",350,350,false],"rpwe-thumbnail":["https:\/\/meeplendice.net\/wp-content\/uploads\/2025\/12\/SETI_Agences-45x45.png",45,45,true],"sow-carousel-default":["https:\/\/meeplendice.net\/wp-content\/uploads\/2025\/12\/SETI_Agences-272x182.png",272,182,true],"rt_custom":["https:\/\/meeplendice.net\/wp-content\/uploads\/2025\/12\/SETI_Agences.png",350,350,false]},"rttpg_author":{"display_name":"Karnby","author_link":"https:\/\/meeplendice.net\/?author=2"},"rttpg_comment":0,"rttpg_category":null,"rttpg_excerpt":"La recherche de formes de vie extraterrestre ne cesse de s&rsquo;intensifier. Alors qu&rsquo;une telle d\u00e9couverte semble plus que jamais \u00e0 port\u00e9e de main, de puissantes agences spatiales entrent en sc\u00e8ne, chacune avec ses propres m\u00e9thodes, visions et motivations. Qu&rsquo;elles soient publiques, priv\u00e9es ou ind\u00e9pendantes, ces agences red\u00e9finissent la recherche. La v\u00f4tre parviendra-t-elle \u00e0 \u00e9tablir le\u2026","_links":{"self":[{"href":"https:\/\/meeplendice.net\/index.php?rest_route=\/wp\/v2\/pages\/13957","targetHints":{"allow":["GET"]}}],"collection":[{"href":"https:\/\/meeplendice.net\/index.php?rest_route=\/wp\/v2\/pages"}],"about":[{"href":"https:\/\/meeplendice.net\/index.php?rest_route=\/wp\/v2\/types\/page"}],"author":[{"embeddable":true,"href":"https:\/\/meeplendice.net\/index.php?rest_route=\/wp\/v2\/users\/2"}],"replies":[{"embeddable":true,"href":"https:\/\/meeplendice.net\/index.php?rest_route=%2Fwp%2Fv2%2Fcomments&post=13957"}],"version-history":[{"count":1,"href":"https:\/\/meeplendice.net\/index.php?rest_route=\/wp\/v2\/pages\/13957\/revisions"}],"predecessor-version":[{"id":13959,"href":"https:\/\/meeplendice.net\/index.php?rest_route=\/wp\/v2\/pages\/13957\/revisions\/13959"}],"up":[{"embeddable":true,"href":"https:\/\/meeplendice.net\/index.php?rest_route=\/wp\/v2\/pages\/13690"}],"wp:featuredmedia":[{"embeddable":true,"href":"https:\/\/meeplendice.net\/index.php?rest_route=\/wp\/v2\/media\/13958"}],"wp:attachment":[{"href":"https:\/\/meeplendice.net\/index.php?rest_route=%2Fwp%2Fv2%2Fmedia&parent=13957"}],"curies":[{"name":"wp","href":"https:\/\/api.w.org\/{rel}","templated":true}]}}