{"id":1510,"date":"2016-09-21T15:16:00","date_gmt":"2016-09-21T14:16:00","guid":{"rendered":"http:\/\/meeplendice.net\/?page_id=1510"},"modified":"2020-09-07T14:24:48","modified_gmt":"2020-09-07T13:24:48","slug":"vestiges-occultes","status":"publish","type":"page","link":"https:\/\/meeplendice.net\/?page_id=1510","title":{"rendered":"Vestiges Occultes"},"content":{"rendered":"<p style=\"text-align: justify;\"><em>Un Alignement Cosmique Annonce la Fin du Monde !<\/em><\/p>\n<p style=\"text-align: justify;\">L\u2019alignement imminent des plan\u00e8tes menace d\u2019\u00e9teindre toute vie sur Terre. D\u2019anciens proph\u00e8tes savaient que ce jour viendrait, et ils b\u00e2tirent des monuments de pierre massive recelant les clefs de la survie du monde. Pourrez-vous d\u00e9couvrir les secrets de ces ruines antiques et \u00e9chapper aux horreurs qui se dissimulent \u00e0 l\u2019int\u00e9rieur ?<\/p>\n<p style=\"text-align: justify;\">Cette extension propose un nouveau Grand Ancien et de nouvelles rencontres, cartes Aventure et cartes Pr\u00e9lude. Quatre investigateurs suppl\u00e9mentaires entrent en jeu, accompagn\u00e9s d\u2019Artefacts, de Ressources, de Sorts et de Ressources Uniques destin\u00e9s \u00e0 les aider dans leur lutte pour sauver le monde.<\/p>\n<p>&nbsp;<\/p>\n<p style=\"text-align: justify;\"><span id=\"result_box\" class=\"\" lang=\"fr\"><span class=\"\">\u00a0<\/span><\/span><\/p>\n","protected":false},"excerpt":{"rendered":"<p>Un Alignement Cosmique Annonce la Fin du Monde ! L\u2019alignement imminent des plan\u00e8tes menace d\u2019\u00e9teindre toute vie sur Terre. D\u2019anciens proph\u00e8tes savaient que ce jour viendrait, et ils b\u00e2tirent des monuments de pierre massive recelant les clefs de la survie du monde. Pourrez-vous d\u00e9couvrir les secrets de ces ruines antiques et \u00e9chapper aux horreurs qui se dissimulent \u00e0 l\u2019int\u00e9rieur ? Cette extension propose un nouveau Grand Ancien et de nouvelles rencontres, cartes Aventure et cartes Pr\u00e9lude. Quatre investigateurs suppl\u00e9mentaires entrent en jeu, accompagn\u00e9s d\u2019Artefacts, de Ressources, de Sorts et de Ressources Uniques destin\u00e9s \u00e0 les aider dans leur lutte pour sauver le monde. &nbsp; \u00a0<\/p>\n","protected":false},"author":2,"featured_media":1511,"parent":344,"menu_order":0,"comment_status":"closed","ping_status":"closed","template":"","meta":{"footnotes":""},"class_list":["post-1510","page","type-page","status-publish","has-post-thumbnail","hentry"],"acf":[],"rttpg_featured_image_url":{"full":["https:\/\/meeplendice.net\/wp-content\/uploads\/2016\/09\/LcdL_Vestigesoccultes.png",350,350,false],"landscape":["https:\/\/meeplendice.net\/wp-content\/uploads\/2016\/09\/LcdL_Vestigesoccultes.png",350,350,false],"portraits":["https:\/\/meeplendice.net\/wp-content\/uploads\/2016\/09\/LcdL_Vestigesoccultes.png",350,350,false],"thumbnail":["https:\/\/meeplendice.net\/wp-content\/uploads\/2016\/09\/LcdL_Vestigesoccultes-150x150.png",150,150,true],"medium":["https:\/\/meeplendice.net\/wp-content\/uploads\/2016\/09\/LcdL_Vestigesoccultes-300x300.png",300,300,true],"large":["https:\/\/meeplendice.net\/wp-content\/uploads\/2016\/09\/LcdL_Vestigesoccultes.png",350,350,false],"ug_big":["https:\/\/meeplendice.net\/wp-content\/uploads\/2016\/09\/LcdL_Vestigesoccultes.png",350,350,false],"1536x1536":["https:\/\/meeplendice.net\/wp-content\/uploads\/2016\/09\/LcdL_Vestigesoccultes.png",350,350,false],"2048x2048":["https:\/\/meeplendice.net\/wp-content\/uploads\/2016\/09\/LcdL_Vestigesoccultes.png",350,350,false],"ashe-slider-grid-thumbnail":["https:\/\/meeplendice.net\/wp-content\/uploads\/2016\/09\/LcdL_Vestigesoccultes.png",350,350,false],"ashe-full-thumbnail":["https:\/\/meeplendice.net\/wp-content\/uploads\/2016\/09\/LcdL_Vestigesoccultes.png",350,350,false],"ashe-grid-thumbnail":["https:\/\/meeplendice.net\/wp-content\/uploads\/2016\/09\/LcdL_Vestigesoccultes-350x330.png",350,330,true],"ashe-list-thumbnail":["https:\/\/meeplendice.net\/wp-content\/uploads\/2016\/09\/LcdL_Vestigesoccultes-300x300.png",300,300,true],"ashe-single-navigation":["https:\/\/meeplendice.net\/wp-content\/uploads\/2016\/09\/LcdL_Vestigesoccultes-75x75.png",75,75,true],"mailpoet_newsletter_max":["https:\/\/meeplendice.net\/wp-content\/uploads\/2016\/09\/LcdL_Vestigesoccultes.png",350,350,false],"rpwe-thumbnail":["https:\/\/meeplendice.net\/wp-content\/uploads\/2016\/09\/LcdL_Vestigesoccultes-45x45.png",45,45,true],"sow-carousel-default":["https:\/\/meeplendice.net\/wp-content\/uploads\/2016\/09\/LcdL_Vestigesoccultes-272x182.png",272,182,true],"rt_custom":["https:\/\/meeplendice.net\/wp-content\/uploads\/2016\/09\/LcdL_Vestigesoccultes.png",350,350,false]},"rttpg_author":{"display_name":"Karnby","author_link":"https:\/\/meeplendice.net\/?author=2"},"rttpg_comment":0,"rttpg_category":null,"rttpg_excerpt":"Un Alignement Cosmique Annonce la Fin du Monde ! L\u2019alignement imminent des plan\u00e8tes menace d\u2019\u00e9teindre toute vie sur Terre. D\u2019anciens proph\u00e8tes savaient que ce jour viendrait, et ils b\u00e2tirent des monuments de pierre massive recelant les clefs de la survie du monde. Pourrez-vous d\u00e9couvrir les secrets de ces ruines antiques et \u00e9chapper aux horreurs qui\u2026","_links":{"self":[{"href":"https:\/\/meeplendice.net\/index.php?rest_route=\/wp\/v2\/pages\/1510","targetHints":{"allow":["GET"]}}],"collection":[{"href":"https:\/\/meeplendice.net\/index.php?rest_route=\/wp\/v2\/pages"}],"about":[{"href":"https:\/\/meeplendice.net\/index.php?rest_route=\/wp\/v2\/types\/page"}],"author":[{"embeddable":true,"href":"https:\/\/meeplendice.net\/index.php?rest_route=\/wp\/v2\/users\/2"}],"replies":[{"embeddable":true,"href":"https:\/\/meeplendice.net\/index.php?rest_route=%2Fwp%2Fv2%2Fcomments&post=1510"}],"version-history":[{"count":3,"href":"https:\/\/meeplendice.net\/index.php?rest_route=\/wp\/v2\/pages\/1510\/revisions"}],"predecessor-version":[{"id":6814,"href":"https:\/\/meeplendice.net\/index.php?rest_route=\/wp\/v2\/pages\/1510\/revisions\/6814"}],"up":[{"embeddable":true,"href":"https:\/\/meeplendice.net\/index.php?rest_route=\/wp\/v2\/pages\/344"}],"wp:featuredmedia":[{"embeddable":true,"href":"https:\/\/meeplendice.net\/index.php?rest_route=\/wp\/v2\/media\/1511"}],"wp:attachment":[{"href":"https:\/\/meeplendice.net\/index.php?rest_route=%2Fwp%2Fv2%2Fmedia&parent=1510"}],"curies":[{"name":"wp","href":"https:\/\/api.w.org\/{rel}","templated":true}]}}