{"id":1567,"date":"2016-09-23T14:01:12","date_gmt":"2016-09-23T13:01:12","guid":{"rendered":"http:\/\/meeplendice.net\/?page_id=1567"},"modified":"2020-09-07T10:30:04","modified_gmt":"2020-09-07T09:30:04","slug":"nemesis","status":"publish","type":"page","link":"https:\/\/meeplendice.net\/?page_id=1567","title":{"rendered":"N\u00e9m\u00e9sis"},"content":{"rendered":"<p style=\"text-align: justify;\"><em>L\u2019Heure la plus Sombre de l\u2019Humanit\u00e9<\/em><\/p>\n<p style=\"text-align: justify;\"><em>Tel un phare dans l\u2019obscurit\u00e9, le Secteur Antian se retrouve assi\u00e9g\u00e9 de toutes parts, suite \u00e0 l\u2019ouverture de la grande Faille Warp. Tandis que les d\u00e9fenseurs de l\u2019Imperium se querellent entre eux, les forces impies se massent pour an\u00e9antir l\u2019Humanit\u00e9.<\/em><\/p>\n<p style=\"text-align: justify;\">Dans Relic : N\u00e9m\u00e9sis, de deux \u00e0 six joueurs luttent pour d\u00e9terminer le destin d\u2019un secteur crucial situ\u00e9 \u00e0 l\u2019extr\u00e9mit\u00e9 de l\u2019Imperium. Cette extension ajoute \u00e0 Relic le combat joueur contre joueur, permettant \u00e0 ceux-ci d\u2019endosser le r\u00f4le des plus dangereux ennemis de l\u2019Imperium : un Berserker de Khorne assoiff\u00e9 de sang, un machiav\u00e9lique Exarque Eldar, un sauvage Genestealer Alpha ou une s\u00e9duisante mais mortelle championne de Slaanesh.<\/p>\n<p style=\"text-align: justify;\">De plus, Relic : N\u00e9m\u00e9sis s\u00e8me la tentation chez les plus vaillants d\u00e9fenseurs de l\u2019Imperium sous la forme de nouveaux mat\u00e9riels et reliques apostats, des technologies puissantes mais proscrites par l\u2019Ecclesiarchie. Apr\u00e8s tout, utiliser les instruments de l\u2019ennemi \u2013 m\u00eame avec les meilleures intentions \u2013 est le premier pas qui m\u00e8ne vers la corruption, et une telle folie ne peut rester impunie\u2026<\/p>\n<p style=\"text-align: justify;\">Rev\u00eatirez-vous le manteau du noble h\u00e9ros, prot\u00e9geant de ses innombrables ennemis un secteur ravag\u00e9 par la guerre, ou prendrez vous le contr\u00f4le d\u2019une puissante N\u00e9m\u00e9sis pour mettre \u00e0 genoux les d\u00e9fenseurs de l\u2019Imperium ?<\/p>\n<p style=\"text-align: justify;\"><span id=\"result_box\" class=\"\" lang=\"fr\"><span class=\"\">\u00a0<\/span><\/span><\/p>\n","protected":false},"excerpt":{"rendered":"<p>L\u2019Heure la plus Sombre de l\u2019Humanit\u00e9 Tel un phare dans l\u2019obscurit\u00e9, le Secteur Antian se retrouve assi\u00e9g\u00e9 de toutes parts, suite \u00e0 l\u2019ouverture de la grande Faille Warp. Tandis que les d\u00e9fenseurs de l\u2019Imperium se querellent entre eux, les forces impies se massent pour an\u00e9antir l\u2019Humanit\u00e9. Dans Relic : N\u00e9m\u00e9sis, de deux \u00e0 six joueurs luttent pour d\u00e9terminer le destin d\u2019un secteur crucial situ\u00e9 \u00e0 l\u2019extr\u00e9mit\u00e9 de l\u2019Imperium. Cette extension ajoute \u00e0 Relic le combat joueur contre joueur, permettant \u00e0 ceux-ci d\u2019endosser le r\u00f4le des plus dangereux ennemis de l\u2019Imperium : un Berserker de Khorne assoiff\u00e9 de sang, un machiav\u00e9lique Exarque Eldar, un sauvage Genestealer Alpha ou une s\u00e9duisante mais mortelle championne de Slaanesh. De plus, Relic : N\u00e9m\u00e9sis s\u00e8me la tentation chez les plus vaillants d\u00e9fenseurs de l\u2019Imperium sous la forme de nouveaux mat\u00e9riels et reliques apostats, des technologies puissantes mais proscrites par l\u2019Ecclesiarchie. Apr\u00e8s tout, utiliser les instruments de l\u2019ennemi \u2013 m\u00eame avec les meilleures intentions \u2013 est le premier pas qui m\u00e8ne vers la corruption, et une telle folie ne peut rester impunie\u2026 Rev\u00eatirez-vous le manteau du noble h\u00e9ros, prot\u00e9geant de ses innombrables ennemis un secteur ravag\u00e9 par la guerre, ou prendrez vous le contr\u00f4le d\u2019une puissante N\u00e9m\u00e9sis pour mettre \u00e0 genoux les d\u00e9fenseurs de l\u2019Imperium ? \u00a0<\/p>\n","protected":false},"author":2,"featured_media":1568,"parent":400,"menu_order":0,"comment_status":"closed","ping_status":"closed","template":"","meta":{"footnotes":""},"class_list":["post-1567","page","type-page","status-publish","has-post-thumbnail","hentry"],"acf":[],"rttpg_featured_image_url":{"full":["https:\/\/meeplendice.net\/wp-content\/uploads\/2016\/09\/Relic_Nemesis.png",350,350,false],"landscape":["https:\/\/meeplendice.net\/wp-content\/uploads\/2016\/09\/Relic_Nemesis.png",350,350,false],"portraits":["https:\/\/meeplendice.net\/wp-content\/uploads\/2016\/09\/Relic_Nemesis.png",350,350,false],"thumbnail":["https:\/\/meeplendice.net\/wp-content\/uploads\/2016\/09\/Relic_Nemesis-150x150.png",150,150,true],"medium":["https:\/\/meeplendice.net\/wp-content\/uploads\/2016\/09\/Relic_Nemesis-300x300.png",300,300,true],"large":["https:\/\/meeplendice.net\/wp-content\/uploads\/2016\/09\/Relic_Nemesis.png",350,350,false],"ug_big":["https:\/\/meeplendice.net\/wp-content\/uploads\/2016\/09\/Relic_Nemesis.png",350,350,false],"1536x1536":["https:\/\/meeplendice.net\/wp-content\/uploads\/2016\/09\/Relic_Nemesis.png",350,350,false],"2048x2048":["https:\/\/meeplendice.net\/wp-content\/uploads\/2016\/09\/Relic_Nemesis.png",350,350,false],"ashe-slider-grid-thumbnail":["https:\/\/meeplendice.net\/wp-content\/uploads\/2016\/09\/Relic_Nemesis.png",350,350,false],"ashe-full-thumbnail":["https:\/\/meeplendice.net\/wp-content\/uploads\/2016\/09\/Relic_Nemesis.png",350,350,false],"ashe-grid-thumbnail":["https:\/\/meeplendice.net\/wp-content\/uploads\/2016\/09\/Relic_Nemesis-350x330.png",350,330,true],"ashe-list-thumbnail":["https:\/\/meeplendice.net\/wp-content\/uploads\/2016\/09\/Relic_Nemesis-300x300.png",300,300,true],"ashe-single-navigation":["https:\/\/meeplendice.net\/wp-content\/uploads\/2016\/09\/Relic_Nemesis-75x75.png",75,75,true],"mailpoet_newsletter_max":["https:\/\/meeplendice.net\/wp-content\/uploads\/2016\/09\/Relic_Nemesis.png",350,350,false],"rpwe-thumbnail":["https:\/\/meeplendice.net\/wp-content\/uploads\/2016\/09\/Relic_Nemesis-45x45.png",45,45,true],"sow-carousel-default":["https:\/\/meeplendice.net\/wp-content\/uploads\/2016\/09\/Relic_Nemesis-272x182.png",272,182,true],"rt_custom":["https:\/\/meeplendice.net\/wp-content\/uploads\/2016\/09\/Relic_Nemesis.png",350,350,false]},"rttpg_author":{"display_name":"Karnby","author_link":"https:\/\/meeplendice.net\/?author=2"},"rttpg_comment":0,"rttpg_category":null,"rttpg_excerpt":"L\u2019Heure la plus Sombre de l\u2019Humanit\u00e9 Tel un phare dans l\u2019obscurit\u00e9, le Secteur Antian se retrouve assi\u00e9g\u00e9 de toutes parts, suite \u00e0 l\u2019ouverture de la grande Faille Warp. Tandis que les d\u00e9fenseurs de l\u2019Imperium se querellent entre eux, les forces impies se massent pour an\u00e9antir l\u2019Humanit\u00e9. Dans Relic : N\u00e9m\u00e9sis, de deux \u00e0 six joueurs\u2026","_links":{"self":[{"href":"https:\/\/meeplendice.net\/index.php?rest_route=\/wp\/v2\/pages\/1567","targetHints":{"allow":["GET"]}}],"collection":[{"href":"https:\/\/meeplendice.net\/index.php?rest_route=\/wp\/v2\/pages"}],"about":[{"href":"https:\/\/meeplendice.net\/index.php?rest_route=\/wp\/v2\/types\/page"}],"author":[{"embeddable":true,"href":"https:\/\/meeplendice.net\/index.php?rest_route=\/wp\/v2\/users\/2"}],"replies":[{"embeddable":true,"href":"https:\/\/meeplendice.net\/index.php?rest_route=%2Fwp%2Fv2%2Fcomments&post=1567"}],"version-history":[{"count":4,"href":"https:\/\/meeplendice.net\/index.php?rest_route=\/wp\/v2\/pages\/1567\/revisions"}],"predecessor-version":[{"id":6748,"href":"https:\/\/meeplendice.net\/index.php?rest_route=\/wp\/v2\/pages\/1567\/revisions\/6748"}],"up":[{"embeddable":true,"href":"https:\/\/meeplendice.net\/index.php?rest_route=\/wp\/v2\/pages\/400"}],"wp:featuredmedia":[{"embeddable":true,"href":"https:\/\/meeplendice.net\/index.php?rest_route=\/wp\/v2\/media\/1568"}],"wp:attachment":[{"href":"https:\/\/meeplendice.net\/index.php?rest_route=%2Fwp%2Fv2%2Fmedia&parent=1567"}],"curies":[{"name":"wp","href":"https:\/\/api.w.org\/{rel}","templated":true}]}}