{"id":2116,"date":"2016-11-24T00:33:42","date_gmt":"2016-11-23T23:33:42","guid":{"rendered":"http:\/\/meeplendice.net\/?page_id=2116"},"modified":"2020-11-22T15:41:18","modified_gmt":"2020-11-22T14:41:18","slug":"2116-2","status":"publish","type":"page","link":"https:\/\/meeplendice.net\/?page_id=2116","title":{"rendered":"Matsuri"},"content":{"rendered":"<p style=\"text-align: justify;\">Tokaido Matsuri est la seconde extension pour le jeu Tokaido apportant notamment 16 nouveaux personnages !<\/p>\n<p style=\"text-align: justify;\">La route du Tokaido est maintenant ponctu\u00e9e par les festivit\u00e9s traditionnelles japonaises et arpent\u00e9e par seize nouveaux voyageurs.<\/p>\n<p style=\"text-align: justify;\">Ces Matsuri (mot japonais pour Festival), d\u00e9clench\u00e9s par le passage des voyageurs aux relais interm\u00e9diaires, rythment le parcours avec des \u00e9v\u00e9nements uniques.<span id=\"result_box\" class=\"\" lang=\"fr\"><\/span><\/p>\n","protected":false},"excerpt":{"rendered":"<p>Tokaido Matsuri est la seconde extension pour le jeu Tokaido apportant notamment 16 nouveaux personnages ! La route du Tokaido est maintenant ponctu\u00e9e par les festivit\u00e9s traditionnelles japonaises et arpent\u00e9e par seize nouveaux voyageurs. Ces Matsuri (mot japonais pour Festival), d\u00e9clench\u00e9s par le passage des voyageurs aux relais interm\u00e9diaires, rythment le parcours avec des \u00e9v\u00e9nements uniques.<\/p>\n","protected":false},"author":2,"featured_media":2114,"parent":478,"menu_order":0,"comment_status":"closed","ping_status":"closed","template":"","meta":{"footnotes":""},"class_list":["post-2116","page","type-page","status-publish","has-post-thumbnail","hentry"],"acf":[],"rttpg_featured_image_url":{"full":["https:\/\/meeplendice.net\/wp-content\/uploads\/2016\/11\/Tokaido_Masturi.png",350,350,false],"landscape":["https:\/\/meeplendice.net\/wp-content\/uploads\/2016\/11\/Tokaido_Masturi.png",350,350,false],"portraits":["https:\/\/meeplendice.net\/wp-content\/uploads\/2016\/11\/Tokaido_Masturi.png",350,350,false],"thumbnail":["https:\/\/meeplendice.net\/wp-content\/uploads\/2016\/11\/Tokaido_Masturi-150x150.png",150,150,true],"medium":["https:\/\/meeplendice.net\/wp-content\/uploads\/2016\/11\/Tokaido_Masturi-300x300.png",300,300,true],"large":["https:\/\/meeplendice.net\/wp-content\/uploads\/2016\/11\/Tokaido_Masturi.png",350,350,false],"ug_big":["https:\/\/meeplendice.net\/wp-content\/uploads\/2016\/11\/Tokaido_Masturi.png",350,350,false],"1536x1536":["https:\/\/meeplendice.net\/wp-content\/uploads\/2016\/11\/Tokaido_Masturi.png",350,350,false],"2048x2048":["https:\/\/meeplendice.net\/wp-content\/uploads\/2016\/11\/Tokaido_Masturi.png",350,350,false],"ashe-slider-grid-thumbnail":["https:\/\/meeplendice.net\/wp-content\/uploads\/2016\/11\/Tokaido_Masturi.png",350,350,false],"ashe-full-thumbnail":["https:\/\/meeplendice.net\/wp-content\/uploads\/2016\/11\/Tokaido_Masturi.png",350,350,false],"ashe-grid-thumbnail":["https:\/\/meeplendice.net\/wp-content\/uploads\/2016\/11\/Tokaido_Masturi-350x330.png",350,330,true],"ashe-list-thumbnail":["https:\/\/meeplendice.net\/wp-content\/uploads\/2016\/11\/Tokaido_Masturi-300x300.png",300,300,true],"ashe-single-navigation":["https:\/\/meeplendice.net\/wp-content\/uploads\/2016\/11\/Tokaido_Masturi-75x75.png",75,75,true],"mailpoet_newsletter_max":["https:\/\/meeplendice.net\/wp-content\/uploads\/2016\/11\/Tokaido_Masturi.png",350,350,false],"rpwe-thumbnail":["https:\/\/meeplendice.net\/wp-content\/uploads\/2016\/11\/Tokaido_Masturi-45x45.png",45,45,true],"sow-carousel-default":["https:\/\/meeplendice.net\/wp-content\/uploads\/2016\/11\/Tokaido_Masturi-272x182.png",272,182,true],"rt_custom":["https:\/\/meeplendice.net\/wp-content\/uploads\/2016\/11\/Tokaido_Masturi.png",350,350,false]},"rttpg_author":{"display_name":"Karnby","author_link":"https:\/\/meeplendice.net\/?author=2"},"rttpg_comment":0,"rttpg_category":null,"rttpg_excerpt":"Tokaido Matsuri est la seconde extension pour le jeu Tokaido apportant notamment 16 nouveaux personnages ! La route du Tokaido est maintenant ponctu\u00e9e par les festivit\u00e9s traditionnelles japonaises et arpent\u00e9e par seize nouveaux voyageurs. Ces Matsuri (mot japonais pour Festival), d\u00e9clench\u00e9s par le passage des voyageurs aux relais interm\u00e9diaires, rythment le parcours avec des \u00e9v\u00e9nements\u2026","_links":{"self":[{"href":"https:\/\/meeplendice.net\/index.php?rest_route=\/wp\/v2\/pages\/2116","targetHints":{"allow":["GET"]}}],"collection":[{"href":"https:\/\/meeplendice.net\/index.php?rest_route=\/wp\/v2\/pages"}],"about":[{"href":"https:\/\/meeplendice.net\/index.php?rest_route=\/wp\/v2\/types\/page"}],"author":[{"embeddable":true,"href":"https:\/\/meeplendice.net\/index.php?rest_route=\/wp\/v2\/users\/2"}],"replies":[{"embeddable":true,"href":"https:\/\/meeplendice.net\/index.php?rest_route=%2Fwp%2Fv2%2Fcomments&post=2116"}],"version-history":[{"count":3,"href":"https:\/\/meeplendice.net\/index.php?rest_route=\/wp\/v2\/pages\/2116\/revisions"}],"predecessor-version":[{"id":7573,"href":"https:\/\/meeplendice.net\/index.php?rest_route=\/wp\/v2\/pages\/2116\/revisions\/7573"}],"up":[{"embeddable":true,"href":"https:\/\/meeplendice.net\/index.php?rest_route=\/wp\/v2\/pages\/478"}],"wp:featuredmedia":[{"embeddable":true,"href":"https:\/\/meeplendice.net\/index.php?rest_route=\/wp\/v2\/media\/2114"}],"wp:attachment":[{"href":"https:\/\/meeplendice.net\/index.php?rest_route=%2Fwp%2Fv2%2Fmedia&parent=2116"}],"curies":[{"name":"wp","href":"https:\/\/api.w.org\/{rel}","templated":true}]}}