{"id":2158,"date":"2016-11-24T10:38:27","date_gmt":"2016-11-24T09:38:27","guid":{"rendered":"http:\/\/meeplendice.net\/?page_id=2158"},"modified":"2020-11-20T16:41:06","modified_gmt":"2020-11-20T15:41:06","slug":"pack-space-marine-1","status":"publish","type":"page","link":"https:\/\/meeplendice.net\/?page_id=2158","title":{"rendered":"Pack Space Marine 1"},"content":{"rendered":"<p style=\"text-align: justify;\">L&rsquo;extension\u00a0Pack Space Marine 1\u00a0comprend deux nouvelles \u00e9quipes de combat pour le jeu de cartes Death Angel : l&rsquo;une men\u00e9e par le Chapelain Raziel, arm\u00e9 de son impitoyable\u00a0Crozius Arcanum,\u00a0et l&rsquo;autre par le Fr\u00e8re Adron, \u00e9quip\u00e9 du terrible lance-missiles\u00a0Cyclone\u00a0aux effets d\u00e9vastateurs.<\/p>\n","protected":false},"excerpt":{"rendered":"<p>L&rsquo;extension\u00a0Pack Space Marine 1\u00a0comprend deux nouvelles \u00e9quipes de combat pour le jeu de cartes Death Angel : l&rsquo;une men\u00e9e par le Chapelain Raziel, arm\u00e9 de son impitoyable\u00a0Crozius Arcanum,\u00a0et l&rsquo;autre par le Fr\u00e8re Adron, \u00e9quip\u00e9 du terrible lance-missiles\u00a0Cyclone\u00a0aux effets d\u00e9vastateurs.<\/p>\n","protected":false},"author":2,"featured_media":2154,"parent":438,"menu_order":0,"comment_status":"closed","ping_status":"closed","template":"","meta":{"footnotes":""},"class_list":["post-2158","page","type-page","status-publish","has-post-thumbnail","hentry"],"acf":[],"rttpg_featured_image_url":{"full":["https:\/\/meeplendice.net\/wp-content\/uploads\/2016\/11\/SHDA_SM1.png",350,350,false],"landscape":["https:\/\/meeplendice.net\/wp-content\/uploads\/2016\/11\/SHDA_SM1.png",350,350,false],"portraits":["https:\/\/meeplendice.net\/wp-content\/uploads\/2016\/11\/SHDA_SM1.png",350,350,false],"thumbnail":["https:\/\/meeplendice.net\/wp-content\/uploads\/2016\/11\/SHDA_SM1-150x150.png",150,150,true],"medium":["https:\/\/meeplendice.net\/wp-content\/uploads\/2016\/11\/SHDA_SM1-300x300.png",300,300,true],"large":["https:\/\/meeplendice.net\/wp-content\/uploads\/2016\/11\/SHDA_SM1.png",350,350,false],"ug_big":["https:\/\/meeplendice.net\/wp-content\/uploads\/2016\/11\/SHDA_SM1.png",350,350,false],"1536x1536":["https:\/\/meeplendice.net\/wp-content\/uploads\/2016\/11\/SHDA_SM1.png",350,350,false],"2048x2048":["https:\/\/meeplendice.net\/wp-content\/uploads\/2016\/11\/SHDA_SM1.png",350,350,false],"ashe-slider-grid-thumbnail":["https:\/\/meeplendice.net\/wp-content\/uploads\/2016\/11\/SHDA_SM1.png",350,350,false],"ashe-full-thumbnail":["https:\/\/meeplendice.net\/wp-content\/uploads\/2016\/11\/SHDA_SM1.png",350,350,false],"ashe-grid-thumbnail":["https:\/\/meeplendice.net\/wp-content\/uploads\/2016\/11\/SHDA_SM1-350x330.png",350,330,true],"ashe-list-thumbnail":["https:\/\/meeplendice.net\/wp-content\/uploads\/2016\/11\/SHDA_SM1-300x300.png",300,300,true],"ashe-single-navigation":["https:\/\/meeplendice.net\/wp-content\/uploads\/2016\/11\/SHDA_SM1-75x75.png",75,75,true],"mailpoet_newsletter_max":["https:\/\/meeplendice.net\/wp-content\/uploads\/2016\/11\/SHDA_SM1.png",350,350,false],"rpwe-thumbnail":["https:\/\/meeplendice.net\/wp-content\/uploads\/2016\/11\/SHDA_SM1-45x45.png",45,45,true],"sow-carousel-default":["https:\/\/meeplendice.net\/wp-content\/uploads\/2016\/11\/SHDA_SM1-272x182.png",272,182,true],"rt_custom":["https:\/\/meeplendice.net\/wp-content\/uploads\/2016\/11\/SHDA_SM1.png",350,350,false]},"rttpg_author":{"display_name":"Karnby","author_link":"https:\/\/meeplendice.net\/?author=2"},"rttpg_comment":0,"rttpg_category":null,"rttpg_excerpt":"L&rsquo;extension\u00a0Pack Space Marine 1\u00a0comprend deux nouvelles \u00e9quipes de combat pour le jeu de cartes Death Angel : l&rsquo;une men\u00e9e par le Chapelain Raziel, arm\u00e9 de son impitoyable\u00a0Crozius Arcanum,\u00a0et l&rsquo;autre par le Fr\u00e8re Adron, \u00e9quip\u00e9 du terrible lance-missiles\u00a0Cyclone\u00a0aux effets d\u00e9vastateurs.","_links":{"self":[{"href":"https:\/\/meeplendice.net\/index.php?rest_route=\/wp\/v2\/pages\/2158","targetHints":{"allow":["GET"]}}],"collection":[{"href":"https:\/\/meeplendice.net\/index.php?rest_route=\/wp\/v2\/pages"}],"about":[{"href":"https:\/\/meeplendice.net\/index.php?rest_route=\/wp\/v2\/types\/page"}],"author":[{"embeddable":true,"href":"https:\/\/meeplendice.net\/index.php?rest_route=\/wp\/v2\/users\/2"}],"replies":[{"embeddable":true,"href":"https:\/\/meeplendice.net\/index.php?rest_route=%2Fwp%2Fv2%2Fcomments&post=2158"}],"version-history":[{"count":2,"href":"https:\/\/meeplendice.net\/index.php?rest_route=\/wp\/v2\/pages\/2158\/revisions"}],"predecessor-version":[{"id":7448,"href":"https:\/\/meeplendice.net\/index.php?rest_route=\/wp\/v2\/pages\/2158\/revisions\/7448"}],"up":[{"embeddable":true,"href":"https:\/\/meeplendice.net\/index.php?rest_route=\/wp\/v2\/pages\/438"}],"wp:featuredmedia":[{"embeddable":true,"href":"https:\/\/meeplendice.net\/index.php?rest_route=\/wp\/v2\/media\/2154"}],"wp:attachment":[{"href":"https:\/\/meeplendice.net\/index.php?rest_route=%2Fwp%2Fv2%2Fmedia&parent=2158"}],"curies":[{"name":"wp","href":"https:\/\/api.w.org\/{rel}","templated":true}]}}