{"id":2563,"date":"2017-03-01T14:50:55","date_gmt":"2017-03-01T13:50:55","guid":{"rendered":"http:\/\/meeplendice.net\/?page_id=2563"},"modified":"2020-08-31T16:55:39","modified_gmt":"2020-08-31T15:55:39","slug":"very-infected-people-2","status":"publish","type":"page","link":"https:\/\/meeplendice.net\/?page_id=2563","title":{"rendered":"Very Infected People #2"},"content":{"rendered":"<h5 class=\"color_grey_light\">Des Zombies pas comme les autres<\/h5>\n<p>Nous percevons g\u00e9n\u00e9ralement les zombies comme une arm\u00e9e sans visage d\u2019individus transform\u00e9s en pantins tueurs. Certains conservent cependant une forme de personnalit\u00e9. Ils portent un costume, un uniforme, sont d\u2019anciennes c\u00e9l\u00e9brit\u00e9s ou, tout simplement, vous rappellent quelqu\u2019un que vous connaissiez. Les Survivants les ont nomm\u00e9s les VIP, pour Very Infected People, et ils se mettent parfois au d\u00e9fi d\u2019\u00eatre celui qui en abattra le plus. Vous en \u00eates\u00a0?<\/p>\n<p>Cette bo\u00eete contient vingt figurines de Zombies VIP \u00e0 chasser, douze cartes Zombie destin\u00e9es \u00e0 les mettre en sc\u00e8ne, les r\u00e8gles pour les jouer, ainsi que trois nouvelles armes de pimp-mobile pour les meilleurs chasseurs de t\u00eates\u00a0!<\/p>\n<p>&nbsp;<\/p>\n","protected":false},"excerpt":{"rendered":"<p>Des Zombies pas comme les autres Nous percevons g\u00e9n\u00e9ralement les zombies comme une arm\u00e9e sans visage d\u2019individus transform\u00e9s en pantins tueurs. Certains conservent cependant une forme de personnalit\u00e9. Ils portent un costume, un uniforme, sont d\u2019anciennes c\u00e9l\u00e9brit\u00e9s ou, tout simplement, vous rappellent quelqu\u2019un que vous connaissiez. Les Survivants les ont nomm\u00e9s les VIP, pour Very Infected People, et ils se mettent parfois au d\u00e9fi d\u2019\u00eatre celui qui en abattra le plus. Vous en \u00eates\u00a0? Cette bo\u00eete contient vingt figurines de Zombies VIP \u00e0 chasser, douze cartes Zombie destin\u00e9es \u00e0 les mettre en sc\u00e8ne, les r\u00e8gles pour les jouer, ainsi que trois nouvelles armes de pimp-mobile pour les meilleurs chasseurs de t\u00eates\u00a0! &nbsp;<\/p>\n","protected":false},"author":2,"featured_media":2561,"parent":498,"menu_order":13,"comment_status":"closed","ping_status":"closed","template":"","meta":{"footnotes":""},"class_list":["post-2563","page","type-page","status-publish","has-post-thumbnail","hentry"],"acf":[],"rttpg_featured_image_url":{"full":["https:\/\/meeplendice.net\/wp-content\/uploads\/2017\/03\/Z_VIP2.png",350,350,false],"landscape":["https:\/\/meeplendice.net\/wp-content\/uploads\/2017\/03\/Z_VIP2.png",350,350,false],"portraits":["https:\/\/meeplendice.net\/wp-content\/uploads\/2017\/03\/Z_VIP2.png",350,350,false],"thumbnail":["https:\/\/meeplendice.net\/wp-content\/uploads\/2017\/03\/Z_VIP2-150x150.png",150,150,true],"medium":["https:\/\/meeplendice.net\/wp-content\/uploads\/2017\/03\/Z_VIP2-300x300.png",300,300,true],"large":["https:\/\/meeplendice.net\/wp-content\/uploads\/2017\/03\/Z_VIP2.png",350,350,false],"ug_big":["https:\/\/meeplendice.net\/wp-content\/uploads\/2017\/03\/Z_VIP2.png",350,350,false],"1536x1536":["https:\/\/meeplendice.net\/wp-content\/uploads\/2017\/03\/Z_VIP2.png",350,350,false],"2048x2048":["https:\/\/meeplendice.net\/wp-content\/uploads\/2017\/03\/Z_VIP2.png",350,350,false],"ashe-slider-grid-thumbnail":["https:\/\/meeplendice.net\/wp-content\/uploads\/2017\/03\/Z_VIP2.png",350,350,false],"ashe-full-thumbnail":["https:\/\/meeplendice.net\/wp-content\/uploads\/2017\/03\/Z_VIP2.png",350,350,false],"ashe-grid-thumbnail":["https:\/\/meeplendice.net\/wp-content\/uploads\/2017\/03\/Z_VIP2-350x330.png",350,330,true],"ashe-list-thumbnail":["https:\/\/meeplendice.net\/wp-content\/uploads\/2017\/03\/Z_VIP2-300x300.png",300,300,true],"ashe-single-navigation":["https:\/\/meeplendice.net\/wp-content\/uploads\/2017\/03\/Z_VIP2-75x75.png",75,75,true],"mailpoet_newsletter_max":["https:\/\/meeplendice.net\/wp-content\/uploads\/2017\/03\/Z_VIP2.png",350,350,false],"rpwe-thumbnail":["https:\/\/meeplendice.net\/wp-content\/uploads\/2017\/03\/Z_VIP2-45x45.png",45,45,true],"sow-carousel-default":["https:\/\/meeplendice.net\/wp-content\/uploads\/2017\/03\/Z_VIP2-272x182.png",272,182,true],"rt_custom":["https:\/\/meeplendice.net\/wp-content\/uploads\/2017\/03\/Z_VIP2.png",350,350,false]},"rttpg_author":{"display_name":"Karnby","author_link":"https:\/\/meeplendice.net\/?author=2"},"rttpg_comment":0,"rttpg_category":null,"rttpg_excerpt":"Des Zombies pas comme les autres Nous percevons g\u00e9n\u00e9ralement les zombies comme une arm\u00e9e sans visage d\u2019individus transform\u00e9s en pantins tueurs. Certains conservent cependant une forme de personnalit\u00e9. Ils portent un costume, un uniforme, sont d\u2019anciennes c\u00e9l\u00e9brit\u00e9s ou, tout simplement, vous rappellent quelqu\u2019un que vous connaissiez. Les Survivants les ont nomm\u00e9s les VIP, pour Very\u2026","_links":{"self":[{"href":"https:\/\/meeplendice.net\/index.php?rest_route=\/wp\/v2\/pages\/2563","targetHints":{"allow":["GET"]}}],"collection":[{"href":"https:\/\/meeplendice.net\/index.php?rest_route=\/wp\/v2\/pages"}],"about":[{"href":"https:\/\/meeplendice.net\/index.php?rest_route=\/wp\/v2\/types\/page"}],"author":[{"embeddable":true,"href":"https:\/\/meeplendice.net\/index.php?rest_route=\/wp\/v2\/users\/2"}],"replies":[{"embeddable":true,"href":"https:\/\/meeplendice.net\/index.php?rest_route=%2Fwp%2Fv2%2Fcomments&post=2563"}],"version-history":[{"count":2,"href":"https:\/\/meeplendice.net\/index.php?rest_route=\/wp\/v2\/pages\/2563\/revisions"}],"predecessor-version":[{"id":6382,"href":"https:\/\/meeplendice.net\/index.php?rest_route=\/wp\/v2\/pages\/2563\/revisions\/6382"}],"up":[{"embeddable":true,"href":"https:\/\/meeplendice.net\/index.php?rest_route=\/wp\/v2\/pages\/498"}],"wp:featuredmedia":[{"embeddable":true,"href":"https:\/\/meeplendice.net\/index.php?rest_route=\/wp\/v2\/media\/2561"}],"wp:attachment":[{"href":"https:\/\/meeplendice.net\/index.php?rest_route=%2Fwp%2Fv2%2Fmedia&parent=2563"}],"curies":[{"name":"wp","href":"https:\/\/api.w.org\/{rel}","templated":true}]}}