{"id":2855,"date":"2017-04-21T09:28:11","date_gmt":"2017-04-21T08:28:11","guid":{"rendered":"http:\/\/meeplendice.net\/?page_id=2855"},"modified":"2017-04-27T08:13:03","modified_gmt":"2017-04-27T07:13:03","slug":"runewars-le-jeu-de-figurines","status":"publish","type":"page","link":"https:\/\/meeplendice.net\/?page_id=2855","title":{"rendered":"Runewars : le jeu de figurines"},"content":{"rendered":"<p><img loading=\"lazy\" decoding=\"async\" class=\"alignleft wp-image-2848 size-full\" src=\"https:\/\/meeplendice.net\/wp-content\/uploads\/2017\/04\/Runewars.png\" alt=\"\" width=\"350\" height=\"350\" srcset=\"https:\/\/meeplendice.net\/wp-content\/uploads\/2017\/04\/Runewars.png 350w, https:\/\/meeplendice.net\/wp-content\/uploads\/2017\/04\/Runewars-300x300.png 300w, https:\/\/meeplendice.net\/wp-content\/uploads\/2017\/04\/Runewars-150x150.png 150w, https:\/\/meeplendice.net\/wp-content\/uploads\/2017\/04\/Runewars-75x75.png 75w, https:\/\/meeplendice.net\/wp-content\/uploads\/2017\/04\/Runewars-45x45.png 45w, https:\/\/meeplendice.net\/wp-content\/uploads\/2017\/04\/Runewars-80x80.png 80w, https:\/\/meeplendice.net\/wp-content\/uploads\/2017\/04\/Runewars-118x118.png 118w, https:\/\/meeplendice.net\/wp-content\/uploads\/2017\/04\/Runewars-239x239.png 239w\" sizes=\"auto, (max-width: 350px) 100vw, 350px\" \/><br \/>\n<strong>Nombre de joueurs :<\/strong> 2 &#8211; 2\u00a0\u00a0\u00a0\u00a0\u00a0\u00a0\u00a0\u00a0\u00a0\u00a0\u00a0\u00a0\u00a0\u00a0\u00a0\u00a0\u00a0\u00a0\u00a0\u00a0\u00a0\u00a0 <strong>Dur\u00e9e moyenne :<\/strong> 90 min\u00a0\u00a0\u00a0\u00a0\u00a0\u00a0\u00a0\u00a0\u00a0 <strong>Age :<\/strong> 14 ans et plus<\/p>\n<p><strong>Auteur(s) : <\/strong>Andrew Fischer<br \/>\n<strong>Illustrations :<\/strong> Henning Ludvigsen<br \/>\n<strong>\u00c9dition :<\/strong>\u00a0 Fantasy Flight Games, Edge Entertainement\u00a0 &#8211; 2017<br \/>\n<strong>Distribution :<\/strong> Asmodee<\/p>\n<p>Runewars : Le Jeu de Figurines simule des batailles \u00e9piques dans l\u2019univers de Runebound. D\u00e9ployez une arm\u00e9e constitu\u00e9e de phalanges d\u2019infanterie, de rapides cavaliers, de puissantes cr\u00e9atures et de redoutables h\u00e9ros. Pour planifier votre strat\u00e9gie, assignez des ordres cach\u00e9s \u00e0 chaque unit\u00e9 pour d\u00e9clencher une pluie de fl\u00e8ches, initier une charge de cavalerie audacieuse ou encore d\u00e9cha\u00eener une magie d\u00e9vastatrice sur l\u2019ennemi. Mais prenez garde ! Car votre adversaire a pr\u00e9par\u00e9 son plan, qui va contrecarrer tous vos projets<\/p>\n<p>&nbsp;<\/p>\n<hr \/>\n<p style=\"text-align: center;\"><strong>En vid\u00e9o<\/strong><\/p>\n<p style=\"text-align: left;\">De l&rsquo;explication des r\u00e8gles :<\/p>\n<ul>\n<li style=\"text-align: left;\">Tric Trac<\/li>\n<\/ul>\n<p style=\"text-align: left;\"><a href=\"http:\/\/www.trictrac.tv\/video\/Runewars_Le_Jeu_de_Figurines_de_l_explication\" target=\"_blank\" rel=\"noopener noreferrer\"><img loading=\"lazy\" decoding=\"async\" class=\"alignnone size-full wp-image-107\" src=\"https:\/\/meeplendice.net\/wp-content\/uploads\/2016\/08\/TT_explication.png\" alt=\"TT_explication\" width=\"200\" height=\"170\" \/><\/a><\/p>\n<p style=\"text-align: left;\">\u00a0De la partie :<\/p>\n<ul>\n<li style=\"text-align: left;\">Tric Trac<\/li>\n<\/ul>\n<p><a href=\"http:\/\/www.trictrac.tv\/video\/Runewars_Le_Jeu_de_Figurines_de_la_partie\" target=\"_blank\" rel=\"noopener noreferrer\"><img loading=\"lazy\" decoding=\"async\" class=\"alignnone size-full wp-image-117\" src=\"https:\/\/meeplendice.net\/wp-content\/uploads\/2016\/08\/TT_partie_1.png\" alt=\"TT_partie_1\" width=\"200\" height=\"170\" \/><\/a><\/p>\n<hr \/>\n<p style=\"text-align: center;\"><strong>Pour aller plus loin&#8230;<\/strong><\/p>\n","protected":false},"excerpt":{"rendered":"<p>Nombre de joueurs : 2 &#8211; 2\u00a0\u00a0\u00a0\u00a0\u00a0\u00a0\u00a0\u00a0\u00a0\u00a0\u00a0\u00a0\u00a0\u00a0\u00a0\u00a0\u00a0\u00a0\u00a0\u00a0\u00a0\u00a0 Dur\u00e9e moyenne : 90 min\u00a0\u00a0\u00a0\u00a0\u00a0\u00a0\u00a0\u00a0\u00a0 Age : 14 ans et plus Auteur(s) : Andrew Fischer Illustrations : Henning Ludvigsen \u00c9dition :\u00a0 Fantasy Flight Games, Edge Entertainement\u00a0 &#8211; 2017 Distribution : Asmodee Runewars : Le Jeu de Figurines simule des batailles \u00e9piques dans l\u2019univers de Runebound. D\u00e9ployez une arm\u00e9e constitu\u00e9e de phalanges d\u2019infanterie, de rapides cavaliers, de puissantes cr\u00e9atures et de redoutables h\u00e9ros. Pour planifier votre strat\u00e9gie, assignez des ordres cach\u00e9s \u00e0 chaque unit\u00e9 pour d\u00e9clencher une pluie de fl\u00e8ches, initier une charge de cavalerie audacieuse ou encore d\u00e9cha\u00eener une magie d\u00e9vastatrice sur l\u2019ennemi. Mais prenez garde ! Car votre adversaire a pr\u00e9par\u00e9 son plan, qui va contrecarrer tous vos projets &nbsp; En vid\u00e9o De l&rsquo;explication des r\u00e8gles : Tric Trac \u00a0De la partie : Tric Trac Pour aller plus loin&#8230;<\/p>\n","protected":false},"author":2,"featured_media":0,"parent":0,"menu_order":0,"comment_status":"closed","ping_status":"closed","template":"","meta":{"footnotes":""},"class_list":["post-2855","page","type-page","status-publish","hentry"],"acf":[],"rttpg_featured_image_url":null,"rttpg_author":{"display_name":"Karnby","author_link":"https:\/\/meeplendice.net\/?author=2"},"rttpg_comment":0,"rttpg_category":null,"rttpg_excerpt":"Nombre de joueurs : 2 &#8211; 2\u00a0\u00a0\u00a0\u00a0\u00a0\u00a0\u00a0\u00a0\u00a0\u00a0\u00a0\u00a0\u00a0\u00a0\u00a0\u00a0\u00a0\u00a0\u00a0\u00a0\u00a0\u00a0 Dur\u00e9e moyenne : 90 min\u00a0\u00a0\u00a0\u00a0\u00a0\u00a0\u00a0\u00a0\u00a0 Age : 14 ans et plus Auteur(s) : Andrew Fischer Illustrations : Henning Ludvigsen \u00c9dition :\u00a0 Fantasy Flight Games, Edge Entertainement\u00a0 &#8211; 2017 Distribution : Asmodee Runewars : Le Jeu de Figurines simule des batailles \u00e9piques dans l\u2019univers de Runebound. D\u00e9ployez une arm\u00e9e\u2026","_links":{"self":[{"href":"https:\/\/meeplendice.net\/index.php?rest_route=\/wp\/v2\/pages\/2855","targetHints":{"allow":["GET"]}}],"collection":[{"href":"https:\/\/meeplendice.net\/index.php?rest_route=\/wp\/v2\/pages"}],"about":[{"href":"https:\/\/meeplendice.net\/index.php?rest_route=\/wp\/v2\/types\/page"}],"author":[{"embeddable":true,"href":"https:\/\/meeplendice.net\/index.php?rest_route=\/wp\/v2\/users\/2"}],"replies":[{"embeddable":true,"href":"https:\/\/meeplendice.net\/index.php?rest_route=%2Fwp%2Fv2%2Fcomments&post=2855"}],"version-history":[{"count":3,"href":"https:\/\/meeplendice.net\/index.php?rest_route=\/wp\/v2\/pages\/2855\/revisions"}],"predecessor-version":[{"id":2905,"href":"https:\/\/meeplendice.net\/index.php?rest_route=\/wp\/v2\/pages\/2855\/revisions\/2905"}],"wp:attachment":[{"href":"https:\/\/meeplendice.net\/index.php?rest_route=%2Fwp%2Fv2%2Fmedia&parent=2855"}],"curies":[{"name":"wp","href":"https:\/\/api.w.org\/{rel}","templated":true}]}}