{"id":3432,"date":"2017-09-15T15:14:35","date_gmt":"2017-09-15T14:14:35","guid":{"rendered":"http:\/\/meeplendice.net\/?page_id=3432"},"modified":"2020-09-03T10:31:02","modified_gmt":"2020-09-03T09:31:02","slug":"le-cinquieme-ingredient","status":"publish","type":"page","link":"https:\/\/meeplendice.net\/?page_id=3432","title":{"rendered":"Le Cinqui\u00e8me Ingr\u00e9dient"},"content":{"rendered":"<p><em>Mes tr\u00e8s chers \u00e9l\u00e8ves,<\/em><\/p>\n<p style=\"text-align: justify;\"><em>Les plus grands Ma\u00eetres Es M\u00e9lange du monde ont rejoint notre groupe d\u2019enseignants pour nos nouvelles master class. Certains sont vraiment de nature badine, je suis s\u00fbr que vous allez bien vous amuser cette ann\u00e9e ! D\u2019autres vous para\u00eetront un peu bougons de prime abord, mais je suis certain que vous ne vous laisserez pas d\u00e9courager par leurs remontrances&#8230; Vous finirez par vous faire \u00e0 leurs m\u00e9thodes. Vous apprendrez aussi \u00e0 concocter de nouvelles potions et \u00e0 manipuler un nouveau type d\u2019ingr\u00e9dient : <strong>l\u2019ectoplasme de fant\u00f4me<\/strong>.<\/em><\/p>\n<p style=\"text-align: justify;\"><em>Bonne chance !<\/em><em><span id=\"result_box\" class=\"\" lang=\"fr\">\u00a0<\/span><\/em><\/p>\n","protected":false},"excerpt":{"rendered":"<p>Mes tr\u00e8s chers \u00e9l\u00e8ves, Les plus grands Ma\u00eetres Es M\u00e9lange du monde ont rejoint notre groupe d\u2019enseignants pour nos nouvelles master class. Certains sont vraiment de nature badine, je suis s\u00fbr que vous allez bien vous amuser cette ann\u00e9e ! D\u2019autres vous para\u00eetront un peu bougons de prime abord, mais je suis certain que vous ne vous laisserez pas d\u00e9courager par leurs remontrances&#8230; Vous finirez par vous faire \u00e0 leurs m\u00e9thodes. Vous apprendrez aussi \u00e0 concocter de nouvelles potions et \u00e0 manipuler un nouveau type d\u2019ingr\u00e9dient : l\u2019ectoplasme de fant\u00f4me. Bonne chance !\u00a0<\/p>\n","protected":false},"author":2,"featured_media":3433,"parent":390,"menu_order":1,"comment_status":"closed","ping_status":"closed","template":"","meta":{"footnotes":""},"class_list":["post-3432","page","type-page","status-publish","has-post-thumbnail","hentry"],"acf":[],"rttpg_featured_image_url":{"full":["https:\/\/meeplendice.net\/wp-content\/uploads\/2017\/09\/PE_5emeingredient.png",350,350,false],"landscape":["https:\/\/meeplendice.net\/wp-content\/uploads\/2017\/09\/PE_5emeingredient.png",350,350,false],"portraits":["https:\/\/meeplendice.net\/wp-content\/uploads\/2017\/09\/PE_5emeingredient.png",350,350,false],"thumbnail":["https:\/\/meeplendice.net\/wp-content\/uploads\/2017\/09\/PE_5emeingredient-150x150.png",150,150,true],"medium":["https:\/\/meeplendice.net\/wp-content\/uploads\/2017\/09\/PE_5emeingredient-300x300.png",300,300,true],"large":["https:\/\/meeplendice.net\/wp-content\/uploads\/2017\/09\/PE_5emeingredient.png",350,350,false],"ug_big":["https:\/\/meeplendice.net\/wp-content\/uploads\/2017\/09\/PE_5emeingredient.png",350,350,false],"1536x1536":["https:\/\/meeplendice.net\/wp-content\/uploads\/2017\/09\/PE_5emeingredient.png",350,350,false],"2048x2048":["https:\/\/meeplendice.net\/wp-content\/uploads\/2017\/09\/PE_5emeingredient.png",350,350,false],"ashe-slider-grid-thumbnail":["https:\/\/meeplendice.net\/wp-content\/uploads\/2017\/09\/PE_5emeingredient.png",350,350,false],"ashe-full-thumbnail":["https:\/\/meeplendice.net\/wp-content\/uploads\/2017\/09\/PE_5emeingredient.png",350,350,false],"ashe-grid-thumbnail":["https:\/\/meeplendice.net\/wp-content\/uploads\/2017\/09\/PE_5emeingredient-350x330.png",350,330,true],"ashe-list-thumbnail":["https:\/\/meeplendice.net\/wp-content\/uploads\/2017\/09\/PE_5emeingredient-300x300.png",300,300,true],"ashe-single-navigation":["https:\/\/meeplendice.net\/wp-content\/uploads\/2017\/09\/PE_5emeingredient-75x75.png",75,75,true],"mailpoet_newsletter_max":["https:\/\/meeplendice.net\/wp-content\/uploads\/2017\/09\/PE_5emeingredient.png",350,350,false],"rpwe-thumbnail":["https:\/\/meeplendice.net\/wp-content\/uploads\/2017\/09\/PE_5emeingredient-45x45.png",45,45,true],"sow-carousel-default":["https:\/\/meeplendice.net\/wp-content\/uploads\/2017\/09\/PE_5emeingredient-272x182.png",272,182,true],"rt_custom":["https:\/\/meeplendice.net\/wp-content\/uploads\/2017\/09\/PE_5emeingredient.png",350,350,false]},"rttpg_author":{"display_name":"Karnby","author_link":"https:\/\/meeplendice.net\/?author=2"},"rttpg_comment":0,"rttpg_category":null,"rttpg_excerpt":"Mes tr\u00e8s chers \u00e9l\u00e8ves, Les plus grands Ma\u00eetres Es M\u00e9lange du monde ont rejoint notre groupe d\u2019enseignants pour nos nouvelles master class. Certains sont vraiment de nature badine, je suis s\u00fbr que vous allez bien vous amuser cette ann\u00e9e ! D\u2019autres vous para\u00eetront un peu bougons de prime abord, mais je suis certain que vous\u2026","_links":{"self":[{"href":"https:\/\/meeplendice.net\/index.php?rest_route=\/wp\/v2\/pages\/3432","targetHints":{"allow":["GET"]}}],"collection":[{"href":"https:\/\/meeplendice.net\/index.php?rest_route=\/wp\/v2\/pages"}],"about":[{"href":"https:\/\/meeplendice.net\/index.php?rest_route=\/wp\/v2\/types\/page"}],"author":[{"embeddable":true,"href":"https:\/\/meeplendice.net\/index.php?rest_route=\/wp\/v2\/users\/2"}],"replies":[{"embeddable":true,"href":"https:\/\/meeplendice.net\/index.php?rest_route=%2Fwp%2Fv2%2Fcomments&post=3432"}],"version-history":[{"count":2,"href":"https:\/\/meeplendice.net\/index.php?rest_route=\/wp\/v2\/pages\/3432\/revisions"}],"predecessor-version":[{"id":6715,"href":"https:\/\/meeplendice.net\/index.php?rest_route=\/wp\/v2\/pages\/3432\/revisions\/6715"}],"up":[{"embeddable":true,"href":"https:\/\/meeplendice.net\/index.php?rest_route=\/wp\/v2\/pages\/390"}],"wp:featuredmedia":[{"embeddable":true,"href":"https:\/\/meeplendice.net\/index.php?rest_route=\/wp\/v2\/media\/3433"}],"wp:attachment":[{"href":"https:\/\/meeplendice.net\/index.php?rest_route=%2Fwp%2Fv2%2Fmedia&parent=3432"}],"curies":[{"name":"wp","href":"https:\/\/api.w.org\/{rel}","templated":true}]}}