{"id":3578,"date":"2017-11-09T10:23:12","date_gmt":"2017-11-09T09:23:12","guid":{"rendered":"http:\/\/meeplendice.net\/?page_id=3578"},"modified":"2022-05-27T14:19:48","modified_gmt":"2022-05-27T13:19:48","slug":"les-chaines-de-rouille","status":"publish","type":"page","link":"https:\/\/meeplendice.net\/?page_id=3578","title":{"rendered":"Les Cha\u00eenes de Rouille"},"content":{"rendered":"<div class=\"p_collection\">\n<p><em>\u00c9chappez \u00e0 la mal\u00e9diction qui vous d\u00e9vore !<\/em><\/p>\n<p style=\"text-align: justify;\">Au pays des \u00e2mes damn\u00e9es, nombreux sont ceux qui aspirent \u00e0 retrouver leur libert\u00e9. Qu\u2019importe les raisons qui vous ont conduits au Pays des Brumes, ou ce qu\u2019il vous a fallu endurer pour vous permettre de vous enfuir : vous avez peut-\u00eatre r\u00e9ussi \u00e0 franchir ses fronti\u00e8res, mais son \u00e9pais brouillard et les cr\u00e9atures qu\u2019il abrite ne sont jamais tr\u00e8s loin. Il est temps pour vous d\u2019affronter votre destin\u00e9e afin de briser les cha\u00eenes qui vous lient \u00e0 jamais au sombre royaume de Waiqar l\u2019Immortel !<\/p>\n<p style=\"text-align: justify;\">Les Cha\u00eenes de Rouille est une extension pour Descent : Voyages dans les T\u00e9n\u00e8bres, Seconde \u00c9dition. Elle pr\u00e9sente une campagne p\u00e9rilleuse de haut niveau dans laquelle les h\u00e9ros devront de nouveau d\u00e9fier les terribles dangers du Pays des Brumes. Il leur faudra affronter les serviteurs corrompus de Waiqar l\u2019Immortel et trouver un rem\u00e8de \u00e0 la mal\u00e9diction qui a fait d\u2019eux d\u2019horribles morts-vivants. En cas d\u2019\u00e9chec, ils seront condamn\u00e9s \u00e0 conna\u00eetre un sort pire que la mort : une non-vie \u00e9ternelle.<\/p>\n<\/div>\n","protected":false},"excerpt":{"rendered":"<p>\u00c9chappez \u00e0 la mal\u00e9diction qui vous d\u00e9vore ! Au pays des \u00e2mes damn\u00e9es, nombreux sont ceux qui aspirent \u00e0 retrouver leur libert\u00e9. Qu\u2019importe les raisons qui vous ont conduits au Pays des Brumes, ou ce qu\u2019il vous a fallu endurer pour vous permettre de vous enfuir : vous avez peut-\u00eatre r\u00e9ussi \u00e0 franchir ses fronti\u00e8res, mais son \u00e9pais brouillard et les cr\u00e9atures qu\u2019il abrite ne sont jamais tr\u00e8s loin. Il est temps pour vous d\u2019affronter votre destin\u00e9e afin de briser les cha\u00eenes qui vous lient \u00e0 jamais au sombre royaume de Waiqar l\u2019Immortel ! Les Cha\u00eenes de Rouille est une extension pour Descent : Voyages dans les T\u00e9n\u00e8bres, Seconde \u00c9dition. Elle pr\u00e9sente une campagne p\u00e9rilleuse de haut niveau dans laquelle les h\u00e9ros devront de nouveau d\u00e9fier les terribles dangers du Pays des Brumes. Il leur faudra affronter les serviteurs corrompus de Waiqar l\u2019Immortel et trouver un rem\u00e8de \u00e0 la mal\u00e9diction qui a fait d\u2019eux d\u2019horribles morts-vivants. En cas d\u2019\u00e9chec, ils seront condamn\u00e9s \u00e0 conna\u00eetre un sort pire que la mort : une non-vie \u00e9ternelle.<\/p>\n","protected":false},"author":2,"featured_media":3579,"parent":286,"menu_order":8,"comment_status":"closed","ping_status":"closed","template":"","meta":{"footnotes":""},"class_list":["post-3578","page","type-page","status-publish","has-post-thumbnail","hentry"],"acf":[],"rttpg_featured_image_url":{"full":["https:\/\/meeplendice.net\/wp-content\/uploads\/2017\/11\/Descentv2_Chainesrouille.png",350,350,false],"landscape":["https:\/\/meeplendice.net\/wp-content\/uploads\/2017\/11\/Descentv2_Chainesrouille.png",350,350,false],"portraits":["https:\/\/meeplendice.net\/wp-content\/uploads\/2017\/11\/Descentv2_Chainesrouille.png",350,350,false],"thumbnail":["https:\/\/meeplendice.net\/wp-content\/uploads\/2017\/11\/Descentv2_Chainesrouille-150x150.png",150,150,true],"medium":["https:\/\/meeplendice.net\/wp-content\/uploads\/2017\/11\/Descentv2_Chainesrouille-300x300.png",300,300,true],"large":["https:\/\/meeplendice.net\/wp-content\/uploads\/2017\/11\/Descentv2_Chainesrouille.png",350,350,false],"ug_big":["https:\/\/meeplendice.net\/wp-content\/uploads\/2017\/11\/Descentv2_Chainesrouille.png",350,350,false],"1536x1536":["https:\/\/meeplendice.net\/wp-content\/uploads\/2017\/11\/Descentv2_Chainesrouille.png",350,350,false],"2048x2048":["https:\/\/meeplendice.net\/wp-content\/uploads\/2017\/11\/Descentv2_Chainesrouille.png",350,350,false],"ashe-slider-grid-thumbnail":["https:\/\/meeplendice.net\/wp-content\/uploads\/2017\/11\/Descentv2_Chainesrouille.png",350,350,false],"ashe-full-thumbnail":["https:\/\/meeplendice.net\/wp-content\/uploads\/2017\/11\/Descentv2_Chainesrouille.png",350,350,false],"ashe-grid-thumbnail":["https:\/\/meeplendice.net\/wp-content\/uploads\/2017\/11\/Descentv2_Chainesrouille-350x330.png",350,330,true],"ashe-list-thumbnail":["https:\/\/meeplendice.net\/wp-content\/uploads\/2017\/11\/Descentv2_Chainesrouille-300x300.png",300,300,true],"ashe-single-navigation":["https:\/\/meeplendice.net\/wp-content\/uploads\/2017\/11\/Descentv2_Chainesrouille-75x75.png",75,75,true],"mailpoet_newsletter_max":["https:\/\/meeplendice.net\/wp-content\/uploads\/2017\/11\/Descentv2_Chainesrouille.png",350,350,false],"rpwe-thumbnail":["https:\/\/meeplendice.net\/wp-content\/uploads\/2017\/11\/Descentv2_Chainesrouille-45x45.png",45,45,true],"sow-carousel-default":["https:\/\/meeplendice.net\/wp-content\/uploads\/2017\/11\/Descentv2_Chainesrouille-272x182.png",272,182,true],"rt_custom":["https:\/\/meeplendice.net\/wp-content\/uploads\/2017\/11\/Descentv2_Chainesrouille.png",350,350,false]},"rttpg_author":{"display_name":"Karnby","author_link":"https:\/\/meeplendice.net\/?author=2"},"rttpg_comment":0,"rttpg_category":null,"rttpg_excerpt":"\u00c9chappez \u00e0 la mal\u00e9diction qui vous d\u00e9vore ! Au pays des \u00e2mes damn\u00e9es, nombreux sont ceux qui aspirent \u00e0 retrouver leur libert\u00e9. Qu\u2019importe les raisons qui vous ont conduits au Pays des Brumes, ou ce qu\u2019il vous a fallu endurer pour vous permettre de vous enfuir : vous avez peut-\u00eatre r\u00e9ussi \u00e0 franchir ses fronti\u00e8res,\u2026","_links":{"self":[{"href":"https:\/\/meeplendice.net\/index.php?rest_route=\/wp\/v2\/pages\/3578","targetHints":{"allow":["GET"]}}],"collection":[{"href":"https:\/\/meeplendice.net\/index.php?rest_route=\/wp\/v2\/pages"}],"about":[{"href":"https:\/\/meeplendice.net\/index.php?rest_route=\/wp\/v2\/types\/page"}],"author":[{"embeddable":true,"href":"https:\/\/meeplendice.net\/index.php?rest_route=\/wp\/v2\/users\/2"}],"replies":[{"embeddable":true,"href":"https:\/\/meeplendice.net\/index.php?rest_route=%2Fwp%2Fv2%2Fcomments&post=3578"}],"version-history":[{"count":4,"href":"https:\/\/meeplendice.net\/index.php?rest_route=\/wp\/v2\/pages\/3578\/revisions"}],"predecessor-version":[{"id":6437,"href":"https:\/\/meeplendice.net\/index.php?rest_route=\/wp\/v2\/pages\/3578\/revisions\/6437"}],"up":[{"embeddable":true,"href":"https:\/\/meeplendice.net\/index.php?rest_route=\/wp\/v2\/pages\/286"}],"wp:featuredmedia":[{"embeddable":true,"href":"https:\/\/meeplendice.net\/index.php?rest_route=\/wp\/v2\/media\/3579"}],"wp:attachment":[{"href":"https:\/\/meeplendice.net\/index.php?rest_route=%2Fwp%2Fv2%2Fmedia&parent=3578"}],"curies":[{"name":"wp","href":"https:\/\/api.w.org\/{rel}","templated":true}]}}