{"id":3884,"date":"2018-01-09T11:13:25","date_gmt":"2018-01-09T10:13:25","guid":{"rendered":"http:\/\/meeplendice.net\/?page_id=3884"},"modified":"2020-11-20T19:16:41","modified_gmt":"2020-11-20T18:16:41","slug":"sky-island","status":"publish","type":"page","link":"https:\/\/meeplendice.net\/?page_id=3884","title":{"rendered":"Sky Islands"},"content":{"rendered":"<p style=\"text-align: justify;\">C&rsquo;\u00e9tait un beau matin de printemps ; Les G\u00e9ants se faisaient faire de nouveaux tatouages et les autres habitants de Small World se pr\u00e9paraient \u00e0 une nouvelle journ\u00e9e de combats. Un \u00e9trange silence s&rsquo;est alors install\u00e9 \u00e0 travers le pays tandis qu&rsquo;une ombre immense glissait au-dessus des for\u00eats et des montagnes. Les Mages auraient-ils encore jou\u00e9 aux apprentis sorciers ? Que nenni !<br \/>\nUn archipel d&rsquo;Iles Volantes \u00e9tait venu se placer en surplomb de notre petit monde&#8230; Voil\u00e0 une occasion de se faire une place au Soleil se dit-on d&rsquo;un bout \u00e0 l&rsquo;autre du pays ! Les Peuples les plus entreprenants se mirent au travail et en moins de temps qu&rsquo;il n&rsquo;en faut pour le dire, ils prenaient les Iles d&rsquo;assaut&#8230;<br \/>\nLa bataille pour les Sky Islands venait de commencer&#8230;<\/p>\n","protected":false},"excerpt":{"rendered":"<p>C&rsquo;\u00e9tait un beau matin de printemps ; Les G\u00e9ants se faisaient faire de nouveaux tatouages et les autres habitants de Small World se pr\u00e9paraient \u00e0 une nouvelle journ\u00e9e de combats. Un \u00e9trange silence s&rsquo;est alors install\u00e9 \u00e0 travers le pays tandis qu&rsquo;une ombre immense glissait au-dessus des for\u00eats et des montagnes. Les Mages auraient-ils encore jou\u00e9 aux apprentis sorciers ? Que nenni ! Un archipel d&rsquo;Iles Volantes \u00e9tait venu se placer en surplomb de notre petit monde&#8230; Voil\u00e0 une occasion de se faire une place au Soleil se dit-on d&rsquo;un bout \u00e0 l&rsquo;autre du pays ! Les Peuples les plus entreprenants se mirent au travail et en moins de temps qu&rsquo;il n&rsquo;en faut pour le dire, ils prenaient les Iles d&rsquo;assaut&#8230; La bataille pour les Sky Islands venait de commencer&#8230;<\/p>\n","protected":false},"author":2,"featured_media":3883,"parent":430,"menu_order":0,"comment_status":"closed","ping_status":"closed","template":"","meta":{"footnotes":""},"class_list":["post-3884","page","type-page","status-publish","has-post-thumbnail","hentry"],"acf":[],"rttpg_featured_image_url":{"full":["https:\/\/meeplendice.net\/wp-content\/uploads\/2018\/01\/SWORLD_Skyislands.png",350,350,false],"landscape":["https:\/\/meeplendice.net\/wp-content\/uploads\/2018\/01\/SWORLD_Skyislands.png",350,350,false],"portraits":["https:\/\/meeplendice.net\/wp-content\/uploads\/2018\/01\/SWORLD_Skyislands.png",350,350,false],"thumbnail":["https:\/\/meeplendice.net\/wp-content\/uploads\/2018\/01\/SWORLD_Skyislands-150x150.png",150,150,true],"medium":["https:\/\/meeplendice.net\/wp-content\/uploads\/2018\/01\/SWORLD_Skyislands-300x300.png",300,300,true],"large":["https:\/\/meeplendice.net\/wp-content\/uploads\/2018\/01\/SWORLD_Skyislands.png",350,350,false],"ug_big":["https:\/\/meeplendice.net\/wp-content\/uploads\/2018\/01\/SWORLD_Skyislands.png",350,350,false],"1536x1536":["https:\/\/meeplendice.net\/wp-content\/uploads\/2018\/01\/SWORLD_Skyislands.png",350,350,false],"2048x2048":["https:\/\/meeplendice.net\/wp-content\/uploads\/2018\/01\/SWORLD_Skyislands.png",350,350,false],"ashe-slider-grid-thumbnail":["https:\/\/meeplendice.net\/wp-content\/uploads\/2018\/01\/SWORLD_Skyislands.png",350,350,false],"ashe-full-thumbnail":["https:\/\/meeplendice.net\/wp-content\/uploads\/2018\/01\/SWORLD_Skyislands.png",350,350,false],"ashe-grid-thumbnail":["https:\/\/meeplendice.net\/wp-content\/uploads\/2018\/01\/SWORLD_Skyislands-350x330.png",350,330,true],"ashe-list-thumbnail":["https:\/\/meeplendice.net\/wp-content\/uploads\/2018\/01\/SWORLD_Skyislands-300x300.png",300,300,true],"ashe-single-navigation":["https:\/\/meeplendice.net\/wp-content\/uploads\/2018\/01\/SWORLD_Skyislands-75x75.png",75,75,true],"mailpoet_newsletter_max":["https:\/\/meeplendice.net\/wp-content\/uploads\/2018\/01\/SWORLD_Skyislands.png",350,350,false],"rpwe-thumbnail":["https:\/\/meeplendice.net\/wp-content\/uploads\/2018\/01\/SWORLD_Skyislands-45x45.png",45,45,true],"sow-carousel-default":["https:\/\/meeplendice.net\/wp-content\/uploads\/2018\/01\/SWORLD_Skyislands-272x182.png",272,182,true],"rt_custom":["https:\/\/meeplendice.net\/wp-content\/uploads\/2018\/01\/SWORLD_Skyislands.png",350,350,false]},"rttpg_author":{"display_name":"Karnby","author_link":"https:\/\/meeplendice.net\/?author=2"},"rttpg_comment":0,"rttpg_category":null,"rttpg_excerpt":"C&rsquo;\u00e9tait un beau matin de printemps ; Les G\u00e9ants se faisaient faire de nouveaux tatouages et les autres habitants de Small World se pr\u00e9paraient \u00e0 une nouvelle journ\u00e9e de combats. Un \u00e9trange silence s&rsquo;est alors install\u00e9 \u00e0 travers le pays tandis qu&rsquo;une ombre immense glissait au-dessus des for\u00eats et des montagnes. Les Mages auraient-ils encore\u2026","_links":{"self":[{"href":"https:\/\/meeplendice.net\/index.php?rest_route=\/wp\/v2\/pages\/3884","targetHints":{"allow":["GET"]}}],"collection":[{"href":"https:\/\/meeplendice.net\/index.php?rest_route=\/wp\/v2\/pages"}],"about":[{"href":"https:\/\/meeplendice.net\/index.php?rest_route=\/wp\/v2\/types\/page"}],"author":[{"embeddable":true,"href":"https:\/\/meeplendice.net\/index.php?rest_route=\/wp\/v2\/users\/2"}],"replies":[{"embeddable":true,"href":"https:\/\/meeplendice.net\/index.php?rest_route=%2Fwp%2Fv2%2Fcomments&post=3884"}],"version-history":[{"count":5,"href":"https:\/\/meeplendice.net\/index.php?rest_route=\/wp\/v2\/pages\/3884\/revisions"}],"predecessor-version":[{"id":7513,"href":"https:\/\/meeplendice.net\/index.php?rest_route=\/wp\/v2\/pages\/3884\/revisions\/7513"}],"up":[{"embeddable":true,"href":"https:\/\/meeplendice.net\/index.php?rest_route=\/wp\/v2\/pages\/430"}],"wp:featuredmedia":[{"embeddable":true,"href":"https:\/\/meeplendice.net\/index.php?rest_route=\/wp\/v2\/media\/3883"}],"wp:attachment":[{"href":"https:\/\/meeplendice.net\/index.php?rest_route=%2Fwp%2Fv2%2Fmedia&parent=3884"}],"curies":[{"name":"wp","href":"https:\/\/api.w.org\/{rel}","templated":true}]}}