{"id":3890,"date":"2018-01-09T11:24:12","date_gmt":"2018-01-09T10:24:12","guid":{"rendered":"http:\/\/meeplendice.net\/?page_id=3890"},"modified":"2020-11-22T15:36:52","modified_gmt":"2020-11-22T14:36:52","slug":"estrella-drive","status":"publish","type":"page","link":"https:\/\/meeplendice.net\/?page_id=3890","title":{"rendered":"Estrella Drive"},"content":{"rendered":"<p><span id=\"result_box\" class=\"\" lang=\"fr\"><span class=\"\">N.T 1982 : Les ann\u00e9es 80 commencent, mais certains fant\u00f4mes du pass\u00e9 ne trouvent pas le repos. D\u00e9couvrez les sombres secrets du show-business californien.<br \/>\n<\/span><\/span><\/p>\n<p><span id=\"result_box\" class=\"\" lang=\"fr\"><span class=\"\">A contribu\u00e9 \u00e0 l\u2019\u00e9laboration de ce sc\u00e9nario : Willy Dupont<br \/>\nD\u00e9veloppement : Manuel Rozoy<br \/>\nIllustrateurs : Cari &amp; Pascal Quidault.<\/span><\/span><\/p>\n","protected":false},"excerpt":{"rendered":"<p>N.T 1982 : Les ann\u00e9es 80 commencent, mais certains fant\u00f4mes du pass\u00e9 ne trouvent pas le repos. D\u00e9couvrez les sombres secrets du show-business californien. A contribu\u00e9 \u00e0 l\u2019\u00e9laboration de ce sc\u00e9nario : Willy Dupont D\u00e9veloppement : Manuel Rozoy Illustrateurs : Cari &amp; Pascal Quidault.<\/p>\n","protected":false},"author":2,"featured_media":3882,"parent":472,"menu_order":0,"comment_status":"closed","ping_status":"closed","template":"","meta":{"footnotes":""},"class_list":["post-3890","page","type-page","status-publish","has-post-thumbnail","hentry"],"acf":[],"rttpg_featured_image_url":{"full":["https:\/\/meeplendice.net\/wp-content\/uploads\/2018\/01\/TIME_Estrella.png",350,350,false],"landscape":["https:\/\/meeplendice.net\/wp-content\/uploads\/2018\/01\/TIME_Estrella.png",350,350,false],"portraits":["https:\/\/meeplendice.net\/wp-content\/uploads\/2018\/01\/TIME_Estrella.png",350,350,false],"thumbnail":["https:\/\/meeplendice.net\/wp-content\/uploads\/2018\/01\/TIME_Estrella-150x150.png",150,150,true],"medium":["https:\/\/meeplendice.net\/wp-content\/uploads\/2018\/01\/TIME_Estrella-300x300.png",300,300,true],"large":["https:\/\/meeplendice.net\/wp-content\/uploads\/2018\/01\/TIME_Estrella.png",350,350,false],"ug_big":["https:\/\/meeplendice.net\/wp-content\/uploads\/2018\/01\/TIME_Estrella.png",350,350,false],"1536x1536":["https:\/\/meeplendice.net\/wp-content\/uploads\/2018\/01\/TIME_Estrella.png",350,350,false],"2048x2048":["https:\/\/meeplendice.net\/wp-content\/uploads\/2018\/01\/TIME_Estrella.png",350,350,false],"ashe-slider-grid-thumbnail":["https:\/\/meeplendice.net\/wp-content\/uploads\/2018\/01\/TIME_Estrella.png",350,350,false],"ashe-full-thumbnail":["https:\/\/meeplendice.net\/wp-content\/uploads\/2018\/01\/TIME_Estrella.png",350,350,false],"ashe-grid-thumbnail":["https:\/\/meeplendice.net\/wp-content\/uploads\/2018\/01\/TIME_Estrella-350x330.png",350,330,true],"ashe-list-thumbnail":["https:\/\/meeplendice.net\/wp-content\/uploads\/2018\/01\/TIME_Estrella-300x300.png",300,300,true],"ashe-single-navigation":["https:\/\/meeplendice.net\/wp-content\/uploads\/2018\/01\/TIME_Estrella-75x75.png",75,75,true],"mailpoet_newsletter_max":["https:\/\/meeplendice.net\/wp-content\/uploads\/2018\/01\/TIME_Estrella.png",350,350,false],"rpwe-thumbnail":["https:\/\/meeplendice.net\/wp-content\/uploads\/2018\/01\/TIME_Estrella-45x45.png",45,45,true],"sow-carousel-default":["https:\/\/meeplendice.net\/wp-content\/uploads\/2018\/01\/TIME_Estrella-272x182.png",272,182,true],"rt_custom":["https:\/\/meeplendice.net\/wp-content\/uploads\/2018\/01\/TIME_Estrella.png",350,350,false]},"rttpg_author":{"display_name":"Karnby","author_link":"https:\/\/meeplendice.net\/?author=2"},"rttpg_comment":0,"rttpg_category":null,"rttpg_excerpt":"N.T 1982 : Les ann\u00e9es 80 commencent, mais certains fant\u00f4mes du pass\u00e9 ne trouvent pas le repos. D\u00e9couvrez les sombres secrets du show-business californien. A contribu\u00e9 \u00e0 l\u2019\u00e9laboration de ce sc\u00e9nario : Willy Dupont D\u00e9veloppement : Manuel Rozoy Illustrateurs : Cari &amp; Pascal Quidault.","_links":{"self":[{"href":"https:\/\/meeplendice.net\/index.php?rest_route=\/wp\/v2\/pages\/3890","targetHints":{"allow":["GET"]}}],"collection":[{"href":"https:\/\/meeplendice.net\/index.php?rest_route=\/wp\/v2\/pages"}],"about":[{"href":"https:\/\/meeplendice.net\/index.php?rest_route=\/wp\/v2\/types\/page"}],"author":[{"embeddable":true,"href":"https:\/\/meeplendice.net\/index.php?rest_route=\/wp\/v2\/users\/2"}],"replies":[{"embeddable":true,"href":"https:\/\/meeplendice.net\/index.php?rest_route=%2Fwp%2Fv2%2Fcomments&post=3890"}],"version-history":[{"count":4,"href":"https:\/\/meeplendice.net\/index.php?rest_route=\/wp\/v2\/pages\/3890\/revisions"}],"predecessor-version":[{"id":7565,"href":"https:\/\/meeplendice.net\/index.php?rest_route=\/wp\/v2\/pages\/3890\/revisions\/7565"}],"up":[{"embeddable":true,"href":"https:\/\/meeplendice.net\/index.php?rest_route=\/wp\/v2\/pages\/472"}],"wp:featuredmedia":[{"embeddable":true,"href":"https:\/\/meeplendice.net\/index.php?rest_route=\/wp\/v2\/media\/3882"}],"wp:attachment":[{"href":"https:\/\/meeplendice.net\/index.php?rest_route=%2Fwp%2Fv2%2Fmedia&parent=3890"}],"curies":[{"name":"wp","href":"https:\/\/api.w.org\/{rel}","templated":true}]}}