{"id":404,"date":"2016-08-30T20:44:28","date_gmt":"2016-08-30T19:44:28","guid":{"rendered":"http:\/\/meeplendice.net\/?page_id=404"},"modified":"2020-11-13T17:11:45","modified_gmt":"2020-11-13T16:11:45","slug":"rex-les-derniers-jours-dun-empire","status":"publish","type":"page","link":"https:\/\/meeplendice.net\/?page_id=404","title":{"rendered":"Rex, les derniers jours d&rsquo;un Empire"},"content":{"rendered":"<div id=\"pl-404\"  class=\"panel-layout\" ><div id=\"pg-404-0\"  class=\"panel-grid panel-no-style\" ><div id=\"pgc-404-0-0\"  class=\"panel-grid-cell\" ><div id=\"panel-404-0-0-0\" class=\"so-panel widget widget_sow-editor panel-first-child panel-last-child\" data-index=\"0\" ><div\n\t\t\t\n\t\t\tclass=\"so-widget-sow-editor so-widget-sow-editor-base\"\n\t\t\t\n\t\t>\n<div class=\"siteorigin-widget-tinymce textwidget\">\n\t<p style=\"text-align: center;\"><strong>Nombre de joueurs :<\/strong><br \/>\n3 - 6<\/p>\n<\/div>\n<\/div><\/div><\/div><div id=\"pgc-404-0-1\"  class=\"panel-grid-cell\" ><div id=\"panel-404-0-1-0\" class=\"so-panel widget widget_sow-editor panel-first-child panel-last-child\" data-index=\"1\" ><div\n\t\t\t\n\t\t\tclass=\"so-widget-sow-editor so-widget-sow-editor-base\"\n\t\t\t\n\t\t>\n<div class=\"siteorigin-widget-tinymce textwidget\">\n\t<p style=\"text-align: center;\"><strong>Dur\u00e9e moyenne :<\/strong><br \/>\n180 min<\/p>\n<\/div>\n<\/div><\/div><\/div><div id=\"pgc-404-0-2\"  class=\"panel-grid-cell\" ><div id=\"panel-404-0-2-0\" class=\"so-panel widget widget_sow-editor panel-first-child panel-last-child\" data-index=\"2\" ><div\n\t\t\t\n\t\t\tclass=\"so-widget-sow-editor so-widget-sow-editor-base\"\n\t\t\t\n\t\t>\n<div class=\"siteorigin-widget-tinymce textwidget\">\n\t<p style=\"text-align: center;\"><strong>Age :<\/strong><br \/>\n14 ans et plus<\/p>\n<\/div>\n<\/div><\/div><\/div><\/div><div id=\"pg-404-1\"  class=\"panel-grid panel-no-style\" ><div id=\"pgc-404-1-0\"  class=\"panel-grid-cell\" ><div id=\"panel-404-1-0-0\" class=\"so-panel widget widget_sow-editor panel-first-child panel-last-child\" data-index=\"3\" ><div\n\t\t\t\n\t\t\tclass=\"so-widget-sow-editor so-widget-sow-editor-base\"\n\t\t\t\n\t\t>\n<div class=\"siteorigin-widget-tinymce textwidget\">\n\t<p style=\"text-align: center;\"><strong>Auteur(s) :<br \/>\n<\/strong>Bill Eberle<br \/>\nJack Kittredge<br \/>\nPeter Olotka<br \/>\nCorey Konieczka<br \/>\nJohn Goodenough<\/p>\n<\/div>\n<\/div><\/div><\/div><div id=\"pgc-404-1-1\"  class=\"panel-grid-cell\" ><div id=\"panel-404-1-1-0\" class=\"so-panel widget widget_sow-editor panel-first-child panel-last-child\" data-index=\"4\" ><div\n\t\t\t\n\t\t\tclass=\"so-widget-sow-editor so-widget-sow-editor-base\"\n\t\t\t\n\t\t>\n<div class=\"siteorigin-widget-tinymce textwidget\">\n\t<p style=\"text-align: center;\"><strong>Illustrations :<\/strong><br \/>\nScott Schomburg,...<\/p>\n<\/div>\n<\/div><\/div><\/div><div id=\"pgc-404-1-2\"  class=\"panel-grid-cell\" ><div id=\"panel-404-1-2-0\" class=\"so-panel widget widget_sow-editor panel-first-child panel-last-child\" data-index=\"5\" ><div\n\t\t\t\n\t\t\tclass=\"so-widget-sow-editor so-widget-sow-editor-base\"\n\t\t\t\n\t\t>\n<div class=\"siteorigin-widget-tinymce textwidget\">\n\t<p style=\"text-align: center;\"><strong>\u00c9dition :<\/strong><br \/>\nFantasy Flight Games<br \/>\nEdge Entertaiment<br \/>\n2012<\/p>\n<\/div>\n<\/div><\/div><\/div><div id=\"pgc-404-1-3\"  class=\"panel-grid-cell\" ><div id=\"panel-404-1-3-0\" class=\"so-panel widget widget_sow-editor panel-first-child panel-last-child\" data-index=\"6\" ><div\n\t\t\t\n\t\t\tclass=\"so-widget-sow-editor so-widget-sow-editor-base\"\n\t\t\t\n\t\t>\n<div class=\"siteorigin-widget-tinymce textwidget\">\n\t<p style=\"text-align: center;\"><strong>Version :<\/strong><br \/>\nFran\u00e7aise<\/p>\n<\/div>\n<\/div><\/div><\/div><\/div><div id=\"pg-404-2\"  class=\"panel-grid panel-no-style\" ><div id=\"pgc-404-2-0\"  class=\"panel-grid-cell\" ><div id=\"panel-404-2-0-0\" class=\"so-panel widget widget_sow-editor panel-first-child panel-last-child\" data-index=\"7\" ><div\n\t\t\t\n\t\t\tclass=\"so-widget-sow-editor so-widget-sow-editor-base\"\n\t\t\t\n\t\t>\n<div class=\"siteorigin-widget-tinymce textwidget\">\n\t<hr \/>\n<p><em>Depuis des temps imm\u00e9moriaux, les Lazax gouvernaient la galaxie et ses nombreuses races. En raison de probl\u00e8mes \u00e9conomiques et d\u2019un m\u00e9contentement croissant, les fondations de l\u2019empire commenc\u00e8rent \u00e0 se fissurer. Telles des maladies mortelles les s\u00e9cessions et les discordes se propag\u00e8rent, annonciatrices des heures sombres qui allaient s\u2019ensuivre.<\/em><\/p>\n<p><em>Alors que les nuages de la col\u00e8re s\u2019amoncelaient, aveugl\u00e9s par leur gloire pass\u00e9e et rendus pr\u00e9somptueux par des mill\u00e9naires de supr\u00e9matie, les lazax ne virent pas que la situation devenait\u00a0 d\u00e9sesp\u00e9r\u00e9e.<\/em><\/p>\n<p><em>Puis, sans pr\u00e9venir, un coup terrible fut port\u00e9 au c\u0153ur m\u00eame de l\u2019empire. Une flotte Sol, \u00e9quip\u00e9e d\u2019une technologie Jol-Nar et soutenue par les tribus manchandes Hacan, lan\u00e7a une attaque surprise sur la plan\u00e8te accueillant le si\u00e8ge du pouvoir de l\u2019empereur Lazax\u00a0: Macatol Rex.<\/em><\/p>\n<p><em>En quelques heures, l\u2019empereur fut tu\u00e9 et son empire plong\u00e9 dans le chaos. Alors que la galaxie s\u2019enfon\u00e7ait dans la guerre civile, la lutte pour le pouvoir sur Mecatol Rex devient un condens\u00e9 des traitrises, des n\u00e9gociations d\u00e9sesp\u00e9r\u00e9es et de la destruction qui allait bient\u00f4t engloutir la galaxie.<\/em><\/p>\n<p>Rex, le jeu de plateau, revisite la lutte \u00e9pique pour Mecatol city apr\u00e8s la mort du dernier empereur Lazax. De 3 \u00e0 6 joueurs prennent la t\u00eate d\u2019une puissante race galactique dot\u00e9e de pouvoirs sp\u00e9ciaux et des positions de d\u00e9part uniques. Tout au long de la partie, les joueurs vont s\u2019efforcer de se montrer plus astucieux que leurs adversaires pour contr\u00f4ler les quartiers les plus importants de Mecatol City. Pour r\u00e9ussir, ils vont devoir n\u00e9gocier habilement et planifier leurs tactiques alors que des alliances fragiles seront cr\u00e9\u00e9es, des arm\u00e9es mobilis\u00e9es er des traitres d\u00e9masqu\u00e9s.<\/p>\n<p>Un empire a \u00e9t\u00e9 d\u00e9truit, un autre va naitre de ses cendres. Prendrez-vous le pouvoir, ou vous soumettrez-vous face \u00e0 la puissance des autres\u00a0?<\/p>\n<p>Que vous choisissiez la voie de la n\u00e9gociation ou celle de la guerre totale, le destin de Mecatol City, et peut \u00eatre m\u00eame celui de la galaxie toute enti\u00e8re, repose entre vos mains.<\/p>\n<p>Les m\u00e9canismes de Rex s\u2019inspirent du syst\u00e8me original du jeu Dune, publi\u00e9 en 1982 par la compagnie Avalon Hill et cr\u00e9\u00e9 par Bill Eberle, Jack Kittredge, et Peter Olotka (les auteurs du c\u00e9l\u00e8bre Rencontre Cosmique).<\/p>\n<\/div>\n<\/div><\/div><\/div><\/div><div id=\"pg-404-3\"  class=\"panel-grid panel-no-style\" ><div id=\"pgc-404-3-0\"  class=\"panel-grid-cell\" ><div id=\"panel-404-3-0-0\" class=\"so-panel widget widget_sow-editor panel-first-child panel-last-child\" data-index=\"8\" ><div\n\t\t\t\n\t\t\tclass=\"so-widget-sow-editor so-widget-sow-editor-base\"\n\t\t\t\n\t\t>\n<div class=\"siteorigin-widget-tinymce textwidget\">\n\t<hr \/>\n<p style=\"text-align: center;\"><strong>En vid\u00e9o<\/strong><\/p>\n<p style=\"text-align: left;\">De l'explication des r\u00e8gles &amp; de la partie :<\/p>\n<ul>\n<li style=\"text-align: left;\">Tric Trac<\/li>\n<\/ul>\n<p style=\"text-align: left;\"><a href=\"https:\/\/www.trictrac.net\/videos\/Rex_de_l_explipartie\" target=\"_blank\" rel=\"noopener noreferrer\"><img loading=\"lazy\" decoding=\"async\" class=\"alignnone wp-image-513 size-full\" src=\"http:\/\/meeplendice.net\/wp-content\/uploads\/2016\/08\/TT_explipartie_1.png\" alt=\"TT_explipartie_1\" width=\"200\" height=\"170\" \/><\/a><\/p>\n<\/div>\n<\/div><\/div><\/div><\/div><div id=\"pg-404-4\"  class=\"panel-grid panel-no-style\" ><div id=\"pgc-404-4-0\"  class=\"panel-grid-cell\" ><div id=\"panel-404-4-0-0\" class=\"so-panel widget widget_sow-editor panel-first-child panel-last-child\" data-index=\"9\" ><div\n\t\t\t\n\t\t\tclass=\"so-widget-sow-editor so-widget-sow-editor-base\"\n\t\t\t\n\t\t>\n<div class=\"siteorigin-widget-tinymce textwidget\">\n\t<hr \/>\n<p style=\"text-align: center;\"><strong>Pour aller plus loin<\/strong><\/p>\n<\/div>\n<\/div><\/div><\/div><\/div><\/div>","protected":false},"excerpt":{"rendered":"<p>Nombre de joueurs : 3 &#8211; 6 Dur\u00e9e moyenne : 180 min Age : 14 ans et plus Auteur(s) : Bill Eberle Jack Kittredge Peter Olotka Corey Konieczka John Goodenough Illustrations : Scott Schomburg,&#8230; \u00c9dition : Fantasy Flight Games Edge Entertaiment 2012 Version : Fran\u00e7aise<\/p>\n","protected":false},"author":2,"featured_media":999,"parent":0,"menu_order":0,"comment_status":"closed","ping_status":"closed","template":"","meta":{"footnotes":""},"class_list":["post-404","page","type-page","status-publish","has-post-thumbnail","hentry"],"acf":[],"rttpg_featured_image_url":{"full":["https:\/\/meeplendice.net\/wp-content\/uploads\/2016\/08\/Rex.png",350,350,false],"landscape":["https:\/\/meeplendice.net\/wp-content\/uploads\/2016\/08\/Rex.png",350,350,false],"portraits":["https:\/\/meeplendice.net\/wp-content\/uploads\/2016\/08\/Rex.png",350,350,false],"thumbnail":["https:\/\/meeplendice.net\/wp-content\/uploads\/2016\/08\/Rex-150x150.png",150,150,true],"medium":["https:\/\/meeplendice.net\/wp-content\/uploads\/2016\/08\/Rex-300x300.png",300,300,true],"large":["https:\/\/meeplendice.net\/wp-content\/uploads\/2016\/08\/Rex.png",350,350,false],"ug_big":["https:\/\/meeplendice.net\/wp-content\/uploads\/2016\/08\/Rex.png",350,350,false],"1536x1536":["https:\/\/meeplendice.net\/wp-content\/uploads\/2016\/08\/Rex.png",350,350,false],"2048x2048":["https:\/\/meeplendice.net\/wp-content\/uploads\/2016\/08\/Rex.png",350,350,false],"ashe-slider-grid-thumbnail":["https:\/\/meeplendice.net\/wp-content\/uploads\/2016\/08\/Rex.png",350,350,false],"ashe-full-thumbnail":["https:\/\/meeplendice.net\/wp-content\/uploads\/2016\/08\/Rex.png",350,350,false],"ashe-grid-thumbnail":["https:\/\/meeplendice.net\/wp-content\/uploads\/2016\/08\/Rex-350x330.png",350,330,true],"ashe-list-thumbnail":["https:\/\/meeplendice.net\/wp-content\/uploads\/2016\/08\/Rex-300x300.png",300,300,true],"ashe-single-navigation":["https:\/\/meeplendice.net\/wp-content\/uploads\/2016\/08\/Rex-75x75.png",75,75,true],"mailpoet_newsletter_max":["https:\/\/meeplendice.net\/wp-content\/uploads\/2016\/08\/Rex.png",350,350,false],"rpwe-thumbnail":["https:\/\/meeplendice.net\/wp-content\/uploads\/2016\/08\/Rex-45x45.png",45,45,true],"sow-carousel-default":["https:\/\/meeplendice.net\/wp-content\/uploads\/2016\/08\/Rex-272x182.png",272,182,true],"rt_custom":["https:\/\/meeplendice.net\/wp-content\/uploads\/2016\/08\/Rex.png",350,350,false]},"rttpg_author":{"display_name":"Karnby","author_link":"https:\/\/meeplendice.net\/?author=2"},"rttpg_comment":0,"rttpg_category":null,"rttpg_excerpt":"Nombre de joueurs : 3 - 6 Dur\u00e9e moyenne : 180 min Age : 14 ans et plus Auteur(s) : Bill Eberle Jack Kittredge Peter Olotka Corey Konieczka John Goodenough Illustrations : Scott Schomburg,... \u00c9dition : Fantasy Flight Games Edge Entertaiment 2012 Version : Fran\u00e7aise","_links":{"self":[{"href":"https:\/\/meeplendice.net\/index.php?rest_route=\/wp\/v2\/pages\/404","targetHints":{"allow":["GET"]}}],"collection":[{"href":"https:\/\/meeplendice.net\/index.php?rest_route=\/wp\/v2\/pages"}],"about":[{"href":"https:\/\/meeplendice.net\/index.php?rest_route=\/wp\/v2\/types\/page"}],"author":[{"embeddable":true,"href":"https:\/\/meeplendice.net\/index.php?rest_route=\/wp\/v2\/users\/2"}],"replies":[{"embeddable":true,"href":"https:\/\/meeplendice.net\/index.php?rest_route=%2Fwp%2Fv2%2Fcomments&post=404"}],"version-history":[{"count":11,"href":"https:\/\/meeplendice.net\/index.php?rest_route=\/wp\/v2\/pages\/404\/revisions"}],"predecessor-version":[{"id":7361,"href":"https:\/\/meeplendice.net\/index.php?rest_route=\/wp\/v2\/pages\/404\/revisions\/7361"}],"wp:featuredmedia":[{"embeddable":true,"href":"https:\/\/meeplendice.net\/index.php?rest_route=\/wp\/v2\/media\/999"}],"wp:attachment":[{"href":"https:\/\/meeplendice.net\/index.php?rest_route=%2Fwp%2Fv2%2Fmedia&parent=404"}],"curies":[{"name":"wp","href":"https:\/\/api.w.org\/{rel}","templated":true}]}}