{"id":4060,"date":"2018-02-16T09:43:48","date_gmt":"2018-02-16T08:43:48","guid":{"rendered":"http:\/\/meeplendice.net\/?page_id=4060"},"modified":"2020-11-22T15:37:07","modified_gmt":"2020-11-22T14:37:07","slug":"santo-tomas-de-aquino","status":"publish","type":"page","link":"https:\/\/meeplendice.net\/?page_id=4060","title":{"rendered":"Santo Tom\u00e2s de Aquino"},"content":{"rendered":"<p><span id=\"result_box\" class=\"\" lang=\"fr\"><span class=\"\">N.T 1685 : Embarquez d&rsquo;urgence avec l&rsquo;agence T.I.M.E !Votre destination ? 1685, en mer des Cara\u00efbes. Votre mission : lib\u00e9rer les r\u00e9ceptacles du sc\u00e9nario \u00ab\u00a0Fr\u00e8res de la C\u00f4te\u00a0\u00bb<br \/>\n<\/span><\/span><\/p>\n<p><span id=\"result_box\" class=\"\" lang=\"fr\"><span class=\"\"><br \/>\nD\u00e9veloppement : Ulric Maes<br \/>\nIllustrateurs : Alexis Sentenac &amp; Pascal Quidault<\/span><\/span><\/p>\n","protected":false},"excerpt":{"rendered":"<p>N.T 1685 : Embarquez d&rsquo;urgence avec l&rsquo;agence T.I.M.E !Votre destination ? 1685, en mer des Cara\u00efbes. Votre mission : lib\u00e9rer les r\u00e9ceptacles du sc\u00e9nario \u00ab\u00a0Fr\u00e8res de la C\u00f4te\u00a0\u00bb D\u00e9veloppement : Ulric Maes Illustrateurs : Alexis Sentenac &amp; Pascal Quidault<\/p>\n","protected":false},"author":2,"featured_media":4096,"parent":472,"menu_order":0,"comment_status":"closed","ping_status":"closed","template":"","meta":{"footnotes":""},"class_list":["post-4060","page","type-page","status-publish","has-post-thumbnail","hentry"],"acf":[],"rttpg_featured_image_url":{"full":["https:\/\/meeplendice.net\/wp-content\/uploads\/2018\/03\/TIME_Santo.png",350,350,false],"landscape":["https:\/\/meeplendice.net\/wp-content\/uploads\/2018\/03\/TIME_Santo.png",350,350,false],"portraits":["https:\/\/meeplendice.net\/wp-content\/uploads\/2018\/03\/TIME_Santo.png",350,350,false],"thumbnail":["https:\/\/meeplendice.net\/wp-content\/uploads\/2018\/03\/TIME_Santo-150x150.png",150,150,true],"medium":["https:\/\/meeplendice.net\/wp-content\/uploads\/2018\/03\/TIME_Santo-300x300.png",300,300,true],"large":["https:\/\/meeplendice.net\/wp-content\/uploads\/2018\/03\/TIME_Santo.png",350,350,false],"ug_big":["https:\/\/meeplendice.net\/wp-content\/uploads\/2018\/03\/TIME_Santo.png",350,350,false],"1536x1536":["https:\/\/meeplendice.net\/wp-content\/uploads\/2018\/03\/TIME_Santo.png",350,350,false],"2048x2048":["https:\/\/meeplendice.net\/wp-content\/uploads\/2018\/03\/TIME_Santo.png",350,350,false],"ashe-slider-grid-thumbnail":["https:\/\/meeplendice.net\/wp-content\/uploads\/2018\/03\/TIME_Santo.png",350,350,false],"ashe-full-thumbnail":["https:\/\/meeplendice.net\/wp-content\/uploads\/2018\/03\/TIME_Santo.png",350,350,false],"ashe-grid-thumbnail":["https:\/\/meeplendice.net\/wp-content\/uploads\/2018\/03\/TIME_Santo-350x330.png",350,330,true],"ashe-list-thumbnail":["https:\/\/meeplendice.net\/wp-content\/uploads\/2018\/03\/TIME_Santo-300x300.png",300,300,true],"ashe-single-navigation":["https:\/\/meeplendice.net\/wp-content\/uploads\/2018\/03\/TIME_Santo-75x75.png",75,75,true],"mailpoet_newsletter_max":["https:\/\/meeplendice.net\/wp-content\/uploads\/2018\/03\/TIME_Santo.png",350,350,false],"rpwe-thumbnail":["https:\/\/meeplendice.net\/wp-content\/uploads\/2018\/03\/TIME_Santo-45x45.png",45,45,true],"sow-carousel-default":["https:\/\/meeplendice.net\/wp-content\/uploads\/2018\/03\/TIME_Santo-272x182.png",272,182,true],"rt_custom":["https:\/\/meeplendice.net\/wp-content\/uploads\/2018\/03\/TIME_Santo.png",350,350,false]},"rttpg_author":{"display_name":"Karnby","author_link":"https:\/\/meeplendice.net\/?author=2"},"rttpg_comment":0,"rttpg_category":null,"rttpg_excerpt":"N.T 1685 : Embarquez d&rsquo;urgence avec l&rsquo;agence T.I.M.E !Votre destination ? 1685, en mer des Cara\u00efbes. Votre mission : lib\u00e9rer les r\u00e9ceptacles du sc\u00e9nario \u00ab\u00a0Fr\u00e8res de la C\u00f4te\u00a0\u00bb D\u00e9veloppement : Ulric Maes Illustrateurs : Alexis Sentenac &amp; Pascal Quidault","_links":{"self":[{"href":"https:\/\/meeplendice.net\/index.php?rest_route=\/wp\/v2\/pages\/4060","targetHints":{"allow":["GET"]}}],"collection":[{"href":"https:\/\/meeplendice.net\/index.php?rest_route=\/wp\/v2\/pages"}],"about":[{"href":"https:\/\/meeplendice.net\/index.php?rest_route=\/wp\/v2\/types\/page"}],"author":[{"embeddable":true,"href":"https:\/\/meeplendice.net\/index.php?rest_route=\/wp\/v2\/users\/2"}],"replies":[{"embeddable":true,"href":"https:\/\/meeplendice.net\/index.php?rest_route=%2Fwp%2Fv2%2Fcomments&post=4060"}],"version-history":[{"count":5,"href":"https:\/\/meeplendice.net\/index.php?rest_route=\/wp\/v2\/pages\/4060\/revisions"}],"predecessor-version":[{"id":7566,"href":"https:\/\/meeplendice.net\/index.php?rest_route=\/wp\/v2\/pages\/4060\/revisions\/7566"}],"up":[{"embeddable":true,"href":"https:\/\/meeplendice.net\/index.php?rest_route=\/wp\/v2\/pages\/472"}],"wp:featuredmedia":[{"embeddable":true,"href":"https:\/\/meeplendice.net\/index.php?rest_route=\/wp\/v2\/media\/4096"}],"wp:attachment":[{"href":"https:\/\/meeplendice.net\/index.php?rest_route=%2Fwp%2Fv2%2Fmedia&parent=4060"}],"curies":[{"name":"wp","href":"https:\/\/api.w.org\/{rel}","templated":true}]}}