{"id":4191,"date":"2018-05-06T15:09:17","date_gmt":"2018-05-06T14:09:17","guid":{"rendered":"http:\/\/meeplendice.net\/?page_id=4191"},"modified":"2021-12-03T15:02:53","modified_gmt":"2021-12-03T14:02:53","slug":"imaginarium-2","status":"publish","type":"page","link":"https:\/\/meeplendice.net\/?page_id=4191","title":{"rendered":"Imaginarium"},"content":{"rendered":"<div id=\"pl-4191\"  class=\"panel-layout\" ><div id=\"pg-4191-0\"  class=\"panel-grid panel-no-style\" ><div id=\"pgc-4191-0-0\"  class=\"panel-grid-cell\" ><div id=\"panel-4191-0-0-0\" class=\"so-panel widget widget_sow-editor panel-first-child panel-last-child\" data-index=\"0\" ><div\n\t\t\t\n\t\t\tclass=\"so-widget-sow-editor so-widget-sow-editor-base\"\n\t\t\t\n\t\t>\n<div class=\"siteorigin-widget-tinymce textwidget\">\n\t<p style=\"text-align: center;\"><strong>Nombre de joueurs :<\/strong><br \/>\n2 - 5 (6 avec extension)<\/p>\n<\/div>\n<\/div><\/div><\/div><div id=\"pgc-4191-0-1\"  class=\"panel-grid-cell\" ><div id=\"panel-4191-0-1-0\" class=\"so-panel widget widget_sow-editor panel-first-child panel-last-child\" data-index=\"1\" ><div\n\t\t\t\n\t\t\tclass=\"so-widget-sow-editor so-widget-sow-editor-base\"\n\t\t\t\n\t\t>\n<div class=\"siteorigin-widget-tinymce textwidget\">\n\t<p style=\"text-align: center;\"><strong>Dur\u00e9e moyenne :<\/strong><br \/>\n90 min<\/p>\n<\/div>\n<\/div><\/div><\/div><div id=\"pgc-4191-0-2\"  class=\"panel-grid-cell\" ><div id=\"panel-4191-0-2-0\" class=\"so-panel widget widget_sow-editor panel-first-child panel-last-child\" data-index=\"2\" ><div\n\t\t\t\n\t\t\tclass=\"so-widget-sow-editor so-widget-sow-editor-base\"\n\t\t\t\n\t\t>\n<div class=\"siteorigin-widget-tinymce textwidget\">\n\t<p style=\"text-align: center;\"><strong>Age :<\/strong><br \/>\n14 ans et plus<\/p>\n<\/div>\n<\/div><\/div><\/div><\/div><div id=\"pg-4191-1\"  class=\"panel-grid panel-no-style\" ><div id=\"pgc-4191-1-0\"  class=\"panel-grid-cell\" ><div id=\"panel-4191-1-0-0\" class=\"so-panel widget widget_sow-editor panel-first-child panel-last-child\" data-index=\"3\" ><div\n\t\t\t\n\t\t\tclass=\"so-widget-sow-editor so-widget-sow-editor-base\"\n\t\t\t\n\t\t>\n<div class=\"siteorigin-widget-tinymce textwidget\">\n\t<p style=\"text-align: center;\"><strong>Auteur(s) :<br \/>\n<\/strong>Bruno Cathala<br \/>\nFlorian Sirieix<\/p>\n<\/div>\n<\/div><\/div><\/div><div id=\"pgc-4191-1-1\"  class=\"panel-grid-cell\" ><div id=\"panel-4191-1-1-0\" class=\"so-panel widget widget_sow-editor panel-first-child panel-last-child\" data-index=\"4\" ><div\n\t\t\t\n\t\t\tclass=\"so-widget-sow-editor so-widget-sow-editor-base\"\n\t\t\t\n\t\t>\n<div class=\"siteorigin-widget-tinymce textwidget\">\n\t<p style=\"text-align: center;\"><strong>Illustrations :<\/strong><br \/>\nFelideus Bubastis<\/p>\n<\/div>\n<\/div><\/div><\/div><div id=\"pgc-4191-1-2\"  class=\"panel-grid-cell\" ><div id=\"panel-4191-1-2-0\" class=\"so-panel widget widget_sow-editor panel-first-child panel-last-child\" data-index=\"5\" ><div\n\t\t\t\n\t\t\tclass=\"so-widget-sow-editor so-widget-sow-editor-base\"\n\t\t\t\n\t\t>\n<div class=\"siteorigin-widget-tinymce textwidget\">\n\t<p style=\"text-align: center;\"><strong>\u00c9dition :<\/strong><br \/>\nBombyx<br \/>\n2019<\/p>\n<\/div>\n<\/div><\/div><\/div><div id=\"pgc-4191-1-3\"  class=\"panel-grid-cell\" ><div id=\"panel-4191-1-3-0\" class=\"so-panel widget widget_sow-editor panel-first-child panel-last-child\" data-index=\"6\" ><div\n\t\t\t\n\t\t\tclass=\"so-widget-sow-editor so-widget-sow-editor-base\"\n\t\t\t\n\t\t>\n<div class=\"siteorigin-widget-tinymce textwidget\">\n\t<p style=\"text-align: center;\"><strong>Version :<\/strong><br \/>\nFran\u00e7aise<\/p>\n<\/div>\n<\/div><\/div><\/div><\/div><div id=\"pg-4191-2\"  class=\"panel-grid panel-no-style\" ><div id=\"pgc-4191-2-0\"  class=\"panel-grid-cell\" ><div id=\"panel-4191-2-0-0\" class=\"so-panel widget widget_sow-editor panel-first-child panel-last-child\" data-index=\"7\" ><div\n\t\t\t\n\t\t\tclass=\"so-widget-sow-editor so-widget-sow-editor-base\"\n\t\t\t\n\t\t>\n<div class=\"siteorigin-widget-tinymce textwidget\">\n\t<hr \/>\n<p>\"Une nouvelle journ\u00e9e commence \u00e0 la manufacture des r\u00eaves ! Aujourd'hui, l'objectif de production est de : 200 songes fabuleux.\"<\/p>\n<p>Bienvenue pour votre premier jour de travail \u00e0 la manufacture des r\u00eaves ! Voici les fameuses machines ! Vous pourrez les r\u00e9parer, les combiner ou les d\u00e9monter. Elles produiront les ressources et le charbonium n\u00e9cessaires \u00e0 la r\u00e9paration d'autres machines, encore plus puissantes. Je suis s\u00fbr que vous saurez rapidement utiliser au mieux vos ressources et la place disponible dans votre atelier pour mener \u00e0 bien les projets du bureau d'\u00e9tudes. Un d\u00e9fi pour un petit bricoleur comme vous.<\/p>\n<p>Mais n'oubliez pas, vous pourriez \u00eatre le premier bricoleur \u00e0 entrer dans l'ordre des Grands machinistes ! Au travail !<\/p>\n<\/div>\n<\/div><\/div><\/div><\/div><div id=\"pg-4191-3\"  class=\"panel-grid panel-no-style\" ><div id=\"pgc-4191-3-0\"  class=\"panel-grid-cell\" ><div id=\"panel-4191-3-0-0\" class=\"so-panel widget widget_sow-editor panel-first-child panel-last-child\" data-index=\"8\" ><div\n\t\t\t\n\t\t\tclass=\"so-widget-sow-editor so-widget-sow-editor-base\"\n\t\t\t\n\t\t>\n<div class=\"siteorigin-widget-tinymce textwidget\">\n\t<hr \/>\n<p style=\"text-align: center;\"><strong>En vid\u00e9o<\/strong><\/p>\n<p>De l'explication des r\u00e8gles :<\/p>\n<ul>\n<li>Tric Trac<\/li>\n<\/ul>\n<p><a href=\"https:\/\/www.trictrac.net\/actus\/imaginarium-de-lexplication\" target=\"_blank\" rel=\"noopener noreferrer\"><img loading=\"lazy\" decoding=\"async\" class=\"alignnone size-full wp-image-107\" src=\"http:\/\/meeplendice.net\/wp-content\/uploads\/2016\/08\/TT_explication.png\" alt=\"TT_explication\" width=\"200\" height=\"170\" \/><\/a><\/p>\n<p>De la partie :<\/p>\n<ul>\n<li>Tric Trac<\/li>\n<\/ul>\n<p><a href=\"https:\/\/www.trictrac.net\/actus\/imaginarium-de-la-partie\" target=\"_blank\" rel=\"noopener noreferrer\"><img loading=\"lazy\" decoding=\"async\" class=\"alignnone size-full wp-image-117\" src=\"http:\/\/meeplendice.net\/wp-content\/uploads\/2016\/08\/TT_partie_1.png\" alt=\"TT_partie_1\" width=\"200\" height=\"170\" \/><\/a><\/p>\n<\/div>\n<\/div><\/div><\/div><div id=\"pgc-4191-3-1\"  class=\"panel-grid-cell\" ><div id=\"panel-4191-3-1-0\" class=\"so-panel widget widget_sow-editor panel-first-child panel-last-child\" data-index=\"9\" ><div\n\t\t\t\n\t\t\tclass=\"so-widget-sow-editor so-widget-sow-editor-base\"\n\t\t\t\n\t\t>\n<div class=\"siteorigin-widget-tinymce textwidget\">\n\t<hr \/>\n<p style=\"text-align: center;\"><strong>Extension(s)<\/strong><\/p>\n<style type='text\/css' media='all'>#rt-tpg-container-1532205104 .read-more a{border-radius:px;}#rt-tpg-container-1532205104 .rt-img-holder img.rt-img-responsive,#rt-tpg-container-1532205104 .rt-img-holder,\n\t\t\t\t\t#rt-tpg-container-1532205104 .rt-post-overlay .post-img,\n\t\t\t\t\t#rt-tpg-container-1532205104 .post-sm .post-img,\n\t\t\t\t\t#rt-tpg-container-1532205104 .rt-post-grid .post-img,\n\t\t\t\t\t#rt-tpg-container-1532205104 .post-img img {border-radius:px;}#rt-tpg-container-1532205104 .layout9 .rt-holder h2.entry-title,\n\t\t\t\t\t#rt-tpg-container-1532205104 .layout9 .rt-holder h3.entry-title,\n\t\t\t\t\t#rt-tpg-container-1532205104 .layout9 .rt-holder h4.entry-title,\n\t\t\t\t\t#rt-tpg-container-1532205104 .layout9 .rt-holder h2.entry-title a,\n\t\t\t\t\t#rt-tpg-container-1532205104 .layout9 .rt-holder h3.entry-title a,\n\t\t\t\t\t#rt-tpg-container-1532205104 .layout9 .rt-holder h4.entry-title a,\n\t\t\t\t\t#rt-tpg-container-1532205104 .rt-holder .rt-woo-info h2 a,\n\t\t\t\t\t#rt-tpg-container-1532205104 .rt-holder .rt-woo-info h3 a,\n\t\t\t\t\t#rt-tpg-container-1532205104 .rt-holder .rt-woo-info h4 a,\n\t\t\t\t\t#rt-tpg-container-1532205104 .post-content .post-title,\n\t\t\t\t\t#rt-tpg-container-1532205104 .rt-post-grid .post-title,\n\t\t\t\t\t#rt-tpg-container-1532205104 .rt-post-grid .post-title a,\n\t\t\t\t\t#rt-tpg-container-1532205104 .post-content .post-title a,\n\t\t\t\t\t#rt-tpg-container-1532205104 .rt-holder .rt-woo-info h2,\n\t\t\t\t\t#rt-tpg-container-1532205104 .rt-holder .rt-woo-info h3,\n\t\t\t\t\t#rt-tpg-container-1532205104 .rt-holder .rt-woo-info h4{font-size:16px;line-height:26px;font-weight:normal;text-align:center;}#rt-tpg-container-1532205104 .post-grid-lg-style-1 .post-title,\n\t\t\t\t\t\t#rt-tpg-container-1532205104 .post-grid-lg-style-1 .post-title a,\n\t\t\t\t\t\t#rt-tpg-container-1532205104 .big-layout .post-title,\n\t\t\t\t\t\t#rt-tpg-container-1532205104 .big-layout .post-title a,\n\t\t\t\t\t\t#rt-tpg-container-1532205104 .post-grid-lg-style-1 .post-title,\n\t\t\t\t\t\t#rt-tpg-container-1532205104 .post-grid-lg-style-1 .post-title a {font-size:24px;line-height:34px;}<\/style><div class='rt-container-fluid rt-tpg-container tpg-shortcode-main-wrapper ' id='rt-tpg-container-1532205104'   data-layout='layout9' data-grid-style='even' data-desktop-col='3'  data-tab-col='2'  data-mobile-col='1' data-sc-id='7885'><div data-title='Loading ...' class='rt-row rt-content-loader   layout9 tpg-even '><div class=\"rt-col-md-4 rt-col-sm-6 rt-col-xs-12 even-grid-item rt-grid-item img_zoom_in\" data-id=\"7887\"><div class=\"rt-holder\"><div class='overlay'><a data-id='7887' class=' tpg-single-popup' href='https:\/\/meeplendice.net\/?page_id=7887'><img loading=\"lazy\" decoding=\"async\" width=\"350\" height=\"350\" src=\"https:\/\/meeplendice.net\/wp-content\/uploads\/2020\/12\/Imaginarium_chimera.png\" class=\"rt-img-responsive \" alt=\"\" \/><\/a><\/div><div class='post-info'><h2 class=\"entry-title\"><a data-id=\"7887\" class=\" tpg-single-popup\" href=\"https:\/\/meeplendice.net\/?page_id=7887\">Chimera<\/a><\/h2><div class='post-meta-user '><\/div><\/div><\/div><\/div><\/div><div class='rt-pagination-wrap' data-total-pages='1' data-posts-per-page='3' data-type='pagination_ajax'  ><div class='rt-page-numbers'><\/div><\/div><\/div>\n<\/div>\n<\/div><\/div><\/div><\/div><div id=\"pg-4191-4\"  class=\"panel-grid panel-no-style\" ><div id=\"pgc-4191-4-0\"  class=\"panel-grid-cell\" ><div id=\"panel-4191-4-0-0\" class=\"so-panel widget widget_sow-editor panel-first-child panel-last-child\" data-index=\"10\" ><div\n\t\t\t\n\t\t\tclass=\"so-widget-sow-editor so-widget-sow-editor-base\"\n\t\t\t\n\t\t>\n<div class=\"siteorigin-widget-tinymce textwidget\">\n\t<hr \/>\n<p style=\"text-align: center;\"><strong>Pour aller plus loin<\/strong><\/p>\n<\/div>\n<\/div><\/div><\/div><\/div><\/div>","protected":false},"excerpt":{"rendered":"<p>Nombre de joueurs : 2 &#8211; 5 (6 avec extension) Dur\u00e9e moyenne : 90 min Age : 14 ans et plus Auteur(s) : Bruno Cathala Florian Sirieix Illustrations : Felideus Bubastis \u00c9dition : Bombyx 2019 Version : Fran\u00e7aise<\/p>\n","protected":false},"author":2,"featured_media":4176,"parent":0,"menu_order":0,"comment_status":"closed","ping_status":"closed","template":"","meta":{"footnotes":""},"class_list":["post-4191","page","type-page","status-publish","has-post-thumbnail","hentry"],"acf":[],"rttpg_featured_image_url":{"full":["https:\/\/meeplendice.net\/wp-content\/uploads\/2018\/05\/Imaginarium.png",350,350,false],"landscape":["https:\/\/meeplendice.net\/wp-content\/uploads\/2018\/05\/Imaginarium.png",350,350,false],"portraits":["https:\/\/meeplendice.net\/wp-content\/uploads\/2018\/05\/Imaginarium.png",350,350,false],"thumbnail":["https:\/\/meeplendice.net\/wp-content\/uploads\/2018\/05\/Imaginarium-150x150.png",150,150,true],"medium":["https:\/\/meeplendice.net\/wp-content\/uploads\/2018\/05\/Imaginarium-300x300.png",300,300,true],"large":["https:\/\/meeplendice.net\/wp-content\/uploads\/2018\/05\/Imaginarium.png",350,350,false],"ug_big":["https:\/\/meeplendice.net\/wp-content\/uploads\/2018\/05\/Imaginarium.png",350,350,false],"1536x1536":["https:\/\/meeplendice.net\/wp-content\/uploads\/2018\/05\/Imaginarium.png",350,350,false],"2048x2048":["https:\/\/meeplendice.net\/wp-content\/uploads\/2018\/05\/Imaginarium.png",350,350,false],"ashe-slider-grid-thumbnail":["https:\/\/meeplendice.net\/wp-content\/uploads\/2018\/05\/Imaginarium.png",350,350,false],"ashe-full-thumbnail":["https:\/\/meeplendice.net\/wp-content\/uploads\/2018\/05\/Imaginarium.png",350,350,false],"ashe-grid-thumbnail":["https:\/\/meeplendice.net\/wp-content\/uploads\/2018\/05\/Imaginarium-350x330.png",350,330,true],"ashe-list-thumbnail":["https:\/\/meeplendice.net\/wp-content\/uploads\/2018\/05\/Imaginarium-300x300.png",300,300,true],"ashe-single-navigation":["https:\/\/meeplendice.net\/wp-content\/uploads\/2018\/05\/Imaginarium-75x75.png",75,75,true],"mailpoet_newsletter_max":["https:\/\/meeplendice.net\/wp-content\/uploads\/2018\/05\/Imaginarium.png",350,350,false],"rpwe-thumbnail":["https:\/\/meeplendice.net\/wp-content\/uploads\/2018\/05\/Imaginarium-45x45.png",45,45,true],"sow-carousel-default":["https:\/\/meeplendice.net\/wp-content\/uploads\/2018\/05\/Imaginarium-272x182.png",272,182,true],"rt_custom":["https:\/\/meeplendice.net\/wp-content\/uploads\/2018\/05\/Imaginarium.png",350,350,false]},"rttpg_author":{"display_name":"Karnby","author_link":"https:\/\/meeplendice.net\/?author=2"},"rttpg_comment":0,"rttpg_category":null,"rttpg_excerpt":"Nombre de joueurs : 2 - 5 (6 avec extension) Dur\u00e9e moyenne : 90 min Age : 14 ans et plus Auteur(s) : Bruno Cathala Florian Sirieix Illustrations : Felideus Bubastis \u00c9dition : Bombyx 2019 Version : Fran\u00e7aise","_links":{"self":[{"href":"https:\/\/meeplendice.net\/index.php?rest_route=\/wp\/v2\/pages\/4191","targetHints":{"allow":["GET"]}}],"collection":[{"href":"https:\/\/meeplendice.net\/index.php?rest_route=\/wp\/v2\/pages"}],"about":[{"href":"https:\/\/meeplendice.net\/index.php?rest_route=\/wp\/v2\/types\/page"}],"author":[{"embeddable":true,"href":"https:\/\/meeplendice.net\/index.php?rest_route=\/wp\/v2\/users\/2"}],"replies":[{"embeddable":true,"href":"https:\/\/meeplendice.net\/index.php?rest_route=%2Fwp%2Fv2%2Fcomments&post=4191"}],"version-history":[{"count":10,"href":"https:\/\/meeplendice.net\/index.php?rest_route=\/wp\/v2\/pages\/4191\/revisions"}],"predecessor-version":[{"id":8869,"href":"https:\/\/meeplendice.net\/index.php?rest_route=\/wp\/v2\/pages\/4191\/revisions\/8869"}],"wp:featuredmedia":[{"embeddable":true,"href":"https:\/\/meeplendice.net\/index.php?rest_route=\/wp\/v2\/media\/4176"}],"wp:attachment":[{"href":"https:\/\/meeplendice.net\/index.php?rest_route=%2Fwp%2Fv2%2Fmedia&parent=4191"}],"curies":[{"name":"wp","href":"https:\/\/api.w.org\/{rel}","templated":true}]}}